-- Table structure for table `product_categories`
--

CREATE TABLE `product_categories` (
  `id` bigint UNSIGNED NOT NULL,
  `title` varchar(191) CHARACTER SET utf8mb4 COLLATE utf8mb4_unicode_ci NOT NULL,
  `slug` varchar(191) CHARACTER SET utf8mb4 COLLATE utf8mb4_unicode_ci NOT NULL,
  `description` text CHARACTER SET utf8mb4 COLLATE utf8mb4_unicode_ci,
  `image` varchar(191) CHARACTER SET utf8mb4 COLLATE utf8mb4_unicode_ci DEFAULT NULL,
  `sort_order` int NOT NULL DEFAULT '0',
  `status` tinyint(1) NOT NULL DEFAULT '1',
  `meta_title` varchar(191) CHARACTER SET utf8mb4 COLLATE utf8mb4_unicode_ci DEFAULT NULL,
  `meta_keywords` text CHARACTER SET utf8mb4 COLLATE utf8mb4_unicode_ci,
  `meta_description` longtext CHARACTER SET utf8mb4 COLLATE utf8mb4_unicode_ci,
  `other_meta_tags` text CHARACTER SET utf8mb4 COLLATE utf8mb4_unicode_ci,
  `created_at` timestamp NULL DEFAULT NULL,
  `updated_at` timestamp NULL DEFAULT NULL,
  `deleted_at` timestamp NULL DEFAULT NULL
) ENGINE=MyISAM DEFAULT CHARSET=utf8mb4 COLLATE=utf8mb4_unicode_ci;

--
-- Dumping data for table `product_categories`
--

INSERT INTO `product_categories` (`id`, `title`, `slug`, `description`, `image`, `sort_order`, `status`, `meta_title`, `meta_keywords`, `meta_description`, `other_meta_tags`, `created_at`, `updated_at`, `deleted_at`) VALUES
(1, 'Office Chairs', 'office-chairs', '<p><span data-sheets-root=\"1\">Ergonomic office chairs designed for comfort, support and productivity in modern workplaces and home offices. Shop at Wipro Seating Solutions.</span></p>', 'uploads/product-category/fccf1faa-d493-408e-a19c-ef85b89b7b31.png', 1, 1, 'Office Chairs - Ergonomic & Adjustable Seating | Wipro Seating Solutions', NULL, 'Ergonomic office chairs designed for comfort, support and productivity in modern workplaces and home offices. Shop at Wipro Seating Solutions.', NULL, '2024-09-03 00:26:53', '2026-02-04 02:34:29', NULL),
(2, 'Cafeteria & Multipurpose Chairs', 'cafeteria-multipurpose-chairs', '<p><span data-sheets-root=\"1\">Browse durable, versatile cafeteria and multipurpose chairs ideal for dining areas, and break rooms available at Wipro Seating Solutions.</span></p>', 'uploads/product-category/13ef06f5-8ee5-4d5e-84db-ae3107e00c84.png', 2, 1, 'Cafeteria & Multipurpose Chairs - Stylish & Durable | Wipro Seating Solutions', NULL, 'Browse durable, versatile cafeteria and multipurpose chairs ideal for dining areas, and break rooms available at Wipro Seating Solutions.', NULL, '2024-09-16 23:44:53', '2026-02-04 02:35:40', NULL),
(3, 'Public Seating Solutions', 'public-seating-solutions', NULL, 'uploads/product-category/63788196-75e8-4002-a4f1-88541d02d891.png', 3, 1, 'Public Seating Solutions - Comfortable & Robust Benches | Wipro Seating Solutions', NULL, 'Explore full collection of strong and low-maintenance public seating solutions made for high-traffic waiting areas, lobbies and public venues.', NULL, '2024-09-16 23:49:45', '2026-02-04 02:36:31', NULL),
(4, 'Collab & Lounge Seating', 'collab-lounge-seating', NULL, 'uploads/product-category/388e9365-f435-4804-9976-9fcc1c3d6abe.png', 4, 1, 'Collab Rooms & Lounge Seating - Sofas & Chairs | Wipro Seating Solutions', NULL, 'Wipro Seating Solutions offers chairs and sofas for comfort and flexibility for lounges, coworking zones and collaborative spaces.', NULL, '2024-09-17 00:02:40', '2026-02-05 03:24:23', NULL),
(5, 'Gaming Chairs', 'gaming-chairs', NULL, 'uploads/product-category/abef9b3e-d6a7-4bed-ab67-5438a08d3f45.png', 5, 1, 'Gaming Chairs - Ergonomic, Supportive & Stylish | Wipro Seating Solutions', NULL, 'Comfortable, ergonomic and stylish gaming chairs designed for long gaming sessions and high-performance setups. Shop Now.', NULL, '2024-09-17 00:25:54', '2026-02-04 02:39:16', NULL),
(6, 'Acoustic Seating & Acoustic Solutions', 'acoustic-seating-acoustic-solutions', '<p><span data-sheets-root=\"1\">Acoustic pods and collab booths that enhance sound control and comfort in open offices and collaborative spaces, available at Wipro Seating.</span></p>', 'uploads/product-category/6a270ee2-4f5a-4b98-bebb-7b937263db49.png', 6, 1, 'Acoustic Products - Soundproof Panels, Booths & Pods | Wipro Seating Solutions', NULL, 'Acoustic pods and collab booths that enhance sound control and comfort in open offices and collaborative spaces, available at Wipro Seating.', NULL, '2024-09-24 00:01:10', '2026-02-04 02:39:48', NULL),
(7, 'Auditorium & Auditorium Chairs', 'auditorium-auditorium-chairs', NULL, 'uploads/product-category/fce428dd-cfb8-44f7-ac0c-00697c9bfca5.png', 7, 1, 'Auditorium Chairs - Comfortable, Durable & Modern | Wipro Seating Solutions', NULL, 'Discover durable and comfortable auditorium chairs designed for theaters, lecture halls and large seating environments on Wipro Seating Solutions.', NULL, '2024-09-24 01:44:22', '2026-02-04 02:40:27', NULL),
(8, 'Premium Executive Chairs', 'premium-executive-chairs', NULL, 'uploads/product-category/50d32f52-770e-4858-91bf-5ab488427b8b.png', 8, 1, 'Premium Executive Chairs - Luxury Comfort & Style | Wipro Seating Solutions', NULL, 'Wipro offers premium executive chairs blending luxury, ergonomics and style for managers, leaders and boardrooms. Shop Now.', NULL, '2024-09-24 03:43:51', '2026-02-04 02:40:59', NULL),
(9, 'Worklite Lounge & Collaborative Seating', 'worklite-lounge-collaborative-seating', '<p>Elevate your collaborative spaces with the Wipro Worklite Seating Collection. Designed for the modern hybrid office, the Worklite range combines sleek, minimalist aesthetics with superior ergonomic support. Whether for quick huddle sessions or extended breakout meetings, these chairs provide the comfort needed to keep teams engaged. Featuring high-quality upholstery and a durable frame, Worklite is the perfect blend of style and functionality for any contemporary lounge or task zone.</p>', 'uploads/product-category/98337d90-c334-4262-b9f5-7c67e87f6c0e.png', 0, 1, 'Collab Rooms & Lounge Seating - Sofas & Chairs | Wipro Seating Solutions', NULL, 'Wipro Seating Solutions offers chairs and sofas for comfort and flexibility for lounges, coworking zones and collaborative spaces.', NULL, '2024-10-08 05:48:56', '2026-02-04 02:37:44', NULL),
(10, 'Wellness Seating', 'wellness-seating', NULL, 'uploads/product-category/52f2ee0d-d6f0-4cd1-ba00-e7aebee09f9a.png', 0, 1, 'Wellness Seating', 'Wellness Seating', 'Wellness Seating', NULL, '2026-04-08 06:01:13', '2026-04-08 06:01:13', NULL);

-- --------------------------------------------------------

--
-- Table structure for table `product_characteristics`
--

CREATE TABLE `product_characteristics` (
  `id` bigint UNSIGNED NOT NULL,
  `product_id` bigint UNSIGNED NOT NULL,
  `title` varchar(191) CHARACTER SET utf8mb4 COLLATE utf8mb4_unicode_ci NOT NULL,
  `image` varchar(191) CHARACTER SET utf8mb4 COLLATE utf8mb4_unicode_ci NOT NULL,
  `description` text CHARACTER SET utf8mb4 COLLATE utf8mb4_unicode_ci,
  `sort_order` int NOT NULL DEFAULT '0',
  `status` tinyint(1) NOT NULL DEFAULT '1',
  `created_at` timestamp NULL DEFAULT NULL,
  `updated_at` timestamp NULL DEFAULT NULL,
  `deleted_at` timestamp NULL DEFAULT NULL
) ENGINE=MyISAM DEFAULT CHARSET=utf8mb4 COLLATE=utf8mb4_unicode_ci;

-- --------------------------------------------------------

--
-- Table structure for table `product_cms`
--

CREATE TABLE `product_cms` (
  `id` bigint UNSIGNED NOT NULL,
  `title` varchar(191) CHARACTER SET utf8mb4 COLLATE utf8mb4_unicode_ci NOT NULL,
  `description` text CHARACTER SET utf8mb4 COLLATE utf8mb4_unicode_ci,
  `brochure_title` varchar(191) CHARACTER SET utf8mb4 COLLATE utf8mb4_unicode_ci NOT NULL,
  `brochure_description` text CHARACTER SET utf8mb4 COLLATE utf8mb4_unicode_ci,
  `brochure` varchar(191) CHARACTER SET utf8mb4 COLLATE utf8mb4_unicode_ci DEFAULT NULL,
  `model_3d_title` varchar(191) CHARACTER SET utf8mb4 COLLATE utf8mb4_unicode_ci DEFAULT NULL,
  `model_3d_description` text CHARACTER SET utf8mb4 COLLATE utf8mb4_unicode_ci,
  `created_at` timestamp NULL DEFAULT NULL,
  `updated_at` timestamp NULL DEFAULT NULL
) ENGINE=InnoDB DEFAULT CHARSET=utf8mb4 COLLATE=utf8mb4_unicode_ci;

--
-- Dumping data for table `product_cms`
--

INSERT INTO `product_cms` (`id`, `title`, `description`, `brochure_title`, `brochure_description`, `brochure`, `model_3d_title`, `model_3d_description`, `created_at`, `updated_at`) VALUES
(1, 'Our Collections', '<p>Browse our extensive range of Office Chairs, Executive Seating, Board Room Seating, Multipurpose Seating, and Breakout Zone Tables &amp; Chairs. Our designs prioritize comfort and efficiency, transforming your workspace into a productivity hub. Choose Wipro for innovative and premium seating solutions.&nbsp;</p>', 'Your guide to our latest products', 'Beautiful interior design, variety of models, quality. Fast delivery, convenient payment', NULL, 'Our Collections', NULL, '2024-06-27 04:46:11', '2026-02-19 05:08:17');

-- --------------------------------------------------------

--
-- Table structure for table `product_colors`
--

CREATE TABLE `product_colors` (
  `id` bigint UNSIGNED NOT NULL,
  `product_id` bigint UNSIGNED NOT NULL,
  `title` varchar(191) CHARACTER SET utf8mb4 COLLATE utf8mb4_unicode_ci NOT NULL,
  `image` varchar(191) CHARACTER SET utf8mb4 COLLATE utf8mb4_unicode_ci NOT NULL,
  `color` varchar(191) CHARACTER SET utf8mb4 COLLATE utf8mb4_unicode_ci NOT NULL,
  `sort_order` int NOT NULL DEFAULT '0',
  `status` tinyint(1) NOT NULL DEFAULT '1',
  `created_at` timestamp NULL DEFAULT NULL,
  `updated_at` timestamp NULL DEFAULT NULL,
  `deleted_at` timestamp NULL DEFAULT NULL
) ENGINE=MyISAM DEFAULT CHARSET=utf8mb4 COLLATE=utf8mb4_unicode_ci;

--
-- Dumping data for table `product_colors`
--

INSERT INTO `product_colors` (`id`, `product_id`, `title`, `image`, `color`, `sort_order`, `status`, `created_at`, `updated_at`, `deleted_at`) VALUES
(1, 1, 'Flame Gold', 'uploads/product-color/b6752e03-f6c5-4624-9836-d225fcb9612d.png', 'uploads/product-color/08875ddf-7cc1-4b58-922c-29fa5819e020.png', 1, 1, '2024-09-27 08:23:46', '2024-12-06 01:39:12', NULL),
(2, 1, 'Clove Grey', 'uploads/product-color/24dac47e-17f7-45e4-85f5-7c437624bcd3.png', 'uploads/product-color/ede3ab03-2374-439c-91f5-1e6364577be2.png', 1, 1, '2024-09-27 08:23:46', '2024-12-06 01:42:44', NULL),
(3, 1, 'Deep Black', 'uploads/product-color/3c652fec-07e7-44c8-b896-9fac734692fb.png', 'uploads/product-color/e2885b01-0bbf-433d-bdc5-7cba6451230e.png', 1, 1, '2024-09-27 08:23:46', '2024-12-06 01:44:57', NULL),
(4, 1, 'Insignia-Blue', 'uploads/product-color/4e226e69-8883-47a2-9143-ff8497a5bafc.png', 'uploads/product-color/e10583b3-e102-46bc-82c7-5a13c608565a.jpg', 1, 1, '2024-09-27 08:23:46', '2024-12-06 04:02:07', NULL),
(5, 1, 'Rich Red', 'uploads/product-color/a045a332-0b3f-4cfa-9c1f-850cba43122e.png', 'uploads/product-color/8e981768-ba48-4778-80ef-e84fa2c49397.png', 1, 1, '2024-09-27 08:23:46', '2024-12-06 04:02:44', NULL),
(6, 1, 'Olive-Green', 'uploads/product-color/199148e1-0ddc-4455-b333-e3ea689ceaea.png', 'uploads/product-color/b53d6427-cf29-47cd-a0e1-75ead0e4f03e.png', 1, 1, '2024-09-27 08:23:46', '2024-12-06 04:03:07', NULL),
(7, 1, 'Jet-Black', 'uploads/product-color/376fc595-a74f-4e1f-bcc6-a53a6d241c9d.png', 'uploads/product-color/JetBlack_200x200.jpg', 1, 1, '2024-09-27 08:23:46', '2024-12-06 04:03:29', NULL),
(8, 1, 'Cool-Blue', 'uploads/product-color/a5d5b2d1-4b3a-4bec-9a11-10791d54b7d2.png', 'uploads/product-color/CoolBlue_200x200.jpg', 1, 1, '2024-09-27 08:23:46', '2024-12-06 04:03:47', NULL),
(9, 1, 'Cinnamon Brown', 'uploads/product-color/78b7c260-5106-4c65-8e50-6216830654d7.png', 'uploads/product-color/CinnamonBlue_200x200.jpg', 1, 1, '2024-09-27 08:23:46', '2024-12-06 04:11:43', NULL),
(10, 2, 'Clove-Grey', 'uploads/product-color/Adapt_SLVR01.png', 'uploads/product-color/ea2d3e24-e271-4188-9e3f-4bff67181876.png', 1, 1, '2024-09-27 08:23:46', '2024-12-06 04:05:42', NULL),
(11, 2, 'Cinnamon-Brown', 'uploads/product-color/Adapt_SLVR02.png', 'uploads/product-color/CinnamonBlue_200x200.jpg', 1, 1, '2024-09-27 08:23:46', '2024-12-06 04:05:57', NULL),
(12, 3, 'Deep-Black', 'uploads/product-color/Adapt_Pep01.png', 'uploads/product-color/DeepBlack_200x200.jpg', 1, 1, '2024-09-27 08:23:46', '2024-09-27 08:23:46', NULL),
(13, 4, 'Apollo', 'uploads/product-color/9fd442d1-c4f3-4236-a297-eaf239e858e8.png', 'uploads/product-color/9a5494c6-bedc-4576-9ab1-cbf401a0bfe0.png', 1, 1, '2024-09-27 08:23:46', '2024-12-06 06:46:28', NULL),
(14, 4, 'Black', 'uploads/product-color/4e4e895c-1e0f-4bce-9b8d-9ecf668a5c6c.png', 'uploads/product-color/c322590d-e34d-4d0e-afff-2592583d967d.png', 1, 1, '2024-09-27 08:23:46', '2024-12-06 06:47:15', NULL),
(15, 4, 'Cinnamon', 'uploads/product-color/9809f261-a1dd-4455-bef8-5b1155ee2bba.png', 'uploads/product-color/13016175-4eed-48cd-b764-a4be0dd736de.png', 1, 1, '2024-09-27 08:23:46', '2024-12-06 06:47:41', NULL),
(16, 4, 'Dago Orange', 'uploads/product-color/d9e26fc3-cc4f-4b26-ac85-3a9a071e4fd4.png', 'uploads/product-color/c5ce7392-0c86-47a1-a2e8-932ad44be21d.png', 1, 1, '2024-09-27 08:23:46', '2024-12-06 06:48:01', NULL),
(17, 4, 'Electric', 'uploads/product-color/37dce552-fe19-41c5-a8a5-7ef8ea2e2216.png', 'uploads/product-color/97303b67-91a2-4017-9a80-3597f70adebc.png', 1, 1, '2024-09-27 08:23:46', '2024-12-06 06:48:17', NULL),
(18, 4, 'Planet', 'uploads/product-color/3385ffa5-7e1b-4c67-8a38-e5d530101208.png', 'uploads/product-color/58b557f5-8d30-496f-93e7-83dbef623e0c.png', 1, 1, '2024-09-27 08:23:46', '2024-12-06 06:48:45', NULL),
(19, 4, 'Jet-Black', 'uploads/product-color/Aerosit_07.png', 'uploads/product-color/JetBlack_200x200.jpg', 1, 1, '2024-09-27 08:23:46', '2024-12-06 06:48:55', '2024-12-06 06:48:55'),
(20, 4, 'Cool-Blue', 'uploads/product-color/Aerosit_08.png', 'uploads/product-color/CoolBlue_200x200.jpg', 1, 1, '2024-09-27 08:23:46', '2024-12-06 06:49:03', '2024-12-06 06:49:03'),
(21, 4, 'Cinnamon-Blue', 'uploads/product-color/Aerosit_09.png', 'uploads/product-color/CinnamonBlue_200x200.jpg', 1, 1, '2024-09-27 08:23:46', '2024-12-06 06:49:32', '2024-12-06 06:49:32'),
(22, 5, 'Apollo', 'uploads/product-color/7de5a2fb-6a77-40ca-82d3-53a3a86b4a7a.png', 'uploads/product-color/PL131Apollo_200x200.jpg', 1, 1, '2024-09-27 08:23:46', '2024-12-06 04:07:47', NULL),
(23, 5, 'Black', 'uploads/product-color/6d1de2fd-6c14-4746-83ea-8d2879b4fd9a.png', 'uploads/product-color/PL137Black_200x200.jpg', 1, 1, '2024-09-27 08:23:46', '2024-12-06 04:08:02', NULL),
(24, 5, 'Planet', 'uploads/product-color/f7e26555-470d-4c9e-85fe-5e94164795f5.png', 'uploads/product-color/PL150Planet_200x200.jpg', 1, 1, '2024-09-27 08:23:46', '2024-12-06 04:08:23', NULL),
(25, 5, 'Cinnamon', 'uploads/product-color/db62f1db-480d-41cc-b586-418c6ae32ec1.png', 'uploads/product-color/PL157Cinnamon_200x200.jpg', 1, 1, '2024-09-27 08:23:46', '2024-12-06 04:08:41', NULL),
(26, 5, 'Electric', 'uploads/product-color/3a1d3193-419c-4f87-8fa7-af86fe5ddd28.png', 'uploads/product-color/PL162Electric_200x200.jpg', 1, 1, '2024-09-27 08:23:46', '2024-12-06 04:09:01', NULL),
(27, 5, 'Dago-Orange', 'uploads/product-color/4a8772f8-8223-4a08-8517-65f0b05724e6.png', 'uploads/product-color/PL181DagoOrange_200x200.jpg', 1, 1, '2024-09-27 08:23:46', '2024-12-06 04:09:29', NULL),
(28, 5, 'Stone', 'uploads/product-color/Alivio_07.png', 'uploads/product-color/Pl1018Stone_200x200.jpg', 1, 1, '2024-09-27 08:23:46', '2024-11-27 04:16:15', '2024-11-27 04:16:15'),
(29, 5, 'Peppermint', 'uploads/product-color/Alivio_08.png', 'uploads/product-color/PL017Peppermint_200x200.jpg', 1, 1, '2024-09-27 08:23:46', '2024-11-27 04:16:22', '2024-11-27 04:16:22'),
(30, 6, 'Flame-Gold', 'uploads/product-color/39a8740a-743f-41e5-bfcc-00e664f3b293.png', 'uploads/product-color/2df6c0ad-4684-4f91-8661-667537d8c224.png', 1, 1, '2024-09-27 08:23:46', '2024-12-06 06:52:25', NULL),
(31, 6, 'Clove-Grey', 'uploads/product-color/d155e687-ee4f-4702-8bee-e102e971fd1b.png', 'uploads/product-color/b8a72d9a-73c4-4f8b-9e3c-4995d7bd16a0.png', 1, 1, '2024-09-27 08:23:46', '2024-12-06 06:52:57', NULL),
(32, 6, 'Deep-Black', 'uploads/product-color/97a7b32d-854e-4e5a-8d7e-ecbc78098486.png', 'uploads/product-color/f1456cac-866f-4239-be74-e6ba37a7635c.png', 1, 1, '2024-09-27 08:23:46', '2024-12-06 06:54:27', NULL),
(33, 6, 'Insignia-Blue', 'uploads/product-color/10471fc2-9573-4156-a8b8-3c4ced50cc8f.png', 'uploads/product-color/28eb2e9a-721c-46f8-8d21-4ca8f0c7ffae.jpg', 1, 1, '2024-09-27 08:23:46', '2024-12-06 06:54:44', NULL),
(34, 6, 'Rich-Red', 'uploads/product-color/2fd91276-b765-4755-ad52-5196556aa355.png', 'uploads/product-color/eab8b602-b003-41b2-8490-3fb1f181e4f0.png', 1, 1, '2024-09-27 08:23:46', '2024-12-06 06:55:06', NULL),
(35, 6, 'Olive-Green', 'uploads/product-color/7f252220-e4da-4063-a3dc-523b83ae440f.png', 'uploads/product-color/0d44d68d-2270-4bd7-8006-d4a7b2a6f527.png', 1, 1, '2024-09-27 08:23:46', '2024-12-06 06:55:27', NULL),
(36, 6, 'Jet-Black', 'uploads/product-color/e3c3477a-34b5-43b3-868e-7d789f96dba5.png', 'uploads/product-color/JetBlack_200x200.jpg', 1, 1, '2024-09-27 08:23:46', '2024-12-06 06:55:55', NULL),
(37, 6, 'Cool-Blue', 'uploads/product-color/011c3b2c-36ad-40fd-9608-0448e4cf5fb5.png', 'uploads/product-color/CoolBlue_200x200.jpg', 1, 1, '2024-09-27 08:23:46', '2024-12-06 06:56:15', NULL),
(38, 6, 'Cinnamon Brown', 'uploads/product-color/439c0594-01f3-450e-8439-c5c5093bea3f.png', 'uploads/product-color/CinnamonBlue_200x200.jpg', 1, 1, '2024-09-27 08:23:46', '2024-12-06 06:56:32', NULL),
(39, 7, 'Flame-Gold', 'uploads/product-color/c8b78dc1-21c0-4149-bc78-6b1b5e11d610.png', 'uploads/product-color/74f8d17d-23d8-4213-b647-14c3a9d34834.png', 1, 1, '2024-09-27 08:23:46', '2024-12-06 07:07:16', NULL),
(40, 7, 'Jet Black', 'uploads/product-color/c9439f8e-5564-43b9-ae82-afd84b3f122d.png', 'uploads/product-color/5e8b859e-d8dd-4113-a7d7-118375413047.png', 1, 1, '2024-09-27 08:23:46', '2024-12-06 07:07:45', '2024-12-06 07:07:45'),
(41, 7, 'Deep-Black', 'uploads/product-color/57ca61a5-10fd-4d53-9daa-90a7aec3cff1.png', 'uploads/product-color/604e2202-7aed-4aa0-93ab-da8cf788a91d.png', 1, 1, '2024-09-27 08:23:46', '2024-12-06 07:01:21', NULL),
(42, 7, 'Insignia-Blue', 'uploads/product-color/7b2b79ec-e0ed-4113-820c-b7d1dffdf47b.png', 'uploads/product-color/ac34d41a-2422-4b35-868e-8eadc2b4e0b4.png', 1, 1, '2024-09-27 08:23:46', '2024-12-06 07:08:03', NULL),
(43, 8, 'Flame-Gold', 'uploads/product-color/4b6a6556-2fda-4675-9f54-94802cbb2cc2.png', 'uploads/product-color/fe917d4a-bae3-4ced-ad60-02f02f93a7db.png', 1, 1, '2024-09-27 08:23:46', '2024-12-06 07:09:57', NULL),
(44, 8, 'Clove-Grey', 'uploads/product-color/4fe7679d-96d3-46d4-9e44-9b695699b55e.png', 'uploads/product-color/0eaf122d-a5fd-4960-80ad-64688dce8800.png', 1, 1, '2024-09-27 08:23:46', '2024-12-06 07:10:16', NULL),
(45, 8, 'Deep Black', 'uploads/product-color/ba09771f-52d7-401b-9bd8-fcb8132b8ffe.png', 'uploads/product-color/047dbecb-d134-4ee4-87cf-54b47544a97d.png', 1, 1, '2024-09-27 08:23:46', '2024-12-06 07:10:45', NULL),
(46, 8, 'Insignia-Blue', 'uploads/product-color/09baa59d-1e5e-4a90-85d1-e9b69eb49989.png', 'uploads/product-color/79a3ad6e-787d-488a-bb30-0c1159700b92.png', 1, 1, '2024-09-27 08:23:46', '2024-12-06 07:31:27', NULL),
(47, 8, 'Rich-Red', 'uploads/product-color/99c4c028-981e-40fc-81c7-71014b06d135.png', 'uploads/product-color/77129b15-6966-4053-aae2-2a9cee7ab67b.png', 1, 1, '2024-09-27 08:23:46', '2024-12-06 07:36:49', NULL),
(48, 8, 'Olive Green', 'uploads/product-color/d3847f5f-7821-46c5-a9bb-7f3a4a515da6.png', 'uploads/product-color/d9745e3c-6c22-43f6-b935-d9d9b7f40d5b.png', 1, 1, '2024-09-27 08:23:46', '2024-12-06 07:37:09', NULL),
(49, 8, 'Jet-Black', 'uploads/product-color/0fb26eb3-ca80-4655-b39c-576c0bec4343.png', 'uploads/product-color/JetBlack_200x200.jpg', 1, 1, '2024-09-27 08:23:46', '2024-12-06 07:37:29', NULL),
(50, 8, 'Cool-Blue', 'uploads/product-color/a60764db-5482-4ce8-86da-404791660ed5.png', 'uploads/product-color/CoolBlue_200x200.jpg', 1, 1, '2024-09-27 08:23:46', '2024-12-06 07:37:58', NULL),
(51, 8, 'Cinnamon-Brown', 'uploads/product-color/ace1062e-632f-412f-88ed-94cb5cc3d369.png', 'uploads/product-color/CinnamonBlue_200x200.jpg', 1, 1, '2024-09-27 08:23:46', '2024-12-06 07:38:16', NULL),
(52, 9, 'Bovine Beige', 'uploads/product-color/f79b881c-4fe5-49cc-b29e-e293b36941b5.png', 'uploads/product-color/LE_BovineBeige_200x200.jpg', 1, 1, '2024-09-27 08:23:46', '2024-12-06 07:39:01', NULL),
(53, 9, 'Black', 'uploads/product-color/ee2a6d7d-c31f-47ac-acaf-6fc3ea236c2c.png', 'uploads/product-color/LE_BovineBlack_200x200.jpg', 1, 1, '2024-09-27 08:23:46', '2024-12-06 07:39:19', NULL),
(54, 10, 'Apollo', 'uploads/product-color/72050c1e-07a1-4b13-8123-5889f63bcfc7.png', 'uploads/product-color/PL131Apollo_200x200.jpg', 1, 1, '2024-09-27 08:23:46', '2024-12-06 07:40:29', NULL),
(55, 10, 'Black', 'uploads/product-color/2cfaaf53-786a-4a81-81a1-017806d62c38.png', 'uploads/product-color/PL137Black_200x200.jpg', 1, 1, '2024-09-27 08:23:46', '2024-12-06 07:40:46', NULL),
(56, 10, 'Planet', 'uploads/product-color/446a1386-747c-4098-a034-b42e5e6ad5e3.png', 'uploads/product-color/PL150Planet_200x200.jpg', 1, 1, '2024-09-27 08:23:46', '2024-12-06 07:41:06', NULL),
(57, 10, 'Cinnamon', 'uploads/product-color/daf5a9e7-2593-40b4-afe6-914ae4730e98.png', 'uploads/product-color/PL157Cinnamon_200x200.jpg', 1, 1, '2024-09-27 08:23:46', '2024-12-06 07:41:26', NULL),
(58, 10, 'Electric', 'uploads/product-color/faffa9b1-a580-41ad-9731-8d119eeb888a.png', 'uploads/product-color/PL162Electric_200x200.jpg', 1, 1, '2024-09-27 08:23:46', '2024-12-06 07:41:45', NULL),
(59, 10, 'Dago-Orange', 'uploads/product-color/883907b5-fba0-4536-9256-870af3f410bb.png', 'uploads/product-color/PL181DagoOrange_200x200.jpg', 1, 1, '2024-09-27 08:23:46', '2024-12-06 07:42:01', NULL),
(60, 10, 'Stone', 'uploads/product-color/Entity_07.png', 'uploads/product-color/Pl1018Stone_200x200.jpg', 1, 1, '2024-09-27 08:23:46', '2024-11-27 05:01:39', '2024-11-27 05:01:39'),
(61, 10, 'Peppermint', 'uploads/product-color/Entity_08.png', 'uploads/product-color/PL017Peppermint_200x200.jpg', 1, 1, '2024-09-27 08:23:46', '2024-11-27 05:01:44', '2024-11-27 05:01:44'),
(62, 11, 'Cool Blue', 'uploads/product-color/3bd511f4-89e1-4cdb-8b27-6f8640922abd.jpg', 'uploads/product-color/88a073a8-4c80-4dda-97ba-a99bcd80d2d3.png', 1, 1, '2024-09-27 08:23:46', '2024-12-06 07:48:42', '2024-12-06 07:48:42'),
(63, 11, 'Deep Black', 'uploads/product-color/cfd58370-200d-420d-a1b3-209c79dd6547.png', 'uploads/product-color/b4893780-ffff-4d86-b79b-52e1d601123d.png', 1, 1, '2024-09-27 08:23:46', '2024-12-06 07:48:16', NULL),
(64, 11, 'Insignia Blue', 'uploads/product-color/832eb848-d4d8-4ec8-95f6-a2b6df3455f1.png', 'uploads/product-color/e3d91a17-16c9-4478-98e3-141ae4803707.png', 1, 1, '2024-09-27 08:23:46', '2024-12-06 07:48:32', NULL),
(65, 11, 'Jet Black', 'uploads/product-color/785f0b8c-5109-42a4-a401-a78a29d3c2d3.jpg', 'uploads/product-color/4d622adf-b247-4306-a85c-d9ff66e1d0ad.png', 1, 1, '2024-09-27 08:23:46', '2024-12-06 07:48:47', '2024-12-06 07:48:47'),
(66, 12, 'Cool Blue', 'uploads/product-color/18051b11-051f-4fa9-a265-d70e33f2805d.jpg', 'uploads/product-color/edd358c0-dbc7-4ee6-8e88-4afd9d83b44a.png', 1, 1, '2024-09-27 08:23:46', '2024-11-27 05:10:40', NULL),
(67, 12, 'Olive Green', 'uploads/product-color/Immerse_02.png', 'uploads/product-color/d308c69c-2e50-45be-a0d4-810a98127a26.png', 1, 1, '2024-09-27 08:23:46', '2024-11-27 05:11:06', NULL),
(68, 12, 'Deep-Black', 'uploads/product-color/8b15af5e-e67e-49a3-bf6d-15caa023c5ef.png', 'uploads/product-color/fa8120c2-c985-441a-89a6-bfd864ea5df2.png', 1, 1, '2024-09-27 08:23:46', '2024-12-06 23:49:54', NULL),
(69, 12, 'Insignia-Blue', 'uploads/product-color/d1a0e0bf-3f80-47fb-ba7a-5bce837a85cd.png', 'uploads/product-color/3e433e5e-e849-4cd1-bbab-0424f53ab1e5.png', 1, 1, '2024-09-27 08:23:46', '2024-12-06 23:50:18', NULL),
(70, 12, 'Jet Black', 'uploads/product-color/d37728ad-27dd-4286-b3d7-56e8db1da128.png', 'uploads/product-color/a9c3c185-27e8-4081-8fc4-a5cf86275706.png', 1, 1, '2024-09-27 08:23:46', '2024-12-06 23:50:36', NULL),
(71, 12, 'Olive-Green', 'uploads/product-color/Immerse_06.png', 'uploads/product-color/OliveGreen_200x200.jpg', 1, 1, '2024-09-27 08:23:46', '2024-11-27 05:13:59', '2024-11-27 05:13:59'),
(72, 12, 'Jet-Black', 'uploads/product-color/Immerse_07.png', 'uploads/product-color/JetBlack_200x200.jpg', 1, 1, '2024-09-27 08:23:46', '2024-11-27 05:14:05', '2024-11-27 05:14:05'),
(73, 12, 'Cool-Blue', 'uploads/product-color/Immerse_08.png', 'uploads/product-color/CoolBlue_200x200.jpg', 1, 1, '2024-09-27 08:23:46', '2024-11-27 05:13:46', '2024-11-27 05:13:46'),
(74, 12, 'Cinnamon-Blue', 'uploads/product-color/Immerse_09.png', 'uploads/product-color/CinnamonBlue_200x200.jpg', 1, 1, '2024-09-27 08:23:46', '2024-11-27 05:13:40', '2024-11-27 05:13:40'),
(75, 13, 'Deep-Black', 'uploads/product-color/Immerse_Hobbit_01.png', 'uploads/product-color/DeepBlack_200x200.jpg', 1, 1, '2024-09-27 08:23:46', '2024-09-27 08:23:46', NULL),
(76, 14, 'Cool Blue', 'uploads/product-color/020d3149-4e18-4795-bf1f-e9d4aae59020.png', 'uploads/product-color/e19e35fd-b190-4ed3-b20e-fb9160f958d3.png', 1, 1, '2024-09-27 08:23:46', '2024-12-06 23:55:29', '2024-12-06 23:55:29'),
(77, 14, 'Deep Black', 'uploads/product-color/81755fbf-aba8-4b73-94f4-c634dedb4ffd.png', 'uploads/product-color/2a5b2d71-8ab2-4d26-b914-d66c22a995a6.png', 1, 1, '2024-09-27 08:23:46', '2024-12-06 23:53:46', NULL),
(78, 14, 'Deep-Black', 'uploads/product-color/Smart_01.png', 'uploads/product-color/DeepBlack_200x200.jpg', 1, 1, '2024-09-27 08:23:46', '2024-11-29 01:26:57', '2024-11-29 01:26:57'),
(79, 14, 'Insignia-Blue', 'uploads/product-color/6f040492-44b0-4b26-9a73-352f94a31f25.png', 'uploads/product-color/e6be3a72-0d79-4af6-8208-183765a78a38.png', 1, 1, '2024-09-27 08:23:46', '2024-12-13 02:12:22', NULL),
(80, 14, 'Apollo', 'uploads/product-color/91e9d5a5-dd7b-4330-8213-3c009d71b3a3.png', 'uploads/product-color/PL131Apollo_200x200.jpg', 1, 1, '2024-09-27 08:23:46', '2024-12-13 02:12:38', NULL),
(81, 14, 'Black', 'uploads/product-color/442d1d93-0182-4b1d-ac25-f741da3f6d8a.png', 'uploads/product-color/LE_BovineBlack_200x200.jpg', 1, 1, '2024-09-27 08:23:46', '2024-12-13 02:13:06', NULL),
(82, 14, 'Planet', 'uploads/product-color/e9a27499-bdfd-4068-a841-db035e0f8ec0.png', 'uploads/product-color/PL150Planet_200x200.jpg', 1, 1, '2024-09-27 08:23:46', '2024-12-13 02:13:26', NULL),
(83, 14, 'Cinnamon', 'uploads/product-color/c58e1ee6-6858-43d2-9cad-f7e1cd0a382a.png', 'uploads/product-color/PL157Cinnamon_200x200.jpg', 1, 1, '2024-09-27 08:23:46', '2024-12-13 02:13:48', NULL),
(84, 14, 'Electric', 'uploads/product-color/49dace29-8598-460d-afbf-f6b43eb37a30.png', 'uploads/product-color/PL162Electric_200x200.jpg', 1, 1, '2024-09-27 08:23:46', '2024-12-13 02:14:07', NULL),
(85, 14, 'Dago-Orange', 'uploads/product-color/17df4d78-84de-43c2-804f-5b7fde8266b2.png', 'uploads/product-color/PL181DagoOrange_200x200.jpg', 1, 1, '2024-09-27 08:23:46', '2024-12-13 02:14:21', NULL),
(86, 14, 'Stone', 'uploads/product-color/Smart_01.png', 'uploads/product-color/Pl1018Stone_200x200.jpg', 1, 1, '2024-09-27 08:23:46', '2024-11-29 01:30:19', '2024-11-29 01:30:19'),
(87, 14, 'Peppermint', 'uploads/product-color/Smart_01.png', 'uploads/product-color/PL017Peppermint_200x200.jpg', 1, 1, '2024-09-27 08:23:46', '2024-11-29 01:30:26', '2024-11-29 01:30:26'),
(88, 14, 'Beige', 'uploads/product-color/Smart_01.png', 'uploads/product-color/LE_BovineBeige_200x200.jpg', 1, 1, '2024-09-27 08:23:46', '2024-11-29 01:31:00', '2024-11-29 01:31:00'),
(89, 15, 'Flame Gold', 'uploads/product-color/60f9da4c-1fba-4c3e-a6f7-44d718271a2a.png', 'uploads/product-color/5dcb0b35-38ef-464f-99c0-759d29e4e835.png', 1, 1, '2024-09-27 08:23:46', '2024-12-06 23:59:19', NULL),
(90, 15, 'Clove-Grey', 'uploads/product-color/41a3cad5-6d56-4155-b6ad-2736a8537848.png', 'uploads/product-color/d6369f6c-c3af-402e-98ab-24d80c3f26bc.png', 1, 1, '2024-09-27 08:23:46', '2024-12-07 00:01:58', NULL),
(91, 15, 'Deep-Black', 'uploads/product-color/3f60b28d-139c-4aca-bafd-441e51a4ae5e.jpg', 'uploads/product-color/226b0f94-2868-43d5-a158-55e3de66a8cf.png', 1, 1, '2024-09-27 08:23:46', '2024-11-29 01:46:50', NULL),
(92, 15, 'Insignia-Blue', 'uploads/product-color/b44dfb8b-da02-4f30-8596-3fd705327822.png', 'uploads/product-color/9fb5dd8a-8075-4aa6-adb1-8196041128f8.png', 1, 1, '2024-09-27 08:23:46', '2024-12-07 00:06:18', NULL),
(93, 15, 'Rich-Red', 'uploads/product-color/89ec8b28-b4dd-4cc1-b76c-6bb4748373fc.png', 'uploads/product-color/89aa2374-a544-4962-9627-8b9718135593.png', 1, 1, '2024-09-27 08:23:46', '2024-12-07 00:05:57', NULL),
(94, 15, 'Olive-Green', 'uploads/product-color/457c9efd-2f49-4b34-86eb-60d266aca2b3.png', 'uploads/product-color/478dd637-077a-4a39-aec6-f0b8a58c56f4.png', 1, 1, '2024-09-27 08:23:46', '2024-12-07 00:06:49', NULL),
(95, 15, 'Jet-Black', 'uploads/product-color/c2050ea9-50ae-4b5a-9d12-e708ea3a7734.png', 'uploads/product-color/JetBlack_200x200.jpg', 1, 1, '2024-09-27 08:23:46', '2024-12-07 00:08:16', NULL),
(96, 15, 'Cool-Blue', 'uploads/product-color/22bae4b1-faa4-4ab0-b941-7a529bdc2482.png', 'uploads/product-color/CoolBlue_200x200.jpg', 1, 1, '2024-09-27 08:23:46', '2024-12-07 00:09:11', NULL),
(97, 15, 'Cinnamon Brown', 'uploads/product-color/b5e46669-ba8a-4b16-a212-cdf1381736bc.png', 'uploads/product-color/CinnamonBlue_200x200.jpg', 1, 1, '2024-09-27 08:23:46', '2024-12-07 00:09:49', NULL),
(98, 16, 'Apollo', 'uploads/product-color/98523fd9-79df-469c-a626-4215b642b062.png', 'uploads/product-color/PL131Apollo_200x200.jpg', 1, 1, '2024-09-27 08:23:46', '2024-12-07 00:13:52', NULL),
(99, 16, 'Black', 'uploads/product-color/c4bc4301-4824-4c03-aef7-0aab96c3bca9.png', 'uploads/product-color/PL137Black_200x200.jpg', 1, 1, '2024-09-27 08:23:46', '2024-12-07 00:13:30', NULL),
(100, 16, 'Planet', 'uploads/product-color/913a962c-b573-4338-af65-b07bf4aca3b1.png', 'uploads/product-color/PL150Planet_200x200.jpg', 1, 1, '2024-09-27 08:23:46', '2024-12-07 00:14:09', NULL),
(101, 16, 'Cinnamon', 'uploads/product-color/60de7906-03bf-4b37-8fe3-004979ee2c76.png', 'uploads/product-color/PL157Cinnamon_200x200.jpg', 1, 1, '2024-09-27 08:23:46', '2024-12-07 00:14:28', NULL),
(102, 16, 'Electric', 'uploads/product-color/5f52afe1-0cc6-4749-8d23-f7963d53f1c1.png', 'uploads/product-color/PL162Electric_200x200.jpg', 1, 1, '2024-09-27 08:23:46', '2024-12-07 00:14:44', NULL),
(103, 16, 'Dago-Orange', 'uploads/product-color/25a87ea1-e56a-4a1d-b217-7b2e2b868e34.png', 'uploads/product-color/PL181DagoOrange_200x200.jpg', 1, 1, '2024-09-27 08:23:46', '2024-12-07 00:14:59', NULL),
(104, 16, 'Stone', 'uploads/product-color/Stud_07.png', 'uploads/product-color/Pl1018Stone_200x200.jpg', 1, 1, '2024-09-27 08:23:46', '2024-12-02 04:40:11', '2024-12-02 04:40:11'),
(105, 16, 'Peppermint', 'uploads/product-color/Stud_08.png', 'uploads/product-color/PL017Peppermint_200x200.jpg', 1, 1, '2024-09-27 08:23:46', '2024-12-02 04:40:17', '2024-12-02 04:40:17'),
(106, 17, 'Apollo', 'uploads/product-color/ead901ff-2463-4448-b49b-19c9b3ce3141.png', 'uploads/product-color/827b0baf-5645-48ee-8ad0-0e77ff54ca49.png', 1, 1, '2024-09-27 08:23:46', '2024-12-07 00:17:51', NULL),
(107, 17, 'Black', 'uploads/product-color/073ef937-3032-42e2-9caf-7fed1ca26ce7.png', 'uploads/product-color/feaac8f2-baa7-4750-99c2-8a4dee51571b.png', 1, 1, '2024-09-27 08:23:46', '2024-12-07 00:18:08', NULL),
(108, 17, 'Planet', 'uploads/product-color/e502bce6-d158-4adc-b067-0297bdad9e4b.png', 'uploads/product-color/d9a66d14-cd1c-447d-abee-3743091128a4.png', 1, 1, '2024-09-27 08:23:46', '2024-12-07 00:18:59', NULL),
(109, 17, 'Electric', 'uploads/product-color/b9c5439f-7e23-4f05-bf32-5c0e3669d021.png', 'uploads/product-color/6c9e1189-aa4c-4721-851f-e45e60988305.png', 1, 1, '2024-09-27 08:23:46', '2024-12-07 00:19:42', NULL),
(110, 17, 'Cinnamon', 'uploads/product-color/847bd9ab-7844-4c30-a30e-9e60f695e8c7.png', 'uploads/product-color/e76afdee-e2aa-4e1e-b519-5a5f42bb405b.png', 1, 1, '2024-09-27 08:23:46', '2024-12-07 00:26:49', NULL),
(111, 17, 'Olive-Green', 'uploads/product-color/Of-Course_06.png', 'uploads/product-color/OliveGreen_200x200.jpg', 1, 1, '2024-09-27 08:23:46', '2024-12-02 06:47:21', '2024-12-02 06:47:21'),
(112, 17, 'Jet-Black', 'uploads/product-color/Of-Course_07.png', 'uploads/product-color/JetBlack_200x200.jpg', 1, 1, '2024-09-27 08:23:46', '2024-12-02 06:47:06', '2024-12-02 06:47:06'),
(113, 17, 'Cool-Blue', 'uploads/product-color/Of-Course_08.png', 'uploads/product-color/CoolBlue_200x200.jpg', 1, 1, '2024-09-27 08:23:46', '2024-12-02 06:47:44', '2024-12-02 06:47:44'),
(114, 17, 'Cinnamon-Blue', 'uploads/product-color/Of-Course_09.png', 'uploads/product-color/CinnamonBlue_200x200.jpg', 1, 1, '2024-09-27 08:23:46', '2024-12-02 06:48:39', '2024-12-02 06:48:39'),
(115, 17, 'Apollo', 'uploads/product-color/Of-Course_10.png', 'uploads/product-color/PL131Apollo_200x200.jpg', 1, 1, '2024-09-27 08:23:46', '2024-12-02 06:48:20', '2024-12-02 06:48:20'),
(116, 17, 'Black', 'uploads/product-color/Of-Course_11.png', 'uploads/product-color/PL137Black_200x200.jpg', 1, 1, '2024-09-27 08:23:46', '2024-12-02 06:48:09', '2024-12-02 06:48:09'),
(117, 17, 'Alivio', 'uploads/product-color/Of-Course_12.png', 'uploads/product-color/PL150Planet_200x200.jpg', 1, 1, '2024-09-27 08:23:46', '2024-12-02 06:47:59', '2024-12-02 06:47:59'),
(118, 17, 'Cinnamon', 'uploads/product-color/Of-Course_13.png', 'uploads/product-color/PL157Cinnamon_200x200.jpg', 1, 1, '2024-09-27 08:23:46', '2024-12-02 06:47:51', '2024-12-02 06:47:51'),
(119, 17, 'Electric', 'uploads/product-color/Of-Course_14.png', 'uploads/product-color/PL162Electric_200x200.jpg', 1, 1, '2024-09-27 08:23:46', '2024-12-02 06:47:35', '2024-12-02 06:47:35'),
(120, 17, 'Dago-Orange', 'uploads/product-color/4281b7d1-af80-4025-96a2-97d71dfc6567.png', 'uploads/product-color/PL181DagoOrange_200x200.jpg', 1, 1, '2024-09-27 08:23:46', '2024-12-07 00:27:05', NULL),
(121, 17, 'Stone', 'uploads/product-color/Of-Course_16.png', 'uploads/product-color/Pl1018Stone_200x200.jpg', 1, 1, '2024-09-27 08:23:46', '2024-12-02 06:47:28', '2024-12-02 06:47:28'),
(122, 17, 'Peppermint', 'uploads/product-color/Of-Course_17.png', 'uploads/product-color/PL017Peppermint_200x200.jpg', 1, 1, '2024-09-27 08:23:46', '2024-12-02 06:47:13', '2024-12-02 06:47:13'),
(123, 18, 'Apollo', 'uploads/product-color/a0794012-3eb5-40f4-af09-89e86a7f7e59.png', 'uploads/product-color/PL131Apollo_200x200.jpg', 1, 1, '2024-09-27 08:23:46', '2024-12-07 00:29:03', NULL),
(124, 18, 'Black', 'uploads/product-color/17c0a8d8-7d7b-4657-9359-7b283cee7fe4.png', 'uploads/product-color/PL137Black_200x200.jpg', 1, 1, '2024-09-27 08:23:46', '2024-12-07 00:29:35', NULL),
(125, 18, 'Planet', 'uploads/product-color/397762e4-6b71-43f8-a0eb-262f5fa7de25.png', 'uploads/product-color/PL150Planet_200x200.jpg', 1, 1, '2024-09-27 08:23:46', '2024-12-07 00:29:59', NULL),
(126, 18, 'Cinnamon', 'uploads/product-color/b6a8b5dc-b46c-419f-8efd-f37f665840f3.png', 'uploads/product-color/PL157Cinnamon_200x200.jpg', 1, 1, '2024-09-27 08:23:46', '2024-12-07 00:31:14', NULL),
(127, 18, 'Electric', 'uploads/product-color/17a40cb7-fb50-4c01-9ddc-120b903a22bd.png', 'uploads/product-color/PL162Electric_200x200.jpg', 1, 1, '2024-09-27 08:23:46', '2024-12-07 00:31:42', NULL),
(128, 18, 'Dago-Orange', 'uploads/product-color/6ec85f1e-c854-4eea-a72c-2bef56473099.png', 'uploads/product-color/PL181DagoOrange_200x200.jpg', 1, 1, '2024-09-27 08:23:46', '2024-12-07 00:31:59', NULL),
(129, 18, 'Stone', 'uploads/product-color/It\'s_Me_07.png', 'uploads/product-color/Pl1018Stone_200x200.jpg', 1, 1, '2024-09-27 08:23:46', '2024-12-02 05:20:03', '2024-12-02 05:20:03'),
(130, 18, 'Peppermint', 'uploads/product-color/It\'s_Me_08.png', 'uploads/product-color/PL017Peppermint_200x200.jpg', 1, 1, '2024-09-27 08:23:46', '2024-12-02 05:20:09', '2024-12-02 05:20:09'),
(131, 19, 'Planet', 'uploads/product-color/63c28c32-0344-47d2-a544-0d57b341f92e.png', 'uploads/product-color/557af24b-69a9-44ea-97e7-537df5d77bc1.png', 0, 1, '2024-09-27 08:23:46', '2024-12-07 00:36:44', NULL),
(132, 20, 'Black', 'uploads/product-color/Amplify_leather01.png', 'uploads/product-color/LE_BovineBlack_200x200.jpg', 1, 1, '2024-09-27 08:23:46', '2024-10-01 00:05:58', NULL),
(133, 21, 'Clove-Grey', 'uploads/product-color/Absolute_01.png', 'uploads/product-color/CloveGrey_200x200.jpg', 1, 1, '2024-09-27 08:23:46', '2024-09-27 08:23:46', NULL),
(134, 22, 'Apollo', 'uploads/product-color/9d4f2dd4-848d-4043-bb8e-b3fbd3a94cfc.png', 'uploads/product-color/PL131Apollo_200x200.jpg', 0, 1, '2024-09-27 08:23:46', '2024-12-07 00:38:46', NULL),
(135, 22, 'Black', 'uploads/product-color/d79d68d6-53b9-4317-9c20-826b8d6de590.png', 'uploads/product-color/PL137Black_200x200.jpg', 0, 1, '2024-09-27 08:23:46', '2024-12-07 00:39:00', NULL),
(136, 22, 'Planet', 'uploads/product-color/d50a79ee-59f6-4097-80f6-2580b0e4c063.png', 'uploads/product-color/PL150Planet_200x200.jpg', 0, 1, '2024-09-27 08:23:46', '2024-12-07 00:39:25', NULL),
(137, 22, 'Cinnamon', 'uploads/product-color/546d6166-5b08-4ba6-afe8-8ec59f64775b.png', 'uploads/product-color/PL157Cinnamon_200x200.jpg', 1, 1, '2024-09-27 08:23:46', '2024-12-07 00:39:43', NULL),
(138, 22, 'Electric', 'uploads/product-color/500cb3ab-f3ad-4c08-b812-140b4df4cedb.png', 'uploads/product-color/PL162Electric_200x200.jpg', 0, 1, '2024-09-27 08:23:46', '2024-12-07 00:40:01', NULL),
(139, 22, 'Dago-Orange', 'uploads/product-color/ef8c46c2-3f9c-4d54-b1b6-94c77aee3378.png', 'uploads/product-color/PL181DagoOrange_200x200.jpg', 1, 1, '2024-09-27 08:23:46', '2024-12-07 00:40:16', NULL),
(140, 22, 'Stone', 'uploads/product-color/Beetle_07.png', 'uploads/product-color/Pl1018Stone_200x200.jpg', 1, 1, '2024-09-27 08:23:46', '2024-12-02 05:35:24', '2024-12-02 05:35:24'),
(141, 22, 'Peppermint', 'uploads/product-color/Beetle_08.png', 'uploads/product-color/PL017Peppermint_200x200.jpg', 1, 1, '2024-09-27 08:23:46', '2024-12-02 05:35:31', '2024-12-02 05:35:31'),
(142, 23, 'Apollo', 'uploads/product-color/22a25481-1f44-4b0c-bacf-0f28b84b3f8c.png', 'uploads/product-color/PL131Apollo_200x200.jpg', 1, 1, '2024-09-27 08:23:46', '2024-12-07 00:40:52', NULL),
(143, 23, 'Black', 'uploads/product-color/c2e1c313-9281-40eb-aa9d-eee50cae6d6c.png', 'uploads/product-color/PL137Black_200x200.jpg', 1, 1, '2024-09-27 08:23:46', '2024-12-07 00:41:07', NULL),
(144, 23, 'Planet', 'uploads/product-color/311c2986-05ad-4cf7-ae67-c15cd0b95e5b.png', 'uploads/product-color/PL150Planet_200x200.jpg', 1, 1, '2024-09-27 08:23:46', '2024-12-07 00:42:01', NULL),
(145, 23, 'Cinnamon', 'uploads/product-color/b7a2299b-fee4-4885-8fbb-7e36f8a90e89.png', 'uploads/product-color/PL157Cinnamon_200x200.jpg', 1, 1, '2024-09-27 08:23:46', '2024-12-07 00:42:18', NULL),
(146, 23, 'Electric', 'uploads/product-color/d73ddd2b-38a2-41c6-9356-c020895f82bb.png', 'uploads/product-color/PL162Electric_200x200.jpg', 1, 1, '2024-09-27 08:23:46', '2024-12-07 00:42:32', NULL),
(147, 23, 'Dago-Orange', 'uploads/product-color/691c33f7-e7ce-4374-a493-b12ec6f8ccfa.png', 'uploads/product-color/PL181DagoOrange_200x200.jpg', 1, 1, '2024-09-27 08:23:46', '2024-12-07 00:42:49', NULL),
(148, 23, 'Stone', 'uploads/product-color/Breathe_07.png', 'uploads/product-color/Pl1018Stone_200x200.jpg', 1, 1, '2024-09-27 08:23:46', '2024-12-02 05:40:11', '2024-12-02 05:40:11'),
(149, 23, 'Peppermint', 'uploads/product-color/Breathe_08.png', 'uploads/product-color/PL017Peppermint_200x200.jpg', 1, 1, '2024-09-27 08:23:46', '2024-12-02 05:40:19', '2024-12-02 05:40:19'),
(150, 24, 'Apollo', 'uploads/product-color/e76615a6-fcfd-4716-807a-9e3d272212bc.png', 'uploads/product-color/PL131Apollo_200x200.jpg', 1, 1, '2024-09-27 08:23:46', '2024-12-07 01:17:53', NULL),
(151, 24, 'Black', 'uploads/product-color/c8f50f8f-62d2-445f-8cda-ec68d66f1ef8.png', 'uploads/product-color/PL137Black_200x200.jpg', 1, 1, '2024-09-27 08:23:46', '2024-12-07 01:18:29', NULL),
(152, 24, 'Planet', 'uploads/product-color/7a9c3fe4-24cc-4a5a-b6fd-9e6e0d824c1b.png', 'uploads/product-color/PL150Planet_200x200.jpg', 1, 1, '2024-09-27 08:23:46', '2024-12-07 01:18:48', NULL),
(153, 24, 'Cinnamon', 'uploads/product-color/e5cb9735-744f-4e7f-a4fd-ed7e10229a60.png', 'uploads/product-color/PL157Cinnamon_200x200.jpg', 1, 1, '2024-09-27 08:23:46', '2024-12-07 01:19:42', NULL),
(154, 24, 'Electric', 'uploads/product-color/09ae2181-e2cb-4d4f-b79e-67fbb27b69c0.png', 'uploads/product-color/PL162Electric_200x200.jpg', 1, 1, '2024-09-27 08:23:46', '2024-12-07 01:23:24', NULL),
(155, 24, 'Dago-Orange', 'uploads/product-color/fd41476e-ee34-4061-a764-06ff3175210b.png', 'uploads/product-color/PL181DagoOrange_200x200.jpg', 1, 1, '2024-09-27 08:23:46', '2024-12-07 01:23:40', NULL),
(156, 24, 'Stone', 'uploads/product-color/Candid_07.png', 'uploads/product-color/Pl1018Stone_200x200.jpg', 1, 1, '2024-09-27 08:23:46', '2024-12-02 05:45:41', '2024-12-02 05:45:41'),
(157, 24, 'Peppermint', 'uploads/product-color/Candid_08.png', 'uploads/product-color/PL017Peppermint_200x200.jpg', 1, 1, '2024-09-27 08:23:46', '2024-12-02 05:45:47', '2024-12-02 05:45:47'),
(158, 25, 'Apollo', 'uploads/product-color/c2351a81-1706-4b04-8ec3-13074cc849a9.png', 'uploads/product-color/PL131Apollo_200x200.jpg', 1, 1, '2024-09-27 08:23:46', '2024-12-13 02:22:27', NULL),
(159, 25, 'Black', 'uploads/product-color/0e1ae9bc-9229-4837-8e74-d1e88f0cad1a.png', 'uploads/product-color/PL137Black_200x200.jpg', 1, 1, '2024-09-27 08:23:46', '2024-12-13 02:22:41', NULL),
(160, 25, 'Planet', 'uploads/product-color/75aaf7cb-9385-45b4-b033-6d3d22436b9a.png', 'uploads/product-color/PL150Planet_200x200.jpg', 1, 1, '2024-09-27 08:23:46', '2024-12-13 02:22:54', NULL),
(161, 25, 'Cinnamon', 'uploads/product-color/aa531619-2faa-4f7a-b869-51ab3623685e.png', 'uploads/product-color/PL157Cinnamon_200x200.jpg', 1, 1, '2024-09-27 08:23:46', '2024-12-13 02:23:07', NULL),
(162, 25, 'Electric', 'uploads/product-color/843acc67-17c3-4624-9482-1dbe5e828daf.png', 'uploads/product-color/PL162Electric_200x200.jpg', 1, 1, '2024-09-27 08:23:46', '2024-12-13 02:23:21', NULL),
(163, 25, 'Dago-Orange', 'uploads/product-color/47e613a8-7e33-4b5f-b2d5-96695cbb2682.png', 'uploads/product-color/PL181DagoOrange_200x200.jpg', 1, 1, '2024-09-27 08:23:46', '2024-12-13 02:23:34', NULL),
(164, 25, 'Stone', 'uploads/product-color/Energy_01.png', 'uploads/product-color/Pl1018Stone_200x200.jpg', 1, 1, '2024-09-27 08:23:46', '2024-12-02 06:24:23', '2024-12-02 06:24:23'),
(165, 25, 'Peppermint', 'uploads/product-color/Energy_01.png', 'uploads/product-color/PL017Peppermint_200x200.jpg', 1, 1, '2024-09-27 08:23:46', '2024-12-02 06:24:28', '2024-12-02 06:24:28'),
(166, 26, 'Apollo', 'uploads/product-color/b589baa2-dc09-4e4a-b79c-42f533185dfc.png', 'uploads/product-color/PL131Apollo_200x200.jpg', 1, 1, '2024-09-27 08:23:46', '2024-12-07 01:31:11', NULL),
(167, 26, 'Black', 'uploads/product-color/4a74c336-4a18-49cf-b429-84bdff64f1b9.png', 'uploads/product-color/PL137Black_200x200.jpg', 1, 1, '2024-09-27 08:23:46', '2024-12-07 01:31:34', NULL),
(168, 26, 'Planet', 'uploads/product-color/6313b7a2-fbac-4a4f-bdd1-66ef847c7160.png', 'uploads/product-color/PL150Planet_200x200.jpg', 1, 1, '2024-09-27 08:23:46', '2024-12-07 01:31:49', NULL),
(169, 26, 'Cinnamon', 'uploads/product-color/cd30090e-9f70-4c65-91cb-3961037233a1.png', 'uploads/product-color/PL157Cinnamon_200x200.jpg', 1, 1, '2024-09-27 08:23:46', '2024-12-07 01:32:17', NULL),
(170, 26, 'Electric', 'uploads/product-color/e4c112ac-2bdf-4280-950b-714c5258c3b3.png', 'uploads/product-color/PL162Electric_200x200.jpg', 1, 1, '2024-09-27 08:23:46', '2024-12-07 01:32:48', NULL),
(171, 26, 'Dago-Orange', 'uploads/product-color/8f5995cf-b85e-4ecc-b5fc-55b1b1cab124.png', 'uploads/product-color/PL181DagoOrange_200x200.jpg', 1, 1, '2024-09-27 08:23:46', '2024-12-07 01:33:04', NULL),
(172, 26, 'Stone', 'uploads/product-color/Pulse_07.png', 'uploads/product-color/Pl1018Stone_200x200.jpg', 1, 1, '2024-09-27 08:23:46', '2024-12-02 06:27:26', '2024-12-02 06:27:26'),
(173, 26, 'Peppermint', 'uploads/product-color/Pulse_08.png', 'uploads/product-color/PL017Peppermint_200x200.jpg', 1, 1, '2024-09-27 08:23:46', '2024-12-02 06:27:32', '2024-12-02 06:27:32'),
(174, 27, 'Apollo', 'uploads/product-color/6f1fc492-4ea3-494e-ba07-e021c374cc2f.png', 'uploads/product-color/PL131Apollo_200x200.jpg', 1, 1, '2024-09-27 08:23:46', '2024-12-07 01:38:19', NULL),
(175, 27, 'Black', 'uploads/product-color/bec84804-bb1c-41fe-9f86-3e816690462b.png', 'uploads/product-color/PL137Black_200x200.jpg', 1, 1, '2024-09-27 08:23:46', '2024-12-07 01:41:54', NULL),
(176, 27, 'Planet', 'uploads/product-color/5b123ec0-2892-4b6b-83a2-b5b3a03b52a8.png', 'uploads/product-color/PL150Planet_200x200.jpg', 1, 1, '2024-09-27 08:23:46', '2024-12-07 01:42:16', NULL),
(177, 27, 'Cinnamon', 'uploads/product-color/ccdfab49-bfd8-4389-acdd-3f982c9ad73c.png', 'uploads/product-color/PL157Cinnamon_200x200.jpg', 1, 1, '2024-09-27 08:23:46', '2024-12-07 01:42:41', NULL),
(178, 27, 'Electric', 'uploads/product-color/62877f0f-f3b9-4e41-b07a-38b9866102fb.png', 'uploads/product-color/PL162Electric_200x200.jpg', 1, 1, '2024-09-27 08:23:46', '2024-12-07 01:43:04', NULL),
(179, 27, 'Dago-Orange', 'uploads/product-color/83858604-0f49-42ea-994c-a56a1b0fda7f.png', 'uploads/product-color/PL181DagoOrange_200x200.jpg', 1, 1, '2024-09-27 08:23:46', '2024-12-07 01:43:18', NULL),
(180, 27, 'Stone', 'uploads/product-color/Sirius_07.png', 'uploads/product-color/Pl1018Stone_200x200.jpg', 1, 1, '2024-09-27 08:23:46', '2024-12-02 06:37:27', '2024-12-02 06:37:27'),
(181, 27, 'Peppermint', 'uploads/product-color/Sirius_08.png', 'uploads/product-color/PL017Peppermint_200x200.jpg', 1, 1, '2024-09-27 08:23:46', '2024-12-02 06:37:41', '2024-12-02 06:37:41'),
(182, 28, 'Apollo', 'uploads/product-color/7ba304f2-ae34-441b-9f76-db5a3ed760f9.png', 'uploads/product-color/PL131Apollo_200x200.jpg', 1, 1, '2024-09-27 08:23:46', '2024-12-07 01:44:22', NULL),
(183, 28, 'Black', 'uploads/product-color/bb686e13-f35d-453f-90e3-c0ccc8c26838.png', 'uploads/product-color/PL137Black_200x200.jpg', 1, 1, '2024-09-27 08:23:46', '2024-12-07 01:44:42', NULL),
(184, 28, 'Planet', 'uploads/product-color/43198045-958e-4f63-a522-9f81137a3d3d.png', 'uploads/product-color/PL150Planet_200x200.jpg', 1, 1, '2024-09-27 08:23:46', '2024-12-07 01:44:55', NULL),
(185, 28, 'Cinnamon', 'uploads/product-color/7d05fdee-9621-4ef9-a4d7-337184911c3a.png', 'uploads/product-color/PL157Cinnamon_200x200.jpg', 1, 1, '2024-09-27 08:23:46', '2024-12-07 01:45:13', NULL),
(186, 28, 'Electric', 'uploads/product-color/e84d32c1-a85a-4f70-9866-aec7c96eaddd.png', 'uploads/product-color/PL162Electric_200x200.jpg', 1, 1, '2024-09-27 08:23:46', '2024-12-07 01:45:27', NULL),
(187, 28, 'Dago-Orange', 'uploads/product-color/a634f250-0488-41a7-a58b-62c806ff81d5.png', 'uploads/product-color/PL181DagoOrange_200x200.jpg', 1, 1, '2024-09-27 08:23:46', '2024-12-07 01:45:45', NULL),
(188, 28, 'Stone', 'uploads/product-color/That\'s_It_07.png', 'uploads/product-color/Pl1018Stone_200x200.jpg', 1, 1, '2024-09-27 08:23:46', '2024-12-02 07:40:01', '2024-12-02 07:40:01'),
(189, 28, 'Peppermint', 'uploads/product-color/That\'s_It_08.png', 'uploads/product-color/PL017Peppermint_200x200.jpg', 1, 1, '2024-09-27 08:23:46', '2024-12-02 07:40:07', '2024-12-02 07:40:07'),
(190, 29, 'Smokey Grey', 'uploads/product-color/25184f79-7a28-4c07-a554-ae8423d2bfa6.png', 'uploads/product-color/SmokeyGrey.png', 1, 1, '2024-10-01 00:05:58', '2024-12-07 01:51:19', NULL),
(191, 30, 'Carbon Black', 'uploads/product-color/ab167c9b-efd4-4e53-b5be-4e41fea7e9f6.png', 'uploads/product-color/CarbonBlack.png', 1, 1, '2024-10-01 00:05:58', '2024-12-07 01:53:04', NULL),
(192, 31, 'Beige', 'uploads/product-color/a8be2ccc-f1f4-4589-848c-7ff1aeb37b72.png', 'uploads/product-color/Beige.png', 1, 1, '2024-10-01 00:05:58', '2024-12-07 01:53:48', NULL),
(193, 32, 'Caramel Brown', 'uploads/product-color/ab43a2a6-d6d2-4904-b3dd-50f1688a767d.png', 'uploads/product-color/CaramelBrown.png', 1, 1, '2024-10-01 00:05:58', '2024-12-07 01:54:30', NULL),
(194, 33, 'Beige', 'uploads/product-color/325485b4-fa02-433d-93a3-5522862119cb.png', 'uploads/product-color/Beige.png', 1, 1, '2024-10-01 00:05:58', '2024-12-07 01:55:14', NULL),
(195, 34, 'Royal Blue', 'uploads/product-color/17df36d4-6124-418b-a161-f61e9f0cbc9b.png', 'uploads/product-color/SK05RoyalBlue_200x200.jpg', 1, 1, '2024-10-01 00:05:58', '2024-12-07 02:00:25', NULL),
(196, 34, 'Dark Red', 'uploads/product-color/919e593a-48a7-41a7-b9b3-11f4eb1ccf9f.png', 'uploads/product-color/TD49DarkCrimson Red_200x200.jpg', 1, 1, '2024-10-01 00:05:58', '2024-12-07 02:01:54', NULL),
(197, 34, 'Ruby Red', 'uploads/product-color/37bfe9fb-262f-41ba-b8af-c6481f9646af.png', 'uploads/product-color/SK49 RubyRed_200x200.jpg', 1, 1, '2024-10-01 00:05:58', '2024-12-07 02:09:58', NULL),
(198, 34, 'Aqua Blue', 'uploads/product-color/601e9b60-ebaf-4703-a434-426b2b1f4b47.png', 'uploads/product-color/SK75 AquaBlue_200x200.jpg', 1, 1, '2024-10-01 00:05:58', '2024-12-07 02:11:15', NULL),
(199, 34, 'Skydiver-Blue', 'uploads/product-color/5e0562d5-52d2-4f76-b587-0fcb3578e48a.png', 'uploads/product-color/SkydiverBlue (ST36)_200x200.jpg', 1, 1, '2024-10-01 00:05:58', '2024-12-07 02:11:38', NULL),
(200, 34, 'Strawberry-Red', 'uploads/product-color/6e57101b-3ead-4d18-8d77-8cf4127da420.png', 'uploads/product-color/StrawberryRed(ST-36)_200x200.jpg', 1, 1, '2024-10-01 00:05:58', '2024-12-07 03:23:08', NULL),
(201, 34, 'Midnight Blue', 'uploads/product-color/cc668839-f01e-4af6-9d9c-dbdb1a9f6c73.png', 'uploads/product-color/SW34MidnightBlue_200x200.jpg', 1, 1, '2024-10-01 00:05:58', '2024-12-07 03:26:16', NULL),
(202, 34, 'Red', 'uploads/product-color/b8bab100-6807-4c67-823c-c142b39299da.png', 'uploads/product-color/SW49Red_200x200.jpg', 1, 1, '2024-10-01 00:05:58', '2024-12-07 03:26:36', NULL),
(203, 34, 'Fire Brick', 'uploads/product-color/9788a9c4-62f9-4c04-b55e-3aedc5754ff7.png', 'uploads/product-color/SW51FireBrick_200x200.jpg', 1, 1, '2024-10-01 00:05:58', '2024-12-07 03:28:59', NULL),
(204, 34, 'Charcoal-Black', 'uploads/product-color/23f32a55-5197-4d71-a3e1-030d974140f6.png', 'uploads/product-color/SW60CharcoalBlack_200x200.jpg', 1, 1, '2024-10-01 00:05:58', '2024-12-07 03:29:26', NULL),
(205, 34, 'Carbon Blue', 'uploads/product-color/5b2cb447-8eb6-4997-8861-f3d56cf2412e.png', 'uploads/product-color/TD05CarbonBlue_200x200.jpg', 1, 1, '2024-10-01 00:05:58', '2024-12-07 03:30:33', NULL),
(206, 34, 'Wood Brown', 'uploads/product-color/232df2bb-8caf-4b3b-a6bf-7758ab818b97.png', 'uploads/product-color/TD33WoodBrown_200x200.jpg', 1, 1, '2024-10-01 00:05:58', '2024-12-07 03:30:56', NULL),
(207, 34, 'Desert Brown', 'uploads/product-color/ce7cc1e0-4213-4342-a0d8-c106c21f66e9.png', 'uploads/product-color/TD48DesertBrown_200x200.jpg', 1, 1, '2024-10-01 00:05:58', '2024-12-07 03:32:01', NULL),
(208, 34, 'Walnut Brown', 'uploads/product-color/915dbec6-49e4-48aa-ae6e-d89029be88f5.png', 'uploads/product-color/c207d4ee-4459-4c46-9129-629397fabd6a.jpg', 1, 1, '2024-10-01 00:05:58', '2024-12-07 03:33:49', NULL),
(209, 35, 'Royal Blue', 'uploads/product-color/d276e098-5354-4dfb-b223-770be43bcdf6.png', 'uploads/product-color/SK05RoyalBlue_200x200.jpg', 1, 1, '2024-10-01 00:05:58', '2024-12-07 03:36:25', NULL),
(210, 35, 'Dark Red', 'uploads/product-color/0b4c9665-ef76-41f3-a989-6b98c873058b.png', 'uploads/product-color/TD49DarkCrimson Red_200x200.jpg', 1, 1, '2024-10-01 00:05:58', '2024-12-07 03:37:03', NULL),
(211, 35, 'Ruby Red', 'uploads/product-color/a338ad46-7c69-4af0-a4f0-0d7152888114.png', 'uploads/product-color/SK49 RubyRed_200x200.jpg', 1, 1, '2024-10-01 00:05:58', '2024-12-07 03:37:39', NULL),
(212, 35, 'Aqua Blue', 'uploads/product-color/95dfd350-0583-4dcc-83d3-38914218b5d0.png', 'uploads/product-color/SK75 AquaBlue_200x200.jpg', 1, 1, '2024-10-01 00:05:58', '2024-12-07 03:38:08', NULL),
(213, 35, 'Skydiver Blue', 'uploads/product-color/1e6ebef4-071e-4dfb-89bb-a31ae6890ca1.png', 'uploads/product-color/SkydiverBlue (ST36)_200x200.jpg', 1, 1, '2024-10-01 00:05:58', '2024-12-07 03:41:24', NULL),
(214, 35, 'Strawberry Red', 'uploads/product-color/31141679-427b-4361-9228-94b6f074cef1.png', 'uploads/product-color/StrawberryRed(ST-36)_200x200.jpg', 1, 1, '2024-10-01 00:05:58', '2024-12-07 03:43:24', NULL),
(215, 35, 'Midnight Blue', 'uploads/product-color/b3627444-a2b3-4310-a7b0-96bc7bcea3ff.png', 'uploads/product-color/SW34MidnightBlue_200x200.jpg', 1, 1, '2024-10-01 00:05:58', '2024-12-07 03:43:56', NULL),
(216, 35, 'Red', 'uploads/product-color/51b67195-151e-43ae-9f64-b1713196d707.png', 'uploads/product-color/SW49Red_200x200.jpg', 1, 1, '2024-10-01 00:05:58', '2024-12-07 03:44:19', NULL),
(217, 35, 'Fire Brick', 'uploads/product-color/7c8d33df-569e-48e2-ba75-fbc2ac71b31a.png', 'uploads/product-color/SW51FireBrick_200x200.jpg', 1, 1, '2024-10-01 00:05:58', '2024-12-07 03:45:03', NULL),
(218, 35, 'Charcoal Black', 'uploads/product-color/1b85d6ee-a988-4f56-acc2-8fbc333b3bf6.png', 'uploads/product-color/SW60CharcoalBlack_200x200.jpg', 1, 1, '2024-10-01 00:05:58', '2024-12-07 03:49:28', NULL),
(219, 35, 'Carbon Blue', 'uploads/product-color/01aa64b6-ec18-4795-a275-9f5c7944478e.png', 'uploads/product-color/TD05CarbonBlue_200x200.jpg', 1, 1, '2024-10-01 00:05:58', '2024-12-07 03:50:20', NULL),
(220, 35, 'Wood Brown', 'uploads/product-color/ff526189-e463-4ef6-a569-0ad2ca3f72d3.png', 'uploads/product-color/TD33WoodBrown_200x200.jpg', 1, 1, '2024-10-01 00:05:58', '2024-12-07 03:50:51', NULL),
(221, 35, 'Desert Brown', 'uploads/product-color/60c3deac-1922-47dc-a8be-7f710dce7cfe.png', 'uploads/product-color/TD48DesertBrown_200x200.jpg', 1, 1, '2024-10-01 00:05:58', '2024-12-07 03:51:14', NULL),
(222, 35, 'Walnut Brown', 'uploads/product-color/b150f94f-36ee-4ea4-8fc2-b7ab66e36eca.png', 'uploads/product-color/d6b1c1b4-1dbb-4f7c-a170-33e160060db0.jpg', 1, 1, '2024-10-01 00:05:58', '2024-12-07 03:52:20', NULL),
(223, 36, 'Royal Blue', 'uploads/product-color/5b0b4219-85d7-4fe6-bb83-7eb1e1fed413.png', 'uploads/product-color/SK05RoyalBlue_200x200.jpg', 1, 1, '2024-10-01 00:05:58', '2024-12-07 03:54:18', NULL),
(224, 36, 'Dark Red', 'uploads/product-color/a4ee76a1-1445-4ce6-be3b-129f74dadd01.png', 'uploads/product-color/TD49DarkCrimson Red_200x200.jpg', 1, 1, '2024-10-01 00:05:58', '2024-12-07 03:54:51', NULL),
(225, 36, 'Ruby Red', 'uploads/product-color/be1d57b6-bf19-45bc-a405-025d72170764.png', 'uploads/product-color/SK49 RubyRed_200x200.jpg', 1, 1, '2024-10-01 00:05:58', '2024-12-07 03:55:19', NULL),
(226, 36, 'Aqua Blue', 'uploads/product-color/9a5ee69f-45dc-4ecb-bb33-fd1bb6fd6789.png', 'uploads/product-color/SK75 AquaBlue_200x200.jpg', 1, 1, '2024-10-01 00:05:58', '2024-12-07 03:55:39', NULL),
(227, 36, 'Skydiver Blue', 'uploads/product-color/528aef4d-e399-40d5-9feb-97b02de2f1b0.png', 'uploads/product-color/SkydiverBlue (ST36)_200x200.jpg', 1, 1, '2024-10-01 00:05:58', '2024-12-07 03:57:20', NULL),
(228, 36, 'Strawberry Red', 'uploads/product-color/18262929-d64f-40d8-bc2a-a4414eafedbe.png', 'uploads/product-color/StrawberryRed(ST-36)_200x200.jpg', 1, 1, '2024-10-01 00:05:58', '2024-12-07 03:57:54', NULL),
(229, 36, 'Midnight Blue', 'uploads/product-color/173b05b0-6761-4664-9b9a-b019f58fbb6a.png', 'uploads/product-color/SW34MidnightBlue_200x200.jpg', 1, 1, '2024-10-01 00:05:58', '2024-12-07 03:58:26', NULL),
(230, 36, 'Red', 'uploads/product-color/22ed357f-5bd0-4437-83d8-75122af5a297.png', 'uploads/product-color/SW49Red_200x200.jpg', 1, 1, '2024-10-01 00:05:58', '2024-12-07 03:58:58', NULL),
(231, 36, 'Fire Brick', 'uploads/product-color/7e1add61-1dcf-41ad-887c-072b4e680a38.png', 'uploads/product-color/SW51FireBrick_200x200.jpg', 1, 1, '2024-10-01 00:05:58', '2024-12-07 03:59:45', NULL),
(232, 36, 'Charcoal Black', 'uploads/product-color/36fca4a6-a98e-4fee-a379-a94545cd48e8.png', 'uploads/product-color/SW60CharcoalBlack_200x200.jpg', 1, 1, '2024-10-01 00:05:58', '2024-12-07 04:00:10', NULL),
(233, 36, 'Carbon Blue', 'uploads/product-color/4924ae2a-0160-4b83-ac99-75a404a1599a.png', 'uploads/product-color/TD05CarbonBlue_200x200.jpg', 1, 1, '2024-10-01 00:05:58', '2024-12-07 04:00:33', NULL),
(234, 36, 'Wood Brown', 'uploads/product-color/cd09d1f2-ec9b-495a-b19b-0f90a3b3378a.png', 'uploads/product-color/TD33WoodBrown_200x200.jpg', 1, 1, '2024-10-01 00:05:58', '2024-12-07 04:01:00', NULL),
(235, 36, 'Desert Brown', 'uploads/product-color/536f3bfe-bfad-47b5-a474-d0db8b456391.png', 'uploads/product-color/TD48DesertBrown_200x200.jpg', 1, 1, '2024-10-01 00:05:58', '2024-12-07 04:01:34', NULL),
(236, 36, 'Walnut Brown', 'uploads/product-color/2d9bdc1e-fd9e-4df0-ba2f-931e88826960.png', 'uploads/product-color/c6297e86-0e26-4656-8401-8aa9232fe41b.jpg', 1, 1, '2024-10-01 00:05:58', '2024-12-07 04:02:03', NULL),
(237, 37, 'Forest', 'uploads/product-color/181af60e-2cc4-4656-a315-c893bb2e82ac.jpg', 'uploads/product-color/F-117Forest_200x200.jpg', 1, 1, '2024-10-01 00:05:58', '2024-12-02 08:16:38', NULL),
(238, 37, 'Flame', 'uploads/product-color/17031db3-c9f9-439e-926f-363fe4b6bb45.jpg', 'uploads/product-color/F-123Flame_200x200.jpg', 1, 1, '2024-10-01 00:05:58', '2024-12-02 08:16:52', NULL),
(239, 37, 'Caramel', 'uploads/product-color/05e159a4-f6ce-420b-99cc-3030436c271f.jpg', 'uploads/product-color/F-132Caramel_200x200.jpg', 1, 1, '2024-10-01 00:05:58', '2024-12-02 08:17:08', NULL),
(240, 37, 'Brown', 'uploads/product-color/2f1ac635-464f-4513-a47c-6bd145df7cd6.jpg', 'uploads/product-color/F-146Brown_200x200.jpg', 1, 1, '2024-10-01 00:05:58', '2024-12-02 08:17:23', NULL),
(241, 37, 'Sangria', 'uploads/product-color/c7808eac-8dde-4148-ac2a-98402e26787d.jpg', 'uploads/product-color/F-148Sangria_200x200.jpg', 1, 1, '2024-10-01 00:05:58', '2024-12-02 08:17:41', NULL),
(242, 37, 'Azure', 'uploads/product-color/332cdeee-0595-4302-bbf9-59b60d25db72.jpg', 'uploads/product-color/F-169Azure_200x200.jpg', 1, 1, '2024-10-01 00:05:58', '2024-12-02 08:17:57', NULL),
(243, 37, 'GunGrey', 'uploads/product-color/286c7bf3-d94d-4f31-969d-d1bf108bca34.jpg', 'uploads/product-color/F-193 GunGrey_200x200.jpg', 1, 1, '2024-10-01 00:05:58', '2024-12-02 08:18:12', NULL),
(244, 37, 'Purple', 'uploads/product-color/b90214ec-5012-46a2-8f32-5b601816727e.jpg', 'uploads/product-color/F-210Purple_200x200.jpg', 1, 1, '2024-10-01 00:05:58', '2024-12-02 08:18:30', NULL),
(245, 95, 'test01', 'uploads/product-color/72256530-5d16-45bf-8b2e-22447aa611ad.png', 'uploads/product-color/10e278df-8dbe-4385-a734-1c629f752cb1.png', 1, 1, '2024-10-08 06:12:26', '2024-10-08 06:12:26', NULL),
(246, 19, 'Black', 'uploads/product-color/d9d17647-88d3-4c10-9737-e4270aed2c04.png', 'uploads/product-color/4aa47e60-25f9-401c-95b0-dcfe5c41810d.png', 0, 1, '2024-12-02 05:22:09', '2024-12-07 00:36:29', NULL),
(247, 19, 'Cinnamon', 'uploads/product-color/ad4d7d6e-1bd5-436f-b119-c026e240ec13.png', 'uploads/product-color/86515494-a18b-4ddd-82b7-eb8ce1ff8d0c.png', 0, 1, '2024-12-02 05:23:00', '2024-12-07 00:36:08', NULL),
(248, 19, 'Apollo', 'uploads/product-color/5298b996-d0fe-4010-b310-0899c8ed2c32.png', 'uploads/product-color/f1ef3543-f38a-431f-bede-17b697d18f0c.png', 0, 1, '2024-12-02 05:27:13', '2024-12-07 00:35:53', NULL),
(249, 19, 'Electric', 'uploads/product-color/585d57a6-637a-4ffb-b6b2-8acae0bbb1b2.png', 'uploads/product-color/6d36ec13-8cfa-4211-9cc3-91b359fbfe3b.png', 0, 1, '2024-12-02 05:27:54', '2024-12-07 00:35:36', NULL),
(250, 19, 'Dago Orange', 'uploads/product-color/2c1ce62e-c3c3-4803-a69e-5cdad4816539.png', 'uploads/product-color/5256327b-657b-43e6-80ef-911eb6138ef1.png', 0, 1, '2024-12-02 05:28:27', '2024-12-07 00:32:45', NULL),
(251, 38, 'Azure', 'uploads/product-color/60ce5916-9385-43d1-8cd2-7dc592b38728.jpg', 'uploads/product-color/79cf2861-9d54-457a-bd1e-6f9a1efdd9ce.jpg', 1, 1, '2024-12-03 06:42:05', '2024-12-03 06:42:05', NULL),
(252, 38, 'Barn Red', 'uploads/product-color/ac923419-8dda-4ffa-a3cd-467fa04dfb70.jpg', 'uploads/product-color/6d2e18da-7f8c-481e-a7e7-e2070cc5c6b0.jpg', 1, 1, '2024-12-03 06:42:32', '2024-12-03 06:42:40', NULL);
INSERT INTO `product_colors` (`id`, `product_id`, `title`, `image`, `color`, `sort_order`, `status`, `created_at`, `updated_at`, `deleted_at`) VALUES
(253, 38, 'Carmine Red', 'uploads/product-color/3eca1e0c-a69e-4ff0-8798-04d91c8ffa84.jpg', 'uploads/product-color/6eae313f-c97e-498d-8410-c13d014f8f8f.jpg', 1, 1, '2024-12-03 06:43:10', '2024-12-03 06:43:10', NULL),
(254, 38, 'Deep Ocean', 'uploads/product-color/300a3ebd-de6d-4bd7-ba06-d71f5a90eb81.jpg', 'uploads/product-color/77372ebf-a7a7-48b5-a248-1e3cb675e7b6.jpg', 1, 1, '2024-12-03 06:43:48', '2024-12-03 06:43:48', NULL),
(255, 38, 'Lavender', 'uploads/product-color/4113481e-d30e-49db-b4eb-818ce6c6c8cd.jpg', 'uploads/product-color/160b9ba5-029c-4e1a-bc79-912f76e921db.jpg', 1, 1, '2024-12-03 06:44:18', '2024-12-03 06:44:18', NULL),
(256, 38, 'Midnight Black', 'uploads/product-color/37da3436-fe09-4962-ad3c-cf746e521ea5.jpg', 'uploads/product-color/f9bea1b7-cebe-44d2-8708-c9ecc782c5e0.jpg', 1, 1, '2024-12-03 06:44:57', '2024-12-03 06:44:57', NULL),
(257, 39, 'Annexe', 'uploads/product-color/337b22e3-b40f-4d4c-944d-8c20e208e015.png', 'uploads/product-color/60c59c5c-cbf6-44a4-b744-03dd2443ea68.png', 0, 1, '2024-12-05 06:52:05', '2024-12-05 06:52:05', NULL),
(258, 60, 'Epitome', 'uploads/product-color/2e582cce-f445-4b9f-87d7-53090986b6ea.png', 'uploads/product-color/73a265fa-5d30-41ce-a804-7f729cc734c6.jpg', 0, 1, '2024-12-05 07:16:30', '2024-12-09 05:30:47', NULL),
(259, 7, 'Clove Grey', 'uploads/product-color/a9197286-03b7-4751-8185-0ef701004f78.png', 'uploads/product-color/9bd4fb35-4e4e-4229-830f-0e031fd9a028.png', 0, 1, '2024-12-06 07:09:07', '2024-12-06 07:09:07', NULL),
(260, 34, 'Dark Crimson Red', 'uploads/product-color/6c68077e-f42a-4cd8-8fd5-3f26458df159.png', 'uploads/product-color/bff394af-dd3f-46ef-a85e-af71cc57222b.png', 1, 1, '2024-12-07 03:33:34', '2024-12-07 03:34:05', NULL),
(261, 35, 'Dark Crimson Red', 'uploads/product-color/10168071-3498-4cdf-944c-4cd2f01e4b1e.png', 'uploads/product-color/a17c4ef4-a87b-48bf-8872-6a070affe5c1.png', 1, 1, '2024-12-07 03:53:14', '2024-12-07 03:53:14', NULL),
(262, 36, 'Dark Crimson Red', 'uploads/product-color/94336c0e-decd-4292-bf29-66fbd7ce5c1b.png', 'uploads/product-color/1d647688-1e9e-42c2-a3a4-c36bf6324e88.png', 1, 1, '2024-12-07 04:02:56', '2024-12-07 04:02:56', NULL),
(263, 61, 'Multicolors', 'uploads/product-color/bc1dbe72-b5e6-4ed2-b91e-9cb39307f90f.png', 'uploads/product-color/ac075840-b0ff-4359-95c3-182142af975f.jpg', 2, 1, '2024-12-09 04:51:42', '2024-12-09 04:57:48', NULL),
(264, 61, 'Multicolors', 'uploads/product-color/8aab1b85-e087-4aef-ace6-35d7b882e759.png', 'uploads/product-color/690876f0-1b95-4fa1-8dec-8021d2d2e98c.jpg', 1, 1, '2024-12-09 04:55:04', '2024-12-09 04:57:17', NULL),
(265, 62, 'Multicolors', 'uploads/product-color/cd41ca6c-c399-4ff3-9b74-41afd5850bbd.png', 'uploads/product-color/76d04b7b-fe6d-469d-978c-21cfc5947a7c.jpg', 1, 1, '2024-12-09 05:00:26', '2024-12-09 05:00:26', NULL),
(266, 62, 'Multicolors', 'uploads/product-color/85c83913-ef96-41f3-8f38-e20a6c52f18d.png', 'uploads/product-color/0c3b8bd9-adc5-473a-aa4e-9e57a6397625.jpg', 2, 1, '2024-12-09 05:01:23', '2024-12-09 05:01:23', NULL),
(267, 63, 'Multicolors', 'uploads/product-color/95f4d8a1-0ecb-4cc7-bcca-93f086913ada.png', 'uploads/product-color/e23c2420-61e6-4ca7-9232-acc1afec40eb.jpg', 1, 1, '2024-12-09 05:13:11', '2024-12-09 05:14:56', NULL),
(268, 63, 'Multicolors', 'uploads/product-color/22a3c716-2791-4ea8-aba9-2fa9300a3dfd.png', 'uploads/product-color/49edb2a8-ccc9-47b2-994e-95b6779b37ca.jpg', 2, 1, '2024-12-09 05:16:47', '2024-12-09 05:16:47', NULL),
(269, 64, 'Multicolors', 'uploads/product-color/c2dc495e-925a-4081-add2-a743f98d28fe.png', 'uploads/product-color/74d5cc63-59bb-4095-aff0-3e088ae4adbd.jpg', 1, 1, '2024-12-09 05:24:51', '2024-12-09 05:24:51', NULL),
(270, 64, 'Multicolor', 'uploads/product-color/b723db5c-c024-49d5-a84c-175809a736ed.png', 'uploads/product-color/d9139361-2d82-4749-93c5-3035b19c44c0.jpg', 2, 1, '2024-12-09 05:25:29', '2024-12-09 05:25:29', NULL),
(271, 65, 'Multicolors', 'uploads/product-color/2ab99143-4ffc-44a8-847b-b01e3929e6d8.png', 'uploads/product-color/dde7615d-287a-4254-a9d5-e2a1203311f5.jpg', 1, 1, '2024-12-09 05:27:23', '2024-12-09 05:27:23', NULL),
(272, 65, 'Multicolors', 'uploads/product-color/5d7fb8da-0d33-481c-a7f5-75f2e400f668.png', 'uploads/product-color/c4a3bde0-23c4-4a93-80cb-b79614b60544.jpg', 2, 1, '2024-12-09 05:29:37', '2024-12-09 05:29:37', NULL),
(273, 66, 'Multicolors', 'uploads/product-color/5020b1cc-bb73-41ba-9963-2bc0617ef144.png', 'uploads/product-color/065df4fe-c468-4507-bd9d-ef93e98a31fe.jpg', 1, 1, '2024-12-09 05:33:59', '2024-12-09 05:33:59', NULL),
(274, 66, 'Multicolors', 'uploads/product-color/5fddbfcf-d907-4d8a-9f13-6929c85299a1.png', 'uploads/product-color/61fb0a48-e3ab-421f-8cbb-6f045827e193.jpg', 2, 1, '2024-12-09 05:35:10', '2024-12-09 05:35:10', NULL),
(275, 67, 'Multicolors', 'uploads/product-color/f8b6ec6b-4fcd-47ca-b7cd-ea32bb77daec.png', 'uploads/product-color/903889f6-ddf2-47c8-a76f-af6999b65c1c.jpg', 1, 1, '2024-12-09 05:36:30', '2024-12-09 05:36:30', NULL),
(276, 67, 'Multicolors', 'uploads/product-color/bc24a382-cb3b-415a-a339-7ef1a651084a.png', 'uploads/product-color/c606d4b5-4921-4d58-9ed7-e7ad0e267608.jpg', 2, 1, '2024-12-09 05:37:53', '2024-12-09 05:37:53', NULL),
(277, 68, 'Multicolors', 'uploads/product-color/2792b141-9a1b-4e25-a1a5-6e69cb48e24b.png', 'uploads/product-color/7b91306f-1de9-4e15-91be-bbc3c2b4aeef.jpg', 1, 1, '2024-12-09 05:44:36', '2024-12-09 05:44:36', NULL),
(278, 68, 'Multicolors', 'uploads/product-color/038b058d-4367-428a-9279-e85488fdc23a.png', 'uploads/product-color/3f735af6-ae1a-4b21-9cf6-c4590ab54f28.jpg', 2, 1, '2024-12-09 05:46:19', '2024-12-09 05:46:19', NULL),
(279, 71, 'Multicolors', 'uploads/product-color/76d80d05-c187-40bf-989c-0b13e2aa4330.png', 'uploads/product-color/e37e14cc-2820-47b7-b934-ffc2300e6360.jpg', 1, 1, '2024-12-09 06:52:17', '2024-12-09 06:52:17', NULL),
(280, 71, 'Multicolors', 'uploads/product-color/0af27b26-380d-4621-b6e6-6c90005df634.png', 'uploads/product-color/de5a4a90-823d-4145-a003-395fbad3def5.jpg', 2, 1, '2024-12-09 06:54:10', '2024-12-09 06:54:10', NULL),
(281, 34, 'Tarpaulin Grey', 'uploads/product-color/9088f245-89ec-4e7b-97d6-fd2ddc3ad76a.png', 'uploads/product-color/47a8d950-f9d6-4a5a-8acb-6a5b859c7e26.jpg', 1, 1, '2024-12-09 07:40:41', '2024-12-09 07:40:41', NULL),
(282, 35, 'Tarpaulin Grey', 'uploads/product-color/8e7fe6a8-46dc-4377-ae51-12e12de39b72.png', 'uploads/product-color/73a827b1-76c1-4b78-9f1e-ae780b6d62fc.jpg', 1, 1, '2024-12-09 07:41:46', '2024-12-09 07:41:46', NULL),
(283, 36, 'Tarpaulin Grey', 'uploads/product-color/23539d63-724c-4cf2-8373-6a387bd21f77.png', 'uploads/product-color/39d49de0-a839-4408-be2f-7cbc5eebdfa6.jpg', 1, 1, '2024-12-09 07:42:37', '2024-12-09 07:42:37', NULL),
(284, 11, 'Flame Gold', 'uploads/product-color/bc2eead9-9ffc-4d8f-bf8f-67af9fc62a56.png', 'uploads/product-color/c9e51082-d7c6-4a17-9a91-6ba544dac8a0.png', 1, 1, '2024-12-09 07:43:51', '2024-12-09 07:43:51', NULL),
(285, 11, 'Clove Grey', 'uploads/product-color/bf2c2b20-c6fa-473f-82f9-71c36d55371b.png', 'uploads/product-color/6855eba7-e555-4c73-9c8a-9700e6ae8d94.png', 1, 1, '2024-12-09 07:44:27', '2024-12-09 07:44:27', NULL),
(286, 12, 'Cinnamon Brown', 'uploads/product-color/706198c9-77b2-43aa-8f2a-d244296f9103.png', 'uploads/product-color/9ff301ff-465b-449e-8623-24574439202a.png', 1, 1, '2024-12-09 07:46:01', '2024-12-09 07:46:01', NULL),
(287, 12, 'Rich Red', 'uploads/product-color/e4e9bde5-22a1-4263-8c99-5a489f9e249b.png', 'uploads/product-color/f9557f0f-6844-492f-a4f5-a41929e6b6bc.png', 1, 1, '2024-12-09 07:46:39', '2024-12-09 07:46:39', NULL),
(288, 12, 'Flame Gold', 'uploads/product-color/251424a2-69e2-4432-980a-b0fd8c8013e7.png', 'uploads/product-color/29e55b5f-5830-4f93-9394-2a689d947408.png', 1, 1, '2024-12-09 07:47:22', '2024-12-09 07:47:22', NULL),
(289, 12, 'Clove Grey', 'uploads/product-color/62e58daa-ac80-4f5b-85d5-bc6eb48bfb9b.png', 'uploads/product-color/b93e4833-de1d-4ee8-9d6f-cf9703cda920.png', 1, 1, '2024-12-09 07:47:53', '2024-12-09 07:47:53', NULL),
(290, 14, 'Flame Gold', 'uploads/product-color/801e35aa-0768-4ce7-9201-6256a05ed252.png', 'uploads/product-color/a358d12a-5742-477e-a3a4-b38acf354b07.png', 1, 1, '2024-12-09 23:41:00', '2024-12-13 02:12:01', NULL),
(291, 14, 'Clove Grey', 'uploads/product-color/fc702822-11d5-4663-abd5-924f70f81d74.png', 'uploads/product-color/df2203c2-9e6d-43c5-9135-dd3b173a34b3.png', 1, 1, '2024-12-13 02:15:01', '2024-12-13 02:15:01', NULL),
(292, 14, 'Cool Blue', 'uploads/product-color/3584c08e-c613-47d4-a955-4c2b4027b219.png', 'uploads/product-color/240fc26f-933b-4f91-a9ad-2ef3e21b451d.png', 1, 1, '2024-12-13 02:15:39', '2024-12-13 02:15:39', NULL),
(293, 14, 'Jet Black', 'uploads/product-color/afa24a7e-9215-46c3-9d1f-5cc6b2cc4f96.png', 'uploads/product-color/a1f3fa89-05b6-45d4-bcfc-2450e719317c.png', 1, 1, '2024-12-13 02:16:48', '2024-12-13 02:16:48', NULL),
(294, 14, 'Olive Green', 'uploads/product-color/e63dec5b-e35d-4ede-8501-39d5ee3a78b8.png', 'uploads/product-color/69d9f947-a819-4e9c-8056-e7d7a1a256d8.png', 1, 1, '2024-12-20 07:16:51', '2024-12-20 07:16:51', NULL),
(295, 14, 'Cinnamon Brown', 'uploads/product-color/f0a49a44-14d5-49dc-b066-7365bd5b0e27.png', 'uploads/product-color/15ee51cf-e631-447f-9d5e-0dd9353fbca2.png', 1, 1, '2024-12-20 07:17:50', '2024-12-20 07:17:50', NULL),
(296, 14, 'Rich Red', 'uploads/product-color/08e3b6f3-8068-4f53-8b92-6c03908de8ed.png', 'uploads/product-color/e4e109af-41a9-4c8d-9545-94e500a32e33.png', 1, 1, '2024-12-20 07:19:00', '2024-12-20 07:19:00', NULL),
(297, 72, 'Multicolor', 'uploads/product-color/52e54f05-dab3-4a83-8b5e-5e3c9dcdd36a.png', 'uploads/product-color/387d779d-93a3-49c6-9c23-e4cc2817093f.jpg', 0, 1, '2025-01-06 23:45:17', '2025-01-06 23:45:17', NULL),
(298, 72, 'Multicolor', 'uploads/product-color/a43d6f5c-2958-408f-918b-b6d720ea98d9.png', 'uploads/product-color/cf90bd1f-a388-42f5-9495-0e1ee6547f6b.jpg', 0, 1, '2025-01-06 23:47:51', '2025-01-06 23:47:51', NULL),
(299, 73, 'Multiple shades of Wood', 'uploads/product-color/dc73d5fc-3acc-4f43-8be8-4318156917ae.png', 'uploads/product-color/61f62d57-6ac7-4713-aa15-40ca8c4d7cfe.jpg', 0, 1, '2025-01-07 00:06:40', '2025-01-07 00:06:40', NULL),
(300, 73, 'Multiple shades of Wood', 'uploads/product-color/56ac0640-e07f-4163-bdec-4f3784838bce.png', 'uploads/product-color/b68572d9-72a5-49f5-9f1d-ff5d9e95865e.jpg', 0, 1, '2025-01-07 00:07:22', '2025-01-07 00:07:22', NULL),
(301, 74, 'Multiple shades of Wood', 'uploads/product-color/fbd57afa-8e9c-4bdc-b40d-2d2bffcc7598.png', 'uploads/product-color/ac1e688e-8081-4873-9a10-dee33f6f7762.jpg', 1, 1, '2025-01-16 05:37:47', '2025-01-16 05:37:47', NULL),
(302, 74, 'Multiple Shades of Wood', 'uploads/product-color/bc881813-b99f-4236-8d5e-32dc8815c72f.png', 'uploads/product-color/2d65842c-3453-4be5-97f2-3b78aa57a8b7.jpg', 1, 1, '2025-01-16 05:38:31', '2025-01-16 05:38:31', NULL),
(303, 75, 'Multiple Colors', 'uploads/product-color/46f30d51-558f-4acd-acfc-6ecd03aa6240.png', 'uploads/product-color/08eb056f-937f-4561-877c-286f74090a4e.jpg', 1, 1, '2025-01-17 00:25:37', '2025-01-17 00:25:37', NULL),
(304, 76, 'Multicolors', 'uploads/product-color/0c3d3f8f-809e-427a-9ea4-3b11121f9597.png', 'uploads/product-color/80e73066-f138-4e89-a306-efb9f2ae37f2.jpg', 1, 1, '2025-01-17 00:28:32', '2025-01-17 00:28:32', NULL),
(305, 77, 'Multiple Colors', 'uploads/product-color/ce0fde3f-4d4b-4887-b278-0b6c76ee701a.png', 'uploads/product-color/517294e1-7dfa-4b8d-9fbf-8afb75bb626d.jpg', 1, 1, '2025-01-17 00:33:31', '2025-01-17 00:33:31', NULL),
(306, 77, 'Multiple Colors', 'uploads/product-color/7440722a-8de4-43b6-966f-bb7d01ecd469.png', 'uploads/product-color/4093d090-ba60-4303-a235-363166fd412d.jpg', 1, 1, '2025-01-17 00:34:18', '2025-01-17 00:34:18', NULL),
(307, 78, 'Multicolor', 'uploads/product-color/7e36be42-4860-420b-a50e-7e33c88ce37e.png', 'uploads/product-color/11e23b10-081f-42fe-b328-c6cbc4301961.jpg', 1, 1, '2025-01-20 01:14:42', '2025-01-20 01:14:42', NULL),
(308, 79, 'Multicolor', 'uploads/product-color/5b9be12f-89eb-4bdc-89dc-e3d0515308c0.png', 'uploads/product-color/a5657314-0c0d-420c-aa4c-b3515e9d37c5.jpg', 1, 1, '2025-01-20 01:17:03', '2025-01-20 01:17:03', NULL),
(309, 80, 'Multi color', 'uploads/product-color/45f43ff1-ae25-4d7a-a98a-a25850053f15.png', 'uploads/product-color/d82b81e5-f08c-4526-a0e7-36329c138bbb.jpg', 1, 1, '2025-01-20 01:47:39', '2025-01-20 01:47:39', NULL),
(310, 81, 'Multicolor', 'uploads/product-color/08487970-c478-4154-9c98-93491dfe9a73.png', 'uploads/product-color/ac90b6e6-49fc-4e7f-9524-f10c25dc5697.jpg', 1, 1, '2025-01-20 07:00:47', '2025-01-20 07:00:47', NULL),
(311, 82, 'Multicolor', 'uploads/product-color/de2e3640-d681-4be0-ae42-962171ddce02.png', 'uploads/product-color/7aba6b6f-57b4-4fa0-8ebb-cc02e0511b4f.jpg', 1, 1, '2025-01-20 07:02:25', '2025-01-20 07:02:25', NULL),
(312, 83, 'Multicolor', 'uploads/product-color/df443b53-2587-47ea-abb4-f7eb6be7c09c.png', 'uploads/product-color/b0939d87-3859-47f8-9c65-398a74c9058c.jpg', 1, 1, '2025-01-20 07:05:01', '2025-01-20 07:05:01', NULL),
(313, 84, 'Multicolor', 'uploads/product-color/9075abb8-6d09-4580-b05f-c2f0b46bbfdb.png', 'uploads/product-color/88c9006b-748e-41e8-8ba2-ba1647352b69.jpg', 1, 1, '2025-01-21 00:06:09', '2025-01-21 00:16:11', NULL),
(314, 85, 'Multicolor', 'uploads/product-color/ca272906-8f1c-40a0-b704-d437195c4714.png', 'uploads/product-color/8324511c-112f-4722-9e49-c4b81b2ace7c.jpg', 1, 1, '2025-01-21 00:20:55', '2025-01-21 00:20:55', NULL),
(315, 86, 'Multicolor', 'uploads/product-color/0f546a27-99ab-4fa2-b220-774773fb61e0.png', 'uploads/product-color/f3e5be83-f6ee-45de-a3f9-cc746b801695.jpg', 1, 1, '2025-01-21 01:06:34', '2025-01-21 01:06:34', NULL),
(316, 87, 'Multicolor', 'uploads/product-color/7b49e973-eae3-474c-ab6d-bf9befbb23c3.png', 'uploads/product-color/1abbe1c8-bf1e-4656-bd9b-5b4261f47907.jpg', 1, 1, '2025-01-21 01:07:46', '2025-01-21 01:07:46', NULL),
(317, 87, 'Multicolor', 'uploads/product-color/cadb6998-f4da-4ed8-9d83-23ea1efde5b8.png', 'uploads/product-color/69744383-666c-421a-b05c-65cf92bd6b81.jpg', 0, 1, '2025-01-21 01:10:58', '2025-01-21 01:10:58', NULL),
(318, 88, 'Multicolor', 'uploads/product-color/4bcfa809-ad83-4b78-a2d4-1588bcc43f22.png', 'uploads/product-color/4215d881-b3de-4044-acbe-d5c09a69d98f.jpg', 1, 1, '2025-01-21 01:14:56', '2025-01-21 01:14:56', NULL),
(319, 89, 'Blue', 'uploads/product-color/730e338f-1632-4c4f-b65b-cbc9976b9fcf.png', 'uploads/product-color/9d99432a-affd-4ebe-9fb5-b61224433889.jpg', 1, 1, '2025-01-21 02:03:24', '2025-01-21 02:03:24', NULL),
(320, 89, 'Chocolate Brown', 'uploads/product-color/6b65f36b-11d9-4570-be8a-274608da0ad7.png', 'uploads/product-color/adbdce68-70c1-4938-9c22-e8616574c350.jpg', 2, 1, '2025-01-21 03:43:32', '2025-01-21 03:43:32', NULL),
(321, 89, 'Dark Red', 'uploads/product-color/e1cb4cde-2018-487d-b435-140e69c2dac6.png', 'uploads/product-color/e51fa548-7079-4a0e-913f-9e13a732652d.jpg', 3, 1, '2025-01-21 03:45:30', '2025-01-21 03:45:30', NULL),
(322, 89, 'Aqua Green', 'uploads/product-color/3e92e2d1-5efe-47b7-8efc-00cbef14f43a.png', 'uploads/product-color/a6184de2-4b1e-44a4-9aa5-732483f79bf9.jpg', 4, 1, '2025-01-21 03:53:55', '2025-01-21 03:53:55', NULL),
(323, 89, 'Gray', 'uploads/product-color/eed87b48-7dd5-4e11-bd8f-4da4a554a215.png', 'uploads/product-color/a1c6ca08-c0fd-439d-abc6-3dd0bc0eb743.jpg', 5, 1, '2025-01-21 03:55:07', '2025-01-21 03:55:07', NULL),
(324, 89, 'Red', 'uploads/product-color/256a43c1-b540-4ddc-933a-4e48766dd93e.png', 'uploads/product-color/58ab15dd-bc51-4205-97d0-7f8fe326af88.jpg', 6, 1, '2025-01-21 03:55:46', '2025-01-21 03:55:46', NULL),
(325, 90, 'Blue', 'uploads/product-color/ea887b4e-e7c5-45e1-88eb-ba30ada8f99a.png', 'uploads/product-color/3d230329-cd02-47e1-91bf-b72f9425a34f.jpg', 1, 1, '2025-01-21 06:26:48', '2025-01-21 06:26:56', NULL),
(326, 90, 'Brown', 'uploads/product-color/88445294-5c2b-414e-a3b4-e31c98d27873.png', 'uploads/product-color/903fbd49-f960-4b5e-9d95-a91d5075c304.jpg', 2, 1, '2025-01-21 06:30:36', '2025-01-21 06:30:36', NULL),
(327, 90, 'Dark Red', 'uploads/product-color/d7491a1d-fa06-49f6-89ec-fb83c0626a8d.png', 'uploads/product-color/03d99b27-778b-468e-8326-20995bb35c7c.jpg', 1, 1, '2025-01-21 06:31:44', '2025-01-21 06:31:44', NULL),
(328, 90, 'Aqua Green', 'uploads/product-color/c28eb96e-701c-4f6a-a6db-a40416eb76a8.png', 'uploads/product-color/572f6942-65f2-426b-8578-6d026931f1b4.jpg', 1, 1, '2025-01-21 06:32:22', '2025-01-21 06:32:22', NULL),
(329, 90, 'Gray', 'uploads/product-color/a7851445-1409-4e41-a5a5-9e066591e687.png', 'uploads/product-color/c366f7b8-6a3d-4f1f-bf00-a8b5cf3127a1.jpg', 1, 1, '2025-01-21 06:32:51', '2025-01-21 06:32:51', NULL),
(330, 90, 'Red', 'uploads/product-color/7f219f22-aaa5-48d8-b3c2-c2d0f680a0c2.png', 'uploads/product-color/8d1261f0-b70e-4dcd-aa38-44745395f51f.jpg', 1, 1, '2025-01-21 06:33:42', '2025-01-21 06:33:42', NULL),
(331, 91, 'Multicolor', 'uploads/product-color/c3f9aa25-e6b9-46f1-a72a-d31b20dfc7f5.png', 'uploads/product-color/092a89e2-aca6-4ca1-a701-ae2a4ae16409.jpg', 1, 1, '2025-01-21 06:39:03', '2025-01-21 06:42:00', NULL),
(332, 92, 'Multicolor', 'uploads/product-color/8d4dce7a-0969-4761-b66f-d64a2588cf36.png', 'uploads/product-color/2737a2e0-4a18-41c2-86a9-b93b12fc8bf0.jpg', 1, 1, '2025-01-21 06:43:16', '2025-01-21 06:43:16', NULL),
(333, 93, 'Multicolor', 'uploads/product-color/e81bfdff-7e0c-4e3c-8d89-d7d6d9adc6ea.png', 'uploads/product-color/ef6010f3-b0ef-4a92-a188-b1fcfd42c042.jpg', 1, 1, '2025-02-10 05:16:39', '2025-02-10 05:16:39', NULL),
(334, 94, 'Multicolor', 'uploads/product-color/f545c305-909d-4c18-b49e-704a3f603859.png', 'uploads/product-color/f9dc76e7-dbd2-4a42-8450-5811c0df53cb.jpg', 1, 1, '2025-02-10 05:17:58', '2025-02-10 05:17:58', NULL),
(335, 40, 'One Colour', 'uploads/product-color/de731723-b44c-4513-9d43-ce90bff8a2c8.png', 'uploads/product-color/b55fc2a0-446b-410c-a46b-e675f7716617.png', 1, 1, '2025-02-10 05:22:01', '2025-02-10 05:22:01', NULL),
(336, 41, 'Multicolor', 'uploads/product-color/d5f01656-05ba-494d-855a-f76e7fa3bfe7.png', 'uploads/product-color/0c6fad61-48f9-4183-b012-68b2e389a363.png', 1, 1, '2025-02-10 05:52:58', '2025-02-10 05:53:05', NULL),
(337, 42, 'Orange', 'uploads/product-color/3750743b-1597-48ea-be12-57d92b6bf5ed.png', 'uploads/product-color/20a72941-2df5-4140-87dc-5f9af98247bc.png', 1, 1, '2025-02-10 05:58:25', '2025-02-10 05:58:25', NULL),
(338, 43, 'Multiple Colors', 'uploads/product-color/94bfca38-b7a1-4d1a-a76e-e36884990953.png', 'uploads/product-color/af1f2d96-d195-4f87-b8ac-a55d0a3bfa10.jpg', 1, 1, '2025-02-10 06:04:21', '2025-02-10 06:04:21', NULL),
(339, 44, 'Multiple Colors', 'uploads/product-color/ec4f2bd8-e8bc-4ae1-b09f-223dda474e7e.png', 'uploads/product-color/91b920f2-6193-4195-a827-cd31f77e5a16.jpg', 1, 1, '2025-02-10 06:11:40', '2025-02-10 06:11:40', NULL),
(340, 45, 'Red', 'uploads/product-color/96bd003a-b0aa-44e9-a04b-9f8477c19ebc.jpg', 'uploads/product-color/a9b629a2-2063-4e33-9c9a-756e4b1bfc8e.png', 1, 1, '2025-03-13 05:15:11', '2026-04-22 05:05:15', NULL),
(341, 46, 'Multicolor', 'uploads/product-color/d9f5928b-5bd7-474b-a871-f322f2cbaf2b.png', 'uploads/product-color/20a16ff2-7d40-4767-9ca3-3786620c8a9f.jpg', 1, 1, '2025-03-13 05:16:43', '2025-03-13 05:16:43', NULL),
(342, 47, 'Multicolor', 'uploads/product-color/a83b00fc-ef96-40af-9c1c-fe77b4a233a4.png', 'uploads/product-color/4e171102-9a21-4603-8797-7fba3fcf3bcb.jpg', 1, 1, '2025-03-13 05:18:04', '2025-03-13 05:18:04', NULL),
(343, 48, 'Multicolor', 'uploads/product-color/0d02b317-1f1e-4c1c-b0c5-6a3e5a87cd03.png', 'uploads/product-color/4b4cd1ab-7e02-400d-9f1a-1f6920a340bd.jpg', 1, 1, '2025-03-13 05:21:18', '2025-03-13 05:21:18', NULL),
(344, 49, 'Multicolor', 'uploads/product-color/95d97422-ce6b-45fa-b05c-73682b38c4fb.png', 'uploads/product-color/5aea139e-0a78-420e-8923-3d27c7fae757.jpg', 1, 1, '2025-03-13 05:25:17', '2025-03-13 05:25:17', NULL),
(345, 50, 'Multicolor', 'uploads/product-color/82306296-c9d2-420e-817a-81c5a0532089.png', 'uploads/product-color/db4d9ecc-632b-4771-ac67-3534ce8748af.jpg', 1, 1, '2025-03-13 06:34:29', '2025-03-13 06:34:29', NULL),
(346, 51, 'Multicolor', 'uploads/product-color/f34d0262-76af-4bae-a207-41fe675fb871.png', 'uploads/product-color/f8102f17-a3c4-4716-83b2-6bca2565ccdf.jpg', 1, 1, '2025-03-13 06:48:20', '2025-03-13 06:48:20', NULL),
(347, 52, 'Multicolor', 'uploads/product-color/eb4af969-8330-404c-8ed9-2d70f001968d.png', 'uploads/product-color/3b86aeb4-c892-47e5-a194-cb90d51d7204.jpg', 1, 1, '2025-03-13 06:49:56', '2025-03-13 06:49:56', NULL),
(348, 53, 'Multicolor', 'uploads/product-color/97e7154f-ea96-414b-809f-4847ae66b19f.png', 'uploads/product-color/9437dd77-f92d-4301-a62a-d55d6a14aab8.jpg', 1, 1, '2025-03-13 06:52:30', '2025-03-13 06:52:30', NULL),
(349, 54, 'Multicolor', 'uploads/product-color/aaeaef36-7eb3-40ea-a7aa-d6bb31639d83.png', 'uploads/product-color/b89131cd-437b-4f7b-94a7-9ebc308c468d.jpg', 1, 1, '2025-03-13 06:54:15', '2025-03-13 06:54:15', NULL),
(350, 55, 'Multicolor', 'uploads/product-color/a2b590ab-4ce5-4ac9-922c-ddfe3494f870.png', 'uploads/product-color/3122e42d-9923-488c-a403-1554c5ed144c.jpg', 1, 1, '2025-03-13 06:57:10', '2025-03-13 06:57:10', NULL),
(351, 56, 'Multicolor', 'uploads/product-color/44916dd8-5a96-4efb-a670-aa97e0ef8cef.png', 'uploads/product-color/dfa6ead6-b586-4059-885d-f482eb27742d.jpg', 1, 1, '2025-03-13 06:58:24', '2025-03-13 06:58:24', NULL),
(352, 57, 'Multicolor', 'uploads/product-color/b9558dd2-1a2d-4872-85af-b79b0e15c590.png', 'uploads/product-color/36a5ce09-89f8-4550-bd7a-6997194df456.jpg', 1, 1, '2025-03-13 06:59:49', '2025-03-13 06:59:49', NULL),
(353, 58, 'Multicolor', 'uploads/product-color/6cad1914-5640-444b-86d3-261046d315b7.png', 'uploads/product-color/ffc7eb66-bb6a-4eed-82e8-dcff1ec55368.jpg', 1, 1, '2025-03-13 07:00:39', '2025-03-13 07:00:39', NULL),
(354, 59, 'Multicolor', 'uploads/product-color/2682a7ec-4da7-4309-a32b-8ca59c590a15.png', 'uploads/product-color/441a50bb-a44a-431e-993c-df5b995663e5.jpg', 1, 1, '2025-03-13 07:01:44', '2025-03-13 07:01:44', NULL),
(355, 96, 'Black', 'uploads/product-color/103d698e-d137-4569-b464-3f2178e848e7.png', 'uploads/product-color/0fe12c58-e70b-435c-86cc-0fca2ca0ad42.png', 1, 1, '2025-07-28 04:28:53', '2026-05-04 01:31:13', NULL),
(356, 97, 'Olive Green', 'uploads/product-color/5b85c17b-ee0e-4fef-8aaa-f4c6a8c3c6c0.png', 'uploads/product-color/3c97c742-c8e1-4026-bb1d-e2dc8323a757.png', 1, 1, '2025-12-23 01:05:07', '2026-05-12 02:11:11', NULL),
(357, 98, 'Black', 'uploads/product-color/e0f4bf5e-30d9-45aa-a1db-a45789ee6f85.webp', 'uploads/product-color/f4c800d7-6a8f-4c6e-86c5-b91ba687b2de.webp', 1, 1, '2026-04-08 05:47:34', '2026-04-08 05:47:34', NULL),
(358, 99, 'Erth', 'uploads/product-color/5f1e409b-3cb1-4828-a6db-88d8299e552d.png', 'uploads/product-color/49b00f55-89ec-4f00-8632-0f4e507614f0.png', 1, 1, '2026-04-08 06:08:09', '2026-04-08 06:08:09', NULL),
(359, 100, 'Erth', 'uploads/product-color/b836e470-8d0a-430b-b7cf-04752f27e8e9.png', 'uploads/product-color/acff5234-c7a4-43d8-b102-ca6328b930d0.png', 1, 1, '2026-04-08 06:15:02', '2026-04-08 06:15:02', NULL),
(360, 101, 'Mudra', 'uploads/product-color/1e9d08f9-08a8-4a63-9fe3-eeb1648db5ba.png', 'uploads/product-color/403d9a9c-0791-4137-9ce2-59574c777f98.png', 1, 1, '2026-04-08 06:17:35', '2026-04-08 06:17:35', NULL),
(361, 102, 'Rev.v', 'uploads/product-color/a261a424-31af-43dc-bb8c-ca5e186f7e78.png', 'uploads/product-color/6dcf5928-206a-4cfa-9f0c-feddd4e2e467.png', 1, 1, '2026-04-10 07:30:45', '2026-04-10 07:30:45', NULL),
(362, 103, 'Got It Black', 'uploads/product-color/1fcc9657-5df4-4589-86b1-b343cb127dd2.png', 'uploads/product-color/689879c2-82b7-4e70-93e8-9ba0f1dcbeb3.png', 1, 1, '2026-04-10 07:32:33', '2026-04-10 07:32:33', NULL),
(363, 104, 'Got It Silver', 'uploads/product-color/160861e2-9219-47e1-a2a3-ab5f03eac0b8.png', 'uploads/product-color/89c3f4a4-608f-4be2-a2a4-e53a1d3d8388.png', 1, 1, '2026-04-10 07:33:28', '2026-04-10 07:33:28', NULL),
(364, 105, 'Ditto', 'uploads/product-color/86a8a645-7c11-481d-af53-5d47549bf8fe.png', 'uploads/product-color/0a761d27-2e41-48b5-801c-b64edf47206e.png', 1, 1, '2026-04-10 07:34:15', '2026-04-10 07:34:15', NULL),
(365, 106, 'Spryte', 'uploads/product-color/02ef6e26-77b1-4bc1-9b0d-90ebb148a6cc.png', 'uploads/product-color/da462019-06dc-4c69-83ed-181a075937c2.png', 1, 1, '2026-04-10 07:35:05', '2026-04-10 07:35:05', NULL),
(366, 107, 'Fizz', 'uploads/product-color/66234197-0302-4860-851d-cc10def5b2bc.png', 'uploads/product-color/b9b1cc98-73b0-4ce3-9fe0-378204d2a658.png', 1, 1, '2026-04-10 07:35:45', '2026-04-10 07:35:45', NULL),
(367, 108, 'Matcha', 'uploads/product-color/4670364b-b72d-411a-8727-3f367f4f64ec.png', 'uploads/product-color/464039e6-0721-4b3d-ae49-896db59d1ee6.png', 1, 1, '2026-04-10 07:36:30', '2026-04-10 07:36:30', NULL),
(368, 109, 'Perk', 'uploads/product-color/5df07b75-efb8-4c05-a49a-9e400adc9042.png', 'uploads/product-color/6edddd30-bad6-4716-ac91-8c2366c6f508.png', 1, 1, '2026-04-10 07:37:27', '2026-04-10 07:37:27', NULL),
(369, 110, 'Avocado', 'uploads/product-color/fa4d713f-d6da-4a00-9491-16ffea889569.png', 'uploads/product-color/0a7e9418-69dc-4ec1-87e6-fc2b9e81b00a.png', 1, 1, '2026-04-10 07:38:15', '2026-04-10 07:38:15', NULL),
(370, 111, 'Sundae', 'uploads/product-color/56cc7979-753e-40f4-9b64-fa3e9e581632.png', 'uploads/product-color/de56eca6-7aff-4314-ae46-ca58cff848cc.png', 1, 1, '2026-04-10 07:38:59', '2026-04-10 07:38:59', NULL),
(371, 112, 'Truffle', 'uploads/product-color/d7cd32d5-c440-4939-9b68-ecc1247972f5.png', 'uploads/product-color/e0272c36-b619-4de9-8a1c-76290d3b42b8.png', 1, 1, '2026-04-10 07:39:50', '2026-04-10 07:39:50', NULL),
(372, 45, 'Blue', 'uploads/product-color/5ad3dd6a-2ade-4021-9e3f-d021954708f7.jpg', 'uploads/product-color/a1735ff8-c0da-49ac-a337-363c6025324f.png', 2, 1, '2026-04-22 05:01:29', '2026-04-22 05:01:29', NULL),
(373, 45, 'Green', 'uploads/product-color/c4cef1ed-2caa-4612-a974-430fc50d0164.jpg', 'uploads/product-color/d460f8c0-aabe-41a3-9ccd-e8999ff537e2.png', 3, 1, '2026-04-22 05:06:53', '2026-04-22 05:06:53', NULL),
(374, 45, 'Orange', 'uploads/product-color/73ada9a5-8b51-4926-9564-92ad4bc8efc4.jpg', 'uploads/product-color/58e82d5a-adfe-45b5-b665-36c08db5744f.png', 4, 1, '2026-04-22 05:08:34', '2026-04-22 05:08:34', NULL),
(375, 45, 'White', 'uploads/product-color/76fd6ea3-77ee-43ab-983e-5aac94972fa3.jpg', 'uploads/product-color/e09b1c8b-4922-45f6-a6db-3ebf579f148b.png', 5, 1, '2026-04-22 05:11:32', '2026-04-22 05:11:32', NULL),
(376, 45, 'Yellow', 'uploads/product-color/c4ed303a-c8c1-4496-b5f7-65af6df4f9ee.jpg', 'uploads/product-color/2d0f075d-90b4-45cb-9b92-5cf376e35793.png', 6, 1, '2026-04-22 05:13:02', '2026-04-22 05:13:02', NULL),
(377, 113, 'Xero', 'uploads/product-color/e5f32568-ec9f-4436-9b9f-1dba0a26dbcb.png', 'uploads/product-color/86d646e1-5b44-41e0-aa25-6cc90d408b1e.png', 1, 1, '2026-05-22 08:36:14', '2026-05-22 08:36:14', NULL),
(378, 114, 'Xero Box 3D', 'uploads/product-color/a956058c-b431-413d-aabf-fb6afca51f6d.png', 'uploads/product-color/6cc2bb91-4def-4cde-ba52-ec4ffb06bf68.png', 1, 1, '2026-05-22 08:37:36', '2026-05-22 08:37:36', NULL);

-- --------------------------------------------------------

--
-- Table structure for table `product_configurations`
--

CREATE TABLE `product_configurations` (
  `id` bigint UNSIGNED NOT NULL,
  `product_id` bigint UNSIGNED NOT NULL,
  `title` varchar(191) CHARACTER SET utf8mb4 COLLATE utf8mb4_unicode_ci NOT NULL,
  `description` text CHARACTER SET utf8mb4 COLLATE utf8mb4_unicode_ci NOT NULL,
  `images` longtext CHARACTER SET utf8mb4 COLLATE utf8mb4_unicode_ci,
  `sort_order` int NOT NULL DEFAULT '0',
  `status` tinyint(1) NOT NULL DEFAULT '1',
  `created_at` timestamp NULL DEFAULT NULL,
  `updated_at` timestamp NULL DEFAULT NULL,
  `deleted_at` timestamp NULL DEFAULT NULL
) ENGINE=MyISAM DEFAULT CHARSET=utf8mb4 COLLATE=utf8mb4_unicode_ci;

--
-- Dumping data for table `product_configurations`
--

INSERT INTO `product_configurations` (`id`, `product_id`, `title`, `description`, `images`, `sort_order`, `status`, `created_at`, `updated_at`, `deleted_at`) VALUES
(1, 1, 'Armrest', '1D Armrest', '[\"uploads\\/product-configuration\\/1Darmrest_270x370.png\"]', 1, 1, '2024-10-01 00:05:58', '2024-10-01 00:05:58', NULL),
(2, 1, 'Mechanism', 'Has Automatic Weight Sensing Mechanism and Synchro 1 Mechanism', '[\"uploads\\/product-configuration\\/AWSM_Mechanism_270x370.png\",\"uploads\\/product-configuration\\/S1mechanism_270x370.png\"]', 1, 1, '2024-10-01 00:05:58', '2024-10-01 00:05:58', NULL),
(3, 1, 'Gaslift', 'Class 4 Gaslift', '[\"uploads\\/product-configuration\\/Gas_lift_270x370.png\"]', 1, 1, '2024-10-01 00:05:58', '2024-10-01 00:05:58', NULL),
(4, 1, 'Base', 'Aluminium Base and Nylon Base', '[\"uploads\\/product-configuration\\/AluminumBase_270x370.png\",\"uploads\\/product-configuration\\/Nylon_Base_270x370.png\"]', 1, 1, '2024-10-01 00:05:58', '2024-10-01 00:05:58', NULL),
(5, 2, 'Armrest', '1D Silver Armrest', '[\"uploads\\/product-configuration\\/1Darmrest_silver_270x370.png\"]', 1, 1, '2024-10-01 00:05:58', '2024-10-01 00:05:58', NULL),
(6, 2, 'Mechanism', 'Has Automatic Weight Sensing Mechanism and Synchro 1 Mechanism', '[\"uploads\\/product-configuration\\/AWSM_Mechanism_270x370.png\",\"uploads\\/product-configuration\\/S1mechanism_270x370.png\"]', 1, 1, '2024-10-01 00:05:58', '2024-10-01 00:05:58', NULL),
(7, 2, 'Gaslift', 'Class 4 Gaslift', '[\"uploads\\/product-configuration\\/Gas_lift_270x370.png\"]', 1, 1, '2024-10-01 00:05:58', '2024-10-01 00:05:58', NULL),
(8, 2, 'Castor', 'PU Castor', '[\"uploads\\/product-configuration\\/PUCastor_270x370.png\"]', 1, 1, '2024-10-01 00:05:58', '2024-10-01 00:05:58', NULL),
(9, 4, 'Armrest', 'This comes with 1D PU armrest', '[\"uploads\\/product-configuration\\/1Darmrest_270x370.png\"]', 1, 1, '2024-10-01 00:05:58', '2024-10-01 00:05:58', NULL),
(10, 4, 'Mechanism', 'Has Automatic Weight Sensing Mechanism and Synchro 1 Mechanism', '[\"uploads\\/product-configuration\\/AWSM_Mechanism_270x370.png\",\"uploads\\/product-configuration\\/S1mechanism_270x370.png\"]', 1, 1, '2024-10-01 00:05:58', '2024-10-01 00:05:58', NULL),
(11, 4, 'Gaslift', 'Class 4 Gaslift', '[\"uploads\\/product-configuration\\/Gas_lift_270x370.png\"]', 1, 1, '2024-10-01 00:05:58', '2024-10-01 00:05:58', NULL),
(12, 4, 'Base', 'Aluminium Base and Nylon Base', '[\"uploads\\/product-configuration\\/AluminumBase_270x370.png\",\"uploads\\/product-configuration\\/Nylon_Base_270x370.png\"]', 1, 1, '2024-10-01 00:05:58', '2024-10-01 00:05:58', NULL),
(13, 5, 'Armrest', '1D Armrest', '[\"uploads\\/product-configuration\\/1Darmrest_270x370.png\"]', 1, 1, '2024-10-01 00:05:58', '2024-10-01 00:05:58', NULL),
(14, 6, 'Mechanism', 'has Automatic Weight Sensing Mechanism', '[\"uploads\\/product-configuration\\/AWSM_Mechanism_270x370.png\"]', 1, 1, '2024-10-01 00:05:58', '2024-10-01 00:05:58', NULL),
(15, 7, 'Gaslift', 'Class 4 Gaslift', '[\"uploads\\/product-configuration\\/Gas_lift_270x370.png\"]', 1, 1, '2024-10-01 00:05:58', '2024-10-01 00:05:58', NULL),
(16, 8, 'Base', 'Aluminium Base and Nylon Base', '[\"uploads\\/product-configuration\\/AluminumBase_270x370.png\",\"uploads\\/product-configuration\\/Nylon_Base_270x370.png\"]', 1, 1, '2024-10-01 00:05:58', '2024-10-01 00:05:58', NULL),
(17, 6, 'Gaslift', 'Class 4 Gaslift', '[\"uploads\\/product-configuration\\/Gas_lift_270x370.png\"]', 1, 1, '2024-10-01 00:05:58', '2024-10-01 00:05:58', NULL),
(18, 6, 'Base', 'Nylon Base', '[\"uploads\\/product-configuration\\/Nylon_Base_270x370.png\"]', 1, 1, '2024-10-01 00:05:58', '2024-10-01 00:05:58', NULL),
(19, 7, 'Mechanism', 'has Automatic Weight Sensing Mechanism', '[\"uploads\\/product-configuration\\/AWSM_Mechanism_270x370.png\"]', 1, 1, '2024-10-01 00:05:58', '2024-10-01 00:05:58', NULL),
(20, 7, 'Base', 'Aluminium Base', '[\"uploads\\/product-configuration\\/AluminumBase_270x370.png\"]', 1, 1, '2024-10-01 00:05:58', '2024-10-01 00:05:58', NULL),
(21, 7, 'Castor', 'PU Castor', '[\"uploads\\/product-configuration\\/PUCastor_270x370.png\"]', 1, 1, '2024-10-01 00:05:58', '2024-10-01 00:05:58', NULL),
(22, 8, 'Mechanism', 'has Automatic Weight Sensing Mechanism', '[\"uploads\\/product-configuration\\/AWSM_Mechanism_270x370.png\"]', 1, 1, '2024-10-01 00:05:58', '2024-10-01 00:05:58', NULL),
(23, 8, 'Gaslift', 'Class 4 Gaslift', '[\"uploads\\/product-configuration\\/Gas_lift_270x370.png\"]', 1, 1, '2024-10-01 00:05:58', '2024-10-01 00:05:58', NULL),
(24, 8, 'Castor', 'PU Castor', '[\"uploads\\/product-configuration\\/PUCastor_270x370.png\"]', 1, 1, '2024-10-01 00:05:58', '2024-10-01 00:05:58', NULL),
(25, 9, 'Mechanism', 'Has Automatic Weight Sensing Mechanism and Synchro 1 Mechanism', '[\"uploads\\/product-configuration\\/AWSM_Mechanism_270x370.png\",\"uploads\\/product-configuration\\/S1mechanism_270x370.png\"]', 1, 1, '2024-10-01 00:05:58', '2024-10-01 00:05:58', NULL),
(26, 9, 'Gaslift', 'Class 4 Gaslift', '[\"uploads\\/product-configuration\\/Gas_lift_270x370.png\"]', 1, 1, '2024-10-01 00:05:58', '2024-10-01 00:05:58', NULL),
(27, 9, 'Base', 'Aluminium Base and Nylon Base', '[\"uploads\\/product-configuration\\/AluminumBase_270x370.png\",\"uploads\\/product-configuration\\/Nylon_Base_270x370.png\"]', 1, 1, '2024-10-01 00:05:58', '2024-10-01 00:05:58', NULL),
(28, 9, 'Castor', 'PU Castor', '[\"uploads\\/product-configuration\\/PUCastor_270x370.png\"]', 1, 1, '2024-10-01 00:05:58', '2024-10-01 00:05:58', NULL),
(29, 10, 'Armrest', '1D Armrest, T-Fixed Armrest', '[\"uploads\\/product-configuration\\/1Darmrest_270x370.png\",\"uploads\\/product-configuration\\/TFixed_270x370.png\"]', 1, 1, '2024-10-01 00:05:58', '2024-10-01 00:05:58', NULL),
(30, 10, 'Mechanism', 'Enabled with Synchro1 Mechanism', '[\"uploads\\/product-configuration\\/S1mechanism_270x370.png\"]', 1, 1, '2024-10-01 00:05:58', '2024-10-01 00:05:58', NULL),
(31, 10, 'Gaslift', 'Class 4 Gaslift', '[\"uploads\\/product-configuration\\/Gas_lift_270x370.png\"]', 1, 1, '2024-10-01 00:05:58', '2024-10-01 00:05:58', NULL),
(32, 10, 'Base', 'Nylon Base', '[\"uploads\\/product-configuration\\/Nylon_Base_270x370.png\"]', 1, 1, '2024-10-01 00:05:58', '2024-10-01 00:05:58', NULL),
(33, 11, 'Mechanism', 'Has Automatic Weight Sensing Mechanism', '[\"uploads\\/product-configuration\\/AWSM_Mechanism_270x370.png\"]', 1, 1, '2024-10-01 00:05:58', '2024-10-01 00:05:58', NULL),
(34, 11, 'Gaslift', 'Class 4 Gaslift', '[\"uploads\\/product-configuration\\/Gas_lift_270x370.png\"]', 1, 1, '2024-10-01 00:05:58', '2024-10-01 00:05:58', NULL),
(35, 11, 'Base', 'Aluminium Base', '[\"uploads\\/product-configuration\\/AluminumBase_270x370.png\"]', 1, 1, '2024-10-01 00:05:58', '2024-10-01 00:05:58', NULL),
(36, 11, 'Castor', 'PU Castor', '[\"uploads\\/product-configuration\\/PUCastor_270x370.png\"]', 1, 1, '2024-10-01 00:05:58', '2024-10-01 00:05:58', NULL),
(37, 12, 'Mechanism', 'Has Automatic Weight Sensing Mechanism', '[\"uploads\\/product-configuration\\/AWSM_Mechanism_270x370.png\"]', 1, 1, '2024-10-01 00:05:58', '2024-10-01 00:05:58', NULL),
(38, 12, 'Gaslift', 'Class 4 Gaslift', '[\"uploads\\/product-configuration\\/Gas_lift_270x370.png\"]', 1, 1, '2024-10-01 00:05:58', '2024-10-01 00:05:58', NULL),
(39, 12, 'Base', 'Aluminium Base and Nylon Base', '[\"uploads\\/product-configuration\\/AluminumBase_270x370.png\",\"uploads\\/product-configuration\\/Nylon_Base_270x370.png\"]', 1, 1, '2024-10-01 00:05:58', '2024-10-01 00:05:58', NULL),
(40, 12, 'Castor', 'PU Castor', '[\"uploads\\/product-configuration\\/PUCastor_270x370.png\"]', 1, 1, '2024-10-01 00:05:58', '2024-10-01 00:05:58', NULL),
(41, 14, 'Armrest', '1D Armrest, T-Fixed Armrest', '[\"uploads\\/product-configuration\\/1Darmrest_270x370.png\",\"uploads\\/product-configuration\\/TFixed_270x370.png\"]', 1, 1, '2024-10-01 00:05:58', '2024-10-01 00:05:58', NULL),
(42, 14, 'Mechanism', 'Has Automatic Weight Sensing Mechanism and Synchro 1 Mechanism', '[\"uploads\\/product-configuration\\/AWSM_Mechanism_270x370.png\",\"uploads\\/product-configuration\\/S1mechanism_270x370.png\"]', 1, 1, '2024-10-01 00:05:58', '2024-10-01 00:05:58', NULL),
(43, 14, 'Gaslift', 'Class 4 Gaslift', '[\"uploads\\/product-configuration\\/Gas_lift_270x370.png\"]', 1, 1, '2024-10-01 00:05:58', '2024-10-01 00:05:58', NULL),
(44, 14, 'Base', 'Aluminium Base and Nylon Base', '[\"uploads\\/product-configuration\\/AluminumBase_270x370.png\",\"uploads\\/product-configuration\\/Nylon_Base_270x370.png\"]', 1, 1, '2024-10-01 00:05:58', '2024-10-01 00:05:58', NULL),
(45, 14, 'Castor', 'PU Castor', '[\"uploads\\/product-configuration\\/PUCastor_270x370.png\"]', 1, 1, '2024-10-01 00:05:58', '2024-10-01 00:05:58', NULL),
(46, 15, 'Mechanism', 'Has Automatic Weight Sensing Mechanism', '[\"uploads\\/product-configuration\\/AWSM_Mechanism_270x370.png\"]', 1, 1, '2024-10-01 00:05:58', '2024-10-01 00:05:58', NULL),
(47, 15, 'Gaslift', 'Class 4 Gaslift', '[\"uploads\\/product-configuration\\/Gas_lift_270x370.png\"]', 1, 1, '2024-10-01 00:05:58', '2024-10-01 00:05:58', NULL),
(48, 15, 'Base', 'Aluminium Base and Nylon Base', '[\"uploads\\/product-configuration\\/AluminumBase_270x370.png\",\"uploads\\/product-configuration\\/Nylon_Base_270x370.png\"]', 1, 1, '2024-10-01 00:05:58', '2024-10-01 00:05:58', NULL),
(49, 15, 'Castor', 'PU Castor', '[\"uploads\\/product-configuration\\/PUCastor_270x370.png\"]', 1, 1, '2024-10-01 00:05:58', '2024-10-01 00:05:58', NULL),
(50, 16, 'Armrest', '1D Armrest, T-Fixed Armrest', '[\"uploads\\/product-configuration\\/1Darmrest_270x370.png\",\"uploads\\/product-configuration\\/TFixed_270x370.png\"]', 1, 1, '2024-10-01 00:05:58', '2024-10-01 00:05:58', NULL),
(51, 16, 'Mechanism', 'Enabled with Synchro1 Mechanism', '[\"uploads\\/product-configuration\\/S1mechanism_270x370.png\"]', 1, 1, '2024-10-01 00:05:58', '2024-10-01 00:05:58', NULL),
(52, 16, 'Gaslift', 'Class 4 Gaslift', '[\"uploads\\/product-configuration\\/Gas_lift_270x370.png\"]', 1, 1, '2024-10-01 00:05:58', '2024-10-01 00:05:58', NULL),
(53, 16, 'Base', 'Nylon Base', '[\"uploads\\/product-configuration\\/Nylon_Base_270x370.png\"]', 1, 1, '2024-10-01 00:05:58', '2024-10-01 00:05:58', NULL),
(54, 17, 'Armrest', '1D Armrest', '[\"uploads\\/product-configuration\\/1Darmrest_270x370.png\"]', 1, 1, '2024-10-01 00:05:58', '2024-10-01 00:05:58', NULL),
(55, 17, 'Mechanism', 'Has Automatic Weight Sensing Mechanism and Synchro 1 Mechanism', '[\"uploads\\/product-configuration\\/AWSM_Mechanism_270x370.png\",\"uploads\\/product-configuration\\/S1mechanism_270x370.png\"]', 1, 1, '2024-10-01 00:05:58', '2024-10-01 00:05:58', NULL),
(56, 17, 'Gaslift', 'Class 4 Gaslift', '[\"uploads\\/product-configuration\\/Gas_lift_270x370.png\"]', 1, 1, '2024-10-01 00:05:58', '2024-10-01 00:05:58', NULL),
(57, 17, 'Base', 'Nylon Base', '[\"uploads\\/product-configuration\\/Nylon_Base_270x370.png\"]', 1, 1, '2024-10-01 00:05:58', '2024-10-01 00:05:58', NULL),
(58, 18, 'Mechanism', 'Has Automatic Weight Sensing Mechanism and Synchro 1 Mechanism', '[\"uploads\\/product-configuration\\/AWSM_Mechanism_270x370.png\",\"uploads\\/product-configuration\\/S1mechanism_270x370.png\"]', 1, 1, '2024-10-01 00:05:58', '2024-10-01 00:05:58', NULL),
(59, 18, 'Gaslift', 'Class 4 Gaslift', '[\"uploads\\/product-configuration\\/Gas_lift_270x370.png\"]', 1, 1, '2024-10-01 00:05:58', '2024-10-01 00:05:58', NULL),
(60, 18, 'Base', 'Nylon Base', '[\"uploads\\/product-configuration\\/Nylon_Base_270x370.png\"]', 1, 1, '2024-10-01 00:05:58', '2024-10-01 00:05:58', NULL),
(61, 20, 'Mechanism', 'Has Automatic Weight Sensing Mechanism', '[\"uploads\\/product-configuration\\/AWSM_Mechanism_270x370.png\"]', 1, 1, '2024-10-01 00:05:58', '2024-10-01 00:05:58', NULL),
(62, 20, 'Gaslift', 'Class 4 Gaslift', '[\"uploads\\/product-configuration\\/Gas_lift_270x370.png\"]', 1, 1, '2024-10-01 00:05:58', '2024-10-01 00:05:58', NULL),
(63, 20, 'Base', 'Aluminium Base', '[\"uploads\\/product-configuration\\/AluminumBase_270x370.png\"]', 1, 1, '2024-10-01 00:05:58', '2024-10-01 00:05:58', NULL),
(64, 20, 'Castor', 'PU Castor', '[\"uploads\\/product-configuration\\/PUCastor_270x370.png\"]', 1, 1, '2024-10-01 00:05:58', '2024-10-01 00:05:58', NULL),
(65, 21, 'Mechanism', 'Has Automatic Weight Sensing Mechanism', '[\"uploads\\/product-configuration\\/AWSM_Mechanism_270x370.png\"]', 1, 1, '2024-10-01 00:05:58', '2024-10-01 00:05:58', NULL),
(66, 21, 'Gaslift', 'Class 4 Gaslift', '[\"uploads\\/product-configuration\\/Gas_lift_270x370.png\"]', 1, 1, '2024-10-01 00:05:58', '2024-10-01 00:05:58', NULL),
(67, 21, 'Base', 'Aluminium Base', '[\"uploads\\/product-configuration\\/AluminumBase_270x370.png\"]', 1, 1, '2024-10-01 00:05:58', '2024-10-01 00:05:58', NULL),
(68, 21, 'Castor', 'PU Castor', '[\"uploads\\/product-configuration\\/PUCastor_270x370.png\"]', 1, 1, '2024-10-01 00:05:58', '2024-10-01 00:05:58', NULL),
(69, 22, 'Armrest', '1D Armrest, T-Fixed Armrest', '[\"uploads\\/product-configuration\\/1Darmrest_270x370.png\",\"uploads\\/product-configuration\\/TFixed_270x370.png\"]', 1, 1, '2024-10-01 00:05:58', '2024-10-01 00:05:58', NULL),
(70, 22, 'Mechanism', 'Enabled with Synchro1 Mechanism', '[\"uploads\\/product-configuration\\/S1mechanism_270x370.png\"]', 1, 1, '2024-10-01 00:05:58', '2024-10-01 00:05:58', NULL),
(71, 22, 'Gaslift', 'Class 4 Gaslift', '[\"uploads\\/product-configuration\\/Gas_lift_270x370.png\"]', 1, 1, '2024-10-01 00:05:58', '2024-10-01 00:05:58', NULL),
(72, 22, 'Base', 'Nylon Base', '[\"uploads\\/product-configuration\\/Nylon_Base_270x370.png\"]', 1, 1, '2024-10-01 00:05:58', '2024-10-01 00:05:58', NULL),
(73, 23, 'Armrest', '1D Armrest, T-Fixed Armrest', '[\"uploads\\/product-configuration\\/1Darmrest_270x370.png\",\"uploads\\/product-configuration\\/TFixed_270x370.png\"]', 1, 1, '2024-10-01 00:05:58', '2024-10-01 00:05:58', NULL),
(74, 23, 'Mechanism', 'Enabled with Synchro1 Mechanism', '[\"uploads\\/product-configuration\\/S1mechanism_270x370.png\"]', 1, 1, '2024-10-01 00:05:58', '2024-10-01 00:05:58', NULL),
(75, 23, 'Gaslift', 'Class 4 Gaslift', '[\"uploads\\/product-configuration\\/Gas_lift_270x370.png\"]', 1, 1, '2024-10-01 00:05:58', '2024-10-01 00:05:58', NULL),
(76, 23, 'Base', 'Nylon Base', '[\"uploads\\/product-configuration\\/Nylon_Base_270x370.png\"]', 1, 1, '2024-10-01 00:05:58', '2024-10-01 00:05:58', NULL),
(77, 24, 'Armrest', 'T-Fixed Armrest', '[\"uploads\\/product-configuration\\/TFixed_270x370.png\"]', 1, 1, '2024-10-01 00:05:58', '2024-10-01 00:05:58', NULL),
(78, 24, 'Mechanism', 'Enabled with Synchro1 Mechanism', '[\"uploads\\/product-configuration\\/S1mechanism_270x370.png\"]', 1, 1, '2024-10-01 00:05:58', '2024-10-01 00:05:58', NULL),
(79, 24, 'Gaslift', 'Class 4 Gaslift', '[\"uploads\\/product-configuration\\/Gas_lift_270x370.png\"]', 1, 1, '2024-10-01 00:05:58', '2024-10-01 00:05:58', NULL),
(80, 24, 'Base', 'Nylon Base', '[\"uploads\\/product-configuration\\/Nylon_Base_270x370.png\"]', 1, 1, '2024-10-01 00:05:58', '2024-10-01 00:05:58', NULL),
(81, 25, 'Armrest', '1D Armrest, T-Fixed Armrest', '[\"uploads\\/product-configuration\\/1Darmrest_270x370.png\",\"uploads\\/product-configuration\\/TFixed_270x370.png\"]', 1, 1, '2024-10-01 00:05:58', '2024-10-01 00:05:58', NULL),
(82, 25, 'Mechanism', 'Enabled with Synchro1 Mechanism', '[\"uploads\\/product-configuration\\/S1mechanism_270x370.png\"]', 1, 1, '2024-10-01 00:05:58', '2024-10-01 00:05:58', NULL),
(83, 25, 'Gaslift', 'Class 4 Gaslift', '[\"uploads\\/product-configuration\\/Gas_lift_270x370.png\"]', 1, 1, '2024-10-01 00:05:58', '2024-10-01 00:05:58', NULL),
(84, 25, 'Base', 'Nylon Base', '[\"uploads\\/product-configuration\\/Nylon_Base_270x370.png\"]', 1, 1, '2024-10-01 00:05:58', '2024-10-01 00:05:58', NULL),
(85, 26, 'Armrest', '1D Armrest, T-Fixed Armrest', '[\"uploads\\/product-configuration\\/1Darmrest_270x370.png\",\"uploads\\/product-configuration\\/TFixed_270x370.png\"]', 1, 1, '2024-10-01 00:05:58', '2024-10-01 00:05:58', NULL),
(86, 26, 'Mechanism', 'Enabled with Synchro1 Mechanism', '[\"uploads\\/product-configuration\\/S1mechanism_270x370.png\"]', 1, 1, '2024-10-01 00:05:58', '2024-10-01 00:05:58', NULL),
(87, 26, 'Gaslift', 'Class 4 Gaslift', '[\"uploads\\/product-configuration\\/Gas_lift_270x370.png\"]', 1, 1, '2024-10-01 00:05:58', '2024-10-01 00:05:58', NULL),
(88, 26, 'Base', 'Nylon Base', '[\"uploads\\/product-configuration\\/Nylon_Base_270x370.png\"]', 1, 1, '2024-10-01 00:05:58', '2024-10-01 00:05:58', NULL),
(89, 27, 'Mechanism', 'Enabled with Synchro1 Mechanism', '[\"uploads\\/product-configuration\\/S1mechanism_270x370.png\"]', 1, 1, '2024-10-01 00:05:58', '2024-10-01 00:05:58', NULL),
(90, 27, 'Gaslift', 'Class 4 Gaslift', '[\"uploads\\/product-configuration\\/Gas_lift_270x370.png\"]', 1, 1, '2024-10-01 00:05:58', '2024-10-01 00:05:58', NULL),
(91, 28, 'Armrest', 'T-Fixed Armrest', '[\"uploads\\/product-configuration\\/TFixed_270x370.png\"]', 1, 1, '2024-10-01 00:05:58', '2024-10-01 00:05:58', NULL),
(92, 28, 'Mechanism', 'Enabled with Synchro1 Mechanism', '[\"uploads\\/product-configuration\\/S1mechanism_270x370.png\"]', 1, 1, '2024-10-01 00:05:58', '2024-10-01 00:05:58', NULL),
(93, 28, 'Gaslift', 'Class 4 Gaslift', '[\"uploads\\/product-configuration\\/Gas_lift_270x370.png\"]', 1, 1, '2024-10-01 00:05:58', '2024-10-01 00:05:58', NULL),
(94, 28, 'Base', 'Nylon Base', '[\"uploads\\/product-configuration\\/Nylon_Base_270x370.png\"]', 1, 1, '2024-10-01 00:05:58', '2024-10-01 00:05:58', NULL);

-- --------------------------------------------------------

--
-- Table structure for table `product_finduses`
--

CREATE TABLE `product_finduses` (
  `id` bigint UNSIGNED NOT NULL,
  `product_id` bigint UNSIGNED NOT NULL,
  `image` varchar(191) CHARACTER SET utf8mb4 COLLATE utf8mb4_unicode_ci NOT NULL,
  `link` text CHARACTER SET utf8mb4 COLLATE utf8mb4_unicode_ci NOT NULL,
  `sort_order` int NOT NULL DEFAULT '0',
  `status` tinyint(1) NOT NULL DEFAULT '1',
  `created_at` timestamp NULL DEFAULT NULL,
  `updated_at` timestamp NULL DEFAULT NULL,
  `deleted_at` timestamp NULL DEFAULT NULL
) ENGINE=MyISAM DEFAULT CHARSET=utf8mb4 COLLATE=utf8mb4_unicode_ci;

-- --------------------------------------------------------

--
-- Table structure for table `product_functions`
--

CREATE TABLE `product_functions` (
  `id` bigint UNSIGNED NOT NULL,
  `title` varchar(191) COLLATE utf8mb4_unicode_ci NOT NULL,
  `image` text COLLATE utf8mb4_unicode_ci,
  `description` text COLLATE utf8mb4_unicode_ci,
  `sort_order` int NOT NULL DEFAULT '0',
  `status` tinyint(1) NOT NULL DEFAULT '1',
  `created_at` timestamp NULL DEFAULT NULL,
  `updated_at` timestamp NULL DEFAULT NULL,
  `deleted_at` timestamp NULL DEFAULT NULL
) ENGINE=InnoDB DEFAULT CHARSET=utf8mb4 COLLATE=utf8mb4_unicode_ci;

--
-- Dumping data for table `product_functions`
--

INSERT INTO `product_functions` (`id`, `title`, `image`, `description`, `sort_order`, `status`, `created_at`, `updated_at`, `deleted_at`) VALUES
(1, 'COLLECTION', 'uploads/dyan-product-function/d4148562-7ed1-424a-8c82-0c55754023af.svg', 'Post-consumer plastic waste is collected responsibly.', 1, 1, '2026-06-15 08:44:03', '2026-06-15 08:44:03', NULL),
(2, 'TRANSFORMATION', 'uploads/dyan-product-function/8a5e06cf-13d7-4561-9c6b-c913f54265dc.svg', 'The plastic is sorted, cleaned and recycled into high-quality granules.', 2, 1, '2026-06-15 08:44:33', '2026-06-15 08:44:40', NULL),
(3, 'MANUFACTURE', 'uploads/dyan-product-function/8a5e06cf-13d7-4561-9c6b-c913f54265dc.svg', 'The material is then used to create the innovative, ergonomic Dylän collection.', 2, 1, '2026-06-15 08:44:33', '2026-06-15 08:44:40', NULL);

-- --------------------------------------------------------

--
-- Table structure for table `product_galleries`
--

CREATE TABLE `product_galleries` (
  `id` bigint UNSIGNED NOT NULL,
  `product_id` bigint UNSIGNED NOT NULL,
  `title` varchar(191) CHARACTER SET utf8mb4 COLLATE utf8mb4_unicode_ci NOT NULL,
  `image` varchar(191) CHARACTER SET utf8mb4 COLLATE utf8mb4_unicode_ci NOT NULL,
  `description` text CHARACTER SET utf8mb4 COLLATE utf8mb4_unicode_ci,
  `sort_order` int NOT NULL DEFAULT '0',
  `status` tinyint(1) NOT NULL DEFAULT '1',
  `created_at` timestamp NULL DEFAULT NULL,
  `updated_at` timestamp NULL DEFAULT NULL,
  `deleted_at` timestamp NULL DEFAULT NULL
) ENGINE=MyISAM DEFAULT CHARSET=utf8mb4 COLLATE=utf8mb4_unicode_ci;

--
-- Dumping data for table `product_galleries`
--

INSERT INTO `product_galleries` (`id`, `product_id`, `title`, `image`, `description`, `sort_order`, `status`, `created_at`, `updated_at`, `deleted_at`) VALUES
(1, 95, 'abd', 'uploads/product-gallery/b8be3423-2484-4abe-8ab0-3c7f57f6f379.jpg', 'abc', 0, 0, '2025-06-17 06:38:49', '2026-02-03 08:11:39', NULL);

-- --------------------------------------------------------

--
-- Table structure for table `product_images`
--

CREATE TABLE `product_images` (
  `id` bigint UNSIGNED NOT NULL,
  `product_id` bigint UNSIGNED NOT NULL,
  `image` varchar(191) CHARACTER SET utf8mb4 COLLATE utf8mb4_unicode_ci NOT NULL,
  `sort_order` int NOT NULL DEFAULT '0',
  `status` tinyint(1) NOT NULL DEFAULT '1',
  `created_at` timestamp NULL DEFAULT NULL,
  `updated_at` timestamp NULL DEFAULT NULL,
  `deleted_at` timestamp NULL DEFAULT NULL
) ENGINE=MyISAM DEFAULT CHARSET=utf8mb4 COLLATE=utf8mb4_unicode_ci;

--
-- Dumping data for table `product_images`
--

INSERT INTO `product_images` (`id`, `product_id`, `image`, `sort_order`, `status`, `created_at`, `updated_at`, `deleted_at`) VALUES
(1, 39, 'uploads/product-image/c4094f50-ba88-4c58-94fb-ea6bfe059c52.png', 1, 0, '2024-12-05 06:45:13', '2024-12-05 06:55:46', NULL),
(2, 39, 'uploads/product-image/292be495-299c-44a4-9b61-c2a311b69d70.png', 2, 0, '2024-12-05 06:52:56', '2024-12-05 06:55:45', NULL);

-- --------------------------------------------------------

--
-- Table structure for table `product_information`
--

CREATE TABLE `product_information` (
  `id` bigint UNSIGNED NOT NULL,
  `dyan_product_id` bigint UNSIGNED DEFAULT NULL,
  `title` text COLLATE utf8mb4_unicode_ci,
  `description` longtext COLLATE utf8mb4_unicode_ci,
  `image` text COLLATE utf8mb4_unicode_ci,
  `sort_order` int NOT NULL DEFAULT '0',
  `status` tinyint(1) NOT NULL DEFAULT '1',
  `created_at` timestamp NULL DEFAULT NULL,
  `updated_at` timestamp NULL DEFAULT NULL,
  `deleted_at` timestamp NULL DEFAULT NULL
) ENGINE=InnoDB DEFAULT CHARSET=utf8mb4 COLLATE=utf8mb4_unicode_ci;

--
-- Dumping data for table `product_information`
--

INSERT INTO `product_information` (`id`, `dyan_product_id`, `title`, `description`, `image`, `sort_order`, `status`, `created_at`, `updated_at`, `deleted_at`) VALUES
(1, 2, 'Brand', 'Wipro Seating Solutions', NULL, 1, 1, '2026-06-16 00:45:47', '2026-06-16 00:45:47', NULL),
(2, 2, 'Type', 'erth - Chair', NULL, 2, 1, '2026-06-16 00:46:12', '2026-06-16 00:46:12', NULL),
(3, 2, 'Material', 'Body:Recycled PP, Cushion: Foam', NULL, 3, 1, '2026-06-16 00:47:06', '2026-06-16 00:47:06', NULL),
(4, 2, 'Recommended for :', 'Home & Office Use', NULL, 4, 1, '2026-06-16 00:47:30', '2026-06-16 00:47:30', NULL);

-- --------------------------------------------------------

--
-- Table structure for table `product_seating_capacities`
--

CREATE TABLE `product_seating_capacities` (
  `id` bigint UNSIGNED NOT NULL,
  `title` varchar(191) CHARACTER SET utf8mb4 COLLATE utf8mb4_unicode_ci NOT NULL,
  `sort_order` int NOT NULL DEFAULT '0',
  `status` tinyint(1) NOT NULL DEFAULT '1',
  `created_at` timestamp NULL DEFAULT NULL,
  `updated_at` timestamp NULL DEFAULT NULL,
  `deleted_at` timestamp NULL DEFAULT NULL
) ENGINE=MyISAM DEFAULT CHARSET=utf8mb4 COLLATE=utf8mb4_unicode_ci;

--
-- Dumping data for table `product_seating_capacities`
--

INSERT INTO `product_seating_capacities` (`id`, `title`, `sort_order`, `status`, `created_at`, `updated_at`, `deleted_at`) VALUES
(1, '1 Seater', 1, 1, '2024-09-27 08:20:30', '2025-06-17 06:37:08', NULL),
(2, '2 Seater', 2, 1, '2024-09-27 08:20:30', '2024-09-27 08:20:30', NULL),
(3, '3 Seater', 3, 1, '2024-09-27 08:20:30', '2024-09-27 08:20:30', NULL),
(4, '4 Seater', 4, 1, '2024-09-27 08:20:30', '2024-09-27 08:20:30', NULL),
(5, '5 Seater', 5, 1, '2024-09-27 08:20:30', '2024-09-27 08:20:30', NULL),
(6, '6 Seater', 6, 1, '2024-09-27 08:20:30', '2024-09-27 08:20:30', NULL);

-- --------------------------------------------------------

--
-- Table structure for table `product_seating_pivots`
--

CREATE TABLE `product_seating_pivots` (
  `id` bigint UNSIGNED NOT NULL,
  `product_id` bigint UNSIGNED NOT NULL,
  `product_seating_capacity_id` bigint UNSIGNED NOT NULL,
  `created_at` timestamp NULL DEFAULT NULL,
  `updated_at` timestamp NULL DEFAULT NULL,
  `deleted_at` timestamp NULL DEFAULT NULL
) ENGINE=MyISAM DEFAULT CHARSET=utf8mb4 COLLATE=utf8mb4_unicode_ci;

--
-- Dumping data for table `product_seating_pivots`
--

INSERT INTO `product_seating_pivots` (`id`, `product_id`, `product_seating_capacity_id`, `created_at`, `updated_at`, `deleted_at`) VALUES
(6, 6, 1, '2024-09-27 08:23:45', '2024-09-27 08:23:45', NULL),
(8, 8, 1, '2024-09-27 08:23:45', '2024-09-27 08:23:45', NULL),
(9, 9, 1, '2024-09-27 08:23:45', '2024-09-27 08:23:45', NULL),
(12, 12, 1, '2024-09-27 08:23:45', '2024-09-27 08:23:45', NULL),
(15, 15, 1, '2024-09-27 08:23:45', '2024-09-27 08:23:45', NULL),
(23, 23, 1, '2024-09-27 08:23:45', '2024-09-27 08:23:45', NULL),
(25, 25, 1, '2024-09-27 08:23:45', '2024-09-27 08:23:45', NULL),
(26, 26, 1, '2024-09-27 08:23:45', '2024-09-27 08:23:45', NULL),
(27, 27, 1, '2024-09-27 08:23:45', '2024-09-27 08:23:45', NULL),
(28, 28, 1, '2024-09-27 08:23:45', '2024-09-27 08:23:45', NULL),
(29, 29, 1, '2024-09-27 08:23:45', '2024-09-27 08:23:45', NULL),
(30, 30, 1, '2024-09-27 08:23:45', '2024-09-27 08:23:45', NULL),
(31, 31, 1, '2024-09-27 08:23:45', '2024-09-27 08:23:45', NULL),
(32, 32, 1, '2024-09-27 08:23:45', '2024-09-27 08:23:45', NULL),
(33, 33, 1, '2024-09-27 08:23:45', '2024-09-27 08:23:45', NULL),
(34, 34, 1, '2024-09-27 08:23:45', '2024-09-27 08:23:45', NULL),
(35, 35, 1, '2024-09-27 08:23:45', '2024-09-27 08:23:45', NULL),
(36, 36, 1, '2024-09-27 08:23:45', '2024-09-27 08:23:45', NULL),
(37, 37, 1, '2024-09-27 08:23:45', '2024-09-27 08:23:45', NULL),
(38, 38, 1, '2024-09-27 08:23:45', '2024-09-27 08:23:45', NULL),
(39, 39, 1, '2024-09-27 08:23:45', '2024-09-27 08:23:45', NULL),
(40, 40, 1, '2024-09-27 08:23:45', '2024-09-27 08:23:45', NULL),
(41, 41, 1, '2024-09-27 08:23:45', '2024-09-27 08:23:45', NULL),
(42, 42, 1, '2024-09-27 08:23:45', '2024-09-27 08:23:45', NULL),
(43, 43, 1, '2024-09-27 08:23:45', '2024-09-27 08:23:45', NULL),
(44, 44, 1, '2024-09-27 08:23:45', '2024-09-27 08:23:45', NULL),
(45, 45, 1, '2024-09-27 08:23:45', '2024-09-27 08:23:45', NULL),
(46, 46, 1, '2024-09-27 08:23:45', '2024-09-27 08:23:45', NULL),
(47, 47, 1, '2024-09-27 08:23:45', '2024-09-27 08:23:45', NULL),
(48, 49, 1, '2024-09-27 08:23:45', '2024-09-27 08:23:45', NULL),
(49, 49, 2, '2024-09-27 08:23:45', '2024-09-27 08:23:45', NULL),
(50, 49, 3, '2024-09-27 08:23:45', '2024-09-27 08:23:45', NULL),
(51, 49, 4, '2024-09-27 08:23:45', '2024-09-27 08:23:45', NULL),
(52, 50, 2, '2024-09-27 08:23:45', '2024-09-27 08:23:45', NULL),
(53, 50, 3, '2024-09-27 08:23:45', '2024-09-27 08:23:45', NULL),
(54, 50, 4, '2024-09-27 08:23:45', '2024-09-27 08:23:45', NULL),
(55, 51, 2, '2024-09-27 08:23:45', '2024-09-27 08:23:45', NULL),
(56, 51, 3, '2024-09-27 08:23:45', '2024-09-27 08:23:45', NULL),
(57, 51, 4, '2024-09-27 08:23:45', '2024-09-27 08:23:45', NULL),
(58, 52, 2, '2024-09-27 08:23:45', '2024-09-27 08:23:45', NULL),
(59, 52, 3, '2024-09-27 08:23:45', '2024-09-27 08:23:45', NULL),
(60, 52, 4, '2024-09-27 08:23:45', '2024-09-27 08:23:45', NULL),
(61, 53, 2, '2024-09-27 08:23:45', '2024-09-27 08:23:45', NULL),
(62, 53, 3, '2024-09-27 08:23:45', '2024-09-27 08:23:45', NULL),
(63, 53, 4, '2024-09-27 08:23:45', '2024-09-27 08:23:45', NULL),
(64, 54, 1, '2024-09-27 08:23:45', '2024-09-27 08:23:45', NULL),
(65, 55, 1, '2024-09-27 08:23:45', '2024-09-27 08:23:45', NULL),
(66, 56, 1, '2024-09-27 08:23:45', '2024-09-27 08:23:45', NULL),
(67, 56, 2, '2024-09-27 08:23:45', '2024-09-27 08:23:45', NULL),
(68, 56, 3, '2024-09-27 08:23:45', '2024-09-27 08:23:45', NULL),
(70, 58, 1, '2024-09-27 08:23:45', '2024-09-27 08:23:45', NULL),
(71, 59, 1, '2024-09-27 08:23:46', '2024-09-27 08:23:46', NULL),
(75, 63, 1, '2024-09-27 08:23:46', '2024-09-27 08:23:46', NULL),
(76, 63, 2, '2024-09-27 08:23:46', '2024-09-27 08:23:46', NULL),
(77, 63, 3, '2024-09-27 08:23:46', '2024-09-27 08:23:46', NULL),
(79, 65, 1, '2024-09-27 08:23:46', '2024-09-27 08:23:46', NULL),
(80, 66, 1, '2024-09-27 08:23:46', '2024-09-27 08:23:46', NULL),
(81, 67, 2, '2024-09-27 08:23:46', '2024-09-27 08:23:46', NULL),
(82, 68, 1, '2024-09-27 08:23:46', '2024-09-27 08:23:46', NULL),
(85, 71, 1, '2024-09-27 08:23:46', '2024-09-27 08:23:46', NULL),
(95, 80, 2, '2024-09-27 08:23:46', '2024-09-27 08:23:46', NULL),
(96, 80, 4, '2024-09-27 08:23:46', '2024-09-27 08:23:46', NULL),
(97, 80, 6, '2024-09-27 08:23:46', '2024-09-27 08:23:46', NULL),
(99, 82, 3, '2024-09-27 08:23:46', '2024-09-27 08:23:46', NULL),
(100, 83, 3, '2024-09-27 08:23:46', '2024-09-27 08:23:46', NULL),
(119, 70, 1, '2025-03-24 01:54:48', '2025-03-24 01:54:48', NULL),
(118, 69, 1, '2025-03-21 01:47:42', '2025-03-21 01:47:42', NULL),
(103, 85, 2, '2024-09-27 08:23:46', '2024-09-27 08:23:46', NULL),
(104, 85, 3, '2024-09-27 08:23:46', '2024-09-27 08:23:46', NULL),
(105, 86, 1, '2024-09-27 08:23:46', '2024-09-27 08:23:46', NULL),
(106, 86, 2, '2024-09-27 08:23:46', '2024-09-27 08:23:46', NULL),
(107, 86, 3, '2024-09-27 08:23:46', '2024-09-27 08:23:46', NULL),
(108, 88, 1, '2024-09-27 08:23:46', '2024-09-27 08:23:46', NULL),
(109, 88, 2, '2024-09-27 08:23:46', '2024-09-27 08:23:46', NULL),
(110, 88, 4, '2024-09-27 08:23:46', '2024-09-27 08:23:46', NULL),
(111, 88, 6, '2024-09-27 08:23:46', '2024-09-27 08:23:46', NULL),
(113, 91, 1, '2024-09-27 08:23:46', '2024-09-27 08:23:46', NULL),
(114, 92, 2, '2024-09-27 08:23:46', '2024-09-27 08:23:46', NULL),
(115, 93, 1, '2024-09-27 08:23:46', '2024-09-27 08:23:46', NULL),
(116, 94, 1, '2024-09-27 08:23:46', '2024-09-27 08:23:46', NULL);

-- --------------------------------------------------------

--
-- Table structure for table `product_specifications`
--

CREATE TABLE `product_specifications` (
  `id` bigint UNSIGNED NOT NULL,
  `title` varchar(191) CHARACTER SET utf8mb4 COLLATE utf8mb4_unicode_ci NOT NULL,
  `full_form` varchar(191) CHARACTER SET utf8mb4 COLLATE utf8mb4_unicode_ci NOT NULL,
  `sort_order` int NOT NULL DEFAULT '0',
  `status` tinyint(1) NOT NULL DEFAULT '1',
  `created_at` timestamp NULL DEFAULT NULL,
  `updated_at` timestamp NULL DEFAULT NULL,
  `deleted_at` timestamp NULL DEFAULT NULL
) ENGINE=MyISAM DEFAULT CHARSET=utf8mb4 COLLATE=utf8mb4_unicode_ci;

--
-- Dumping data for table `product_specifications`
--

INSERT INTO `product_specifications` (`id`, `title`, `full_form`, `sort_order`, `status`, `created_at`, `updated_at`, `deleted_at`) VALUES
(1, 'HB', 'High Back', 1, 1, '2024-09-27 08:20:30', '2024-09-27 08:20:30', NULL),
(2, 'MB', 'Low Back', 2, 1, '2024-09-27 08:20:30', '2024-09-27 08:20:30', NULL),
(3, 'AWSM', 'Automatic Weight Sensing Mechanism', 3, 1, '2024-09-27 08:20:30', '2024-09-27 08:20:30', NULL),
(4, 'AWSM with Seat Slider', 'Seat Slider', 4, 1, '2024-09-27 08:20:30', '2025-01-31 04:36:12', NULL),
(5, '4D PU', 'Option of Armrest', 5, 1, '2024-09-27 08:20:30', '2025-01-31 00:18:36', NULL),
(6, '3D PU', 'Option of Armrest', 6, 1, '2024-09-27 08:20:30', '2025-01-31 04:37:44', NULL),
(7, '2D PU', 'Option of Armrest', 7, 1, '2024-09-27 08:20:30', '2025-01-31 00:18:05', NULL),
(8, '1D PP', 'Option of Armrest', 8, 1, '2024-09-27 08:20:30', '2025-01-31 00:16:59', NULL),
(9, '7 Fixed', 'Option of Armrest', 9, 1, '2024-09-27 08:20:30', '2024-09-27 08:20:30', NULL),
(10, 'NB', 'Nylon Base', 10, 1, '2024-09-27 08:20:30', '2024-09-27 08:20:30', NULL),
(11, 'ALB', 'Aluminium Base', 11, 1, '2024-09-27 08:20:30', '2024-09-27 08:20:30', NULL),
(12, 'PUC', 'Polyurethane Castor', 12, 1, '2024-09-27 08:20:30', '2024-09-27 08:20:30', NULL),
(13, 'NC', 'Nylon Castor', 13, 1, '2024-09-27 08:20:30', '2024-09-27 08:20:30', NULL),
(14, 'S1', 'Synchro 1 Mechanism', 14, 1, '2024-09-27 08:20:30', '2024-09-27 08:20:30', NULL),
(15, 'S3', 'Synchro 3 Mechanism', 15, 1, '2024-09-27 08:20:30', '2024-09-27 08:20:30', NULL),
(16, 'Plano Fab', 'Plano Fabric', 16, 1, '2024-09-27 08:20:30', '2024-09-27 08:20:30', NULL),
(17, 'BEST 1', 'Breathe Easy Soft Touch Fabric', 17, 1, '2024-09-27 08:20:30', '2025-01-31 04:39:56', NULL),
(18, 'Ctm', 'Centre Tilt Mechanism', 18, 1, '2024-09-27 08:20:30', '2024-09-27 08:20:30', NULL),
(19, 'Rfx', 'Ring Fixed Arm', 19, 1, '2024-09-27 08:20:30', '2024-09-27 08:20:30', NULL),
(20, 'test', 'test', 0, 1, '2025-01-29 23:35:20', '2025-01-29 23:35:59', '2025-01-29 23:35:59'),
(21, 'MB XL', 'Mid  Back XL', 21, 1, '2025-01-31 00:15:39', '2025-01-31 01:25:18', NULL),
(22, 'Visitor', 'Visitor', 22, 1, '2025-01-31 00:16:18', '2025-01-31 01:25:30', NULL),
(23, '1D PU', 'Option of Armrest', 23, 1, '2025-01-31 00:17:20', '2025-01-31 01:25:32', NULL),
(24, '1D TPE', 'Option of Armrest', 24, 1, '2025-01-31 00:17:49', '2025-01-31 01:25:35', NULL),
(25, 'T-Fixed', 'Option of Armrest', 25, 1, '2025-01-31 01:14:35', '2025-01-31 01:25:38', NULL),
(26, '4 Legged', 'Base', 26, 1, '2025-01-31 01:15:10', '2025-01-31 01:25:40', NULL),
(27, 'Cantilever', 'Base', 27, 1, '2025-01-31 01:15:52', '2025-01-31 01:25:42', NULL),
(28, 'Chrome Base', 'Base', 28, 1, '2025-01-31 01:16:22', '2025-01-31 01:25:45', NULL),
(29, 'Glides', 'Glides', 29, 1, '2025-01-31 01:18:04', '2025-01-31 01:25:58', NULL),
(30, 'Castor', 'Base', 30, 1, '2025-01-31 01:18:39', '2025-01-31 01:26:01', NULL),
(31, 'Leather', 'Upholstery', 31, 1, '2025-01-31 01:19:24', '2025-01-31 01:26:03', NULL),
(32, 'Leatherette', 'Upholstery', 32, 1, '2025-01-31 01:20:14', '2025-01-31 01:26:04', NULL),
(33, 'Micro Fabric', 'Upholstery', 33, 1, '2025-01-31 01:21:07', '2025-01-31 01:26:07', NULL),
(34, 'Reon Fabric', 'Fabric', 34, 1, '2025-01-31 01:21:52', '2025-01-31 01:26:10', NULL),
(35, 'SPL Fabric', 'Fabric', 35, 1, '2025-01-31 01:22:18', '2025-01-31 01:26:12', NULL),
(36, 'Central Knee Mechanism', 'Mechanism', 36, 1, '2025-01-31 01:22:45', '2025-01-31 01:41:43', '2025-01-31 01:41:43'),
(37, 'Knee Tilt Mechanism', 'Mechanism', 37, 1, '2025-01-31 01:23:44', '2025-01-31 01:26:20', NULL),
(38, 'Wooden Arms', 'Option of Armrest', 38, 1, '2025-01-31 01:24:37', '2025-01-31 01:26:22', NULL),
(39, 'Push Back', 'Back Option', 39, 1, '2025-01-31 01:27:06', '2025-01-31 01:27:06', NULL),
(40, 'Arms with Cupholder', 'Option of Armrest', 40, 1, '2025-01-31 01:29:56', '2025-01-31 01:29:56', NULL),
(41, 'Fixed Back', 'Back Option', 41, 1, '2025-01-31 01:38:17', '2025-01-31 01:38:17', NULL),
(42, 'Training Tablet', 'Option of Armrest', 42, 1, '2025-01-31 01:39:01', '2025-01-31 01:39:07', NULL),
(43, 'PU Waterfall Arm', 'Option of Armrest', 43, 1, '2025-01-31 01:39:36', '2025-01-31 01:39:36', NULL),
(44, 'Powder Coated', 'Understructure', 44, 1, '2025-01-31 01:42:37', '2025-01-31 01:42:37', NULL),
(45, 'Stainless Steel', 'Understructure', 45, 1, '2025-01-31 01:43:28', '2025-01-31 01:43:28', NULL),
(46, 'Seat Cushion', 'Type of Seat', 46, 1, '2025-01-31 01:44:55', '2025-01-31 01:44:55', NULL),
(47, 'With Arms', 'Option of Armrest', 47, 1, '2025-01-31 01:45:22', '2025-01-31 01:45:22', NULL),
(48, 'Without Arms', 'Option of Armrest', 48, 1, '2025-01-31 01:45:43', '2025-01-31 01:45:43', NULL),
(49, 'Intermediate Arms', 'Option of Armrest', 49, 1, '2025-01-31 01:46:12', '2025-01-31 01:46:12', NULL),
(50, 'End Arms', 'Option of Armrest', 50, 1, '2025-01-31 01:46:49', '2025-01-31 01:46:49', NULL),
(51, 'Back Cushion', 'Back Cushion', 51, 1, '2025-01-31 01:47:26', '2025-01-31 01:47:26', NULL),
(52, 'Full PU Seat & Back', 'Full PU Seat & Back', 52, 1, '2025-01-31 01:50:21', '2025-01-31 01:50:21', NULL),
(53, 'BEST 2', 'Fabric', 53, 1, '2025-01-31 04:40:18', '2025-01-31 04:40:18', NULL),
(54, '3D Pivot', 'Option of Armrest', 54, 1, '2025-01-31 04:48:41', '2025-01-31 04:48:41', NULL),
(55, 'PUC', 'PU Castor', 55, 1, '2025-01-31 04:53:08', '2025-01-31 04:53:08', NULL),
(56, 'NC', 'Nylon Castor', 56, 1, '2025-01-31 04:53:24', '2025-01-31 04:53:24', NULL),
(57, 'Fixed Arms', 'Fixed Arms', 57, 1, '2025-01-31 04:55:51', '2025-01-31 04:55:51', NULL),
(58, 'Foam Back', 'Foam Back', 58, 1, '2025-01-31 04:58:26', '2025-01-31 04:58:26', NULL),
(59, 'Mesh back', 'Mesh back', 59, 1, '2025-01-31 04:58:43', '2025-01-31 04:58:43', NULL),
(60, 'Aeroflo Seat', 'Aeroflo Seat', 60, 1, '2025-01-31 05:03:15', '2025-01-31 05:03:15', NULL),
(61, 'Amplify Fabric', 'Upholstery', 61, 1, '2025-01-31 05:19:07', '2025-01-31 05:19:07', NULL),
(62, 'Absolute Fabric', 'Absolute Fabric', 62, 1, '2025-01-31 05:19:25', '2025-01-31 05:19:25', NULL),
(63, 'Synchro 4 Point locking', 'Synchro 4 Point locking', 63, 1, '2025-02-03 04:30:44', '2025-02-03 04:30:44', NULL);

-- --------------------------------------------------------

--
-- Table structure for table `product_specification_pivots`
--

CREATE TABLE `product_specification_pivots` (
  `id` bigint UNSIGNED NOT NULL,
  `product_id` bigint UNSIGNED NOT NULL,
  `product_specification_id` bigint UNSIGNED NOT NULL,
  `created_at` timestamp NULL DEFAULT NULL,
  `updated_at` timestamp NULL DEFAULT NULL,
  `deleted_at` timestamp NULL DEFAULT NULL
) ENGINE=MyISAM DEFAULT CHARSET=utf8mb4 COLLATE=utf8mb4_unicode_ci;

--
-- Dumping data for table `product_specification_pivots`
--

INSERT INTO `product_specification_pivots` (`id`, `product_id`, `product_specification_id`, `created_at`, `updated_at`, `deleted_at`) VALUES
(1, 1, 1, '2024-09-27 08:23:45', '2024-09-27 08:23:45', NULL),
(3, 1, 3, '2024-09-27 08:23:45', '2024-09-27 08:23:45', NULL),
(5, 1, 6, '2024-09-27 08:23:45', '2024-09-27 08:23:45', NULL),
(472, 3, 57, '2025-02-17 05:08:56', '2025-02-17 05:08:56', NULL),
(471, 3, 30, '2025-02-17 05:08:56', '2025-02-17 05:08:56', NULL),
(465, 1, 59, '2025-02-14 07:10:43', '2025-02-14 07:10:43', NULL),
(464, 1, 53, '2025-02-14 07:10:43', '2025-02-14 07:10:43', NULL),
(463, 1, 12, '2025-02-14 07:10:43', '2025-02-14 07:10:43', NULL),
(462, 1, 11, '2025-02-14 07:10:43', '2025-02-14 07:10:43', NULL),
(12, 2, 1, '2024-09-27 08:23:45', '2024-09-27 08:23:45', NULL),
(470, 3, 22, '2025-02-17 05:08:56', '2025-02-17 05:08:56', NULL),
(14, 2, 3, '2024-09-27 08:23:45', '2024-09-27 08:23:45', NULL),
(469, 2, 59, '2025-02-14 07:12:10', '2025-02-14 07:12:10', NULL),
(16, 2, 6, '2024-09-27 08:23:45', '2024-09-27 08:23:45', NULL),
(468, 2, 53, '2025-02-14 07:12:10', '2025-02-14 07:12:10', NULL),
(467, 2, 12, '2025-02-14 07:12:10', '2025-02-14 07:12:10', NULL),
(466, 2, 11, '2025-02-14 07:12:10', '2025-02-14 07:12:10', NULL),
(478, 4, 60, '2025-02-17 05:16:26', '2025-02-17 05:16:26', NULL),
(24, 4, 2, '2024-09-27 08:23:45', '2024-09-27 08:23:45', NULL),
(25, 4, 3, '2024-09-27 08:23:45', '2024-09-27 08:23:45', NULL),
(477, 4, 58, '2025-02-17 05:16:26', '2025-02-17 05:16:26', NULL),
(476, 4, 55, '2025-02-17 05:16:26', '2025-02-17 05:16:26', NULL),
(475, 4, 53, '2025-02-17 05:16:26', '2025-02-17 05:16:26', NULL),
(474, 4, 11, '2025-02-17 05:16:26', '2025-02-17 05:16:26', NULL),
(473, 4, 6, '2025-02-17 05:16:26', '2025-02-17 05:16:26', NULL),
(31, 4, 17, '2024-09-27 08:23:45', '2024-09-27 08:23:45', NULL),
(481, 5, 59, '2025-02-17 05:27:54', '2025-02-17 05:27:54', NULL),
(33, 5, 2, '2024-09-27 08:23:45', '2024-09-27 08:23:45', NULL),
(480, 5, 23, '2025-02-17 05:27:54', '2025-02-17 05:27:54', NULL),
(479, 5, 14, '2025-02-17 05:27:54', '2025-02-17 05:27:54', NULL),
(36, 5, 10, '2024-09-27 08:23:45', '2024-09-27 08:23:45', NULL),
(37, 5, 13, '2024-09-27 08:23:45', '2024-09-27 08:23:45', NULL),
(38, 5, 16, '2024-09-27 08:23:45', '2024-09-27 08:23:45', NULL),
(39, 6, 1, '2024-09-27 08:23:45', '2024-09-27 08:23:45', NULL),
(487, 7, 60, '2025-02-18 07:11:45', '2025-02-18 07:11:45', NULL),
(42, 6, 4, '2024-09-27 08:23:45', '2024-09-27 08:23:45', NULL),
(485, 6, 60, '2025-02-17 05:41:36', '2025-02-17 05:41:36', NULL),
(44, 6, 6, '2024-09-27 08:23:45', '2024-09-27 08:23:45', NULL),
(484, 6, 59, '2025-02-17 05:41:36', '2025-02-17 05:41:36', NULL),
(483, 6, 12, '2025-02-17 05:41:36', '2025-02-17 05:41:36', NULL),
(482, 6, 11, '2025-02-17 05:41:36', '2025-02-17 05:41:36', NULL),
(48, 6, 17, '2024-09-27 08:23:45', '2024-09-27 08:23:45', NULL),
(49, 7, 1, '2024-09-27 08:23:45', '2024-09-27 08:23:45', NULL),
(486, 7, 59, '2025-02-18 07:11:45', '2025-02-18 07:11:45', NULL),
(51, 7, 4, '2024-09-27 08:23:45', '2024-09-27 08:23:45', NULL),
(52, 7, 6, '2024-09-27 08:23:45', '2024-09-27 08:23:45', NULL),
(53, 7, 11, '2024-09-27 08:23:45', '2024-09-27 08:23:45', NULL),
(54, 7, 12, '2024-09-27 08:23:45', '2024-09-27 08:23:45', NULL),
(55, 7, 17, '2024-09-27 08:23:45', '2024-09-27 08:23:45', NULL),
(56, 8, 1, '2024-09-27 08:23:45', '2024-09-27 08:23:45', NULL),
(58, 8, 3, '2024-09-27 08:23:45', '2024-09-27 08:23:45', NULL),
(61, 8, 6, '2024-09-27 08:23:45', '2024-09-27 08:23:45', NULL),
(490, 8, 60, '2025-02-18 07:14:46', '2025-02-18 07:14:46', NULL),
(63, 8, 10, '2024-09-27 08:23:45', '2024-09-27 08:23:45', NULL),
(64, 8, 13, '2024-09-27 08:23:45', '2024-09-27 08:23:45', NULL),
(489, 8, 59, '2025-02-18 07:14:46', '2025-02-18 07:14:46', NULL),
(488, 8, 53, '2025-02-18 07:14:46', '2025-02-18 07:14:46', NULL),
(67, 9, 1, '2024-09-27 08:23:45', '2024-09-27 08:23:45', NULL),
(71, 9, 4, '2024-09-27 08:23:45', '2024-09-27 08:23:45', NULL),
(74, 9, 6, '2024-09-27 08:23:45', '2024-09-27 08:23:45', NULL),
(78, 9, 11, '2024-09-27 08:23:45', '2024-09-27 08:23:45', NULL),
(79, 9, 12, '2024-09-27 08:23:45', '2024-09-27 08:23:45', NULL),
(493, 9, 58, '2025-02-19 02:06:20', '2025-02-19 02:06:20', NULL),
(492, 9, 32, '2025-02-19 02:06:20', '2025-02-19 02:06:20', NULL),
(491, 9, 31, '2025-02-19 02:06:20', '2025-02-19 02:06:20', NULL),
(84, 10, 2, '2024-09-27 08:23:45', '2024-09-27 08:23:45', NULL),
(85, 10, 14, '2024-09-27 08:23:45', '2024-09-27 08:23:45', NULL),
(495, 10, 59, '2025-02-19 06:40:26', '2025-02-19 06:40:26', NULL),
(494, 10, 23, '2025-02-19 06:40:26', '2025-02-19 06:40:26', NULL),
(88, 10, 10, '2024-09-27 08:23:45', '2024-09-27 08:23:45', NULL),
(89, 10, 13, '2024-09-27 08:23:45', '2024-09-27 08:23:45', NULL),
(90, 10, 16, '2024-09-27 08:23:45', '2024-09-27 08:23:45', NULL),
(91, 11, 1, '2024-09-27 08:23:45', '2024-09-27 08:23:45', NULL),
(93, 11, 4, '2024-09-27 08:23:45', '2024-09-27 08:23:45', NULL),
(94, 11, 6, '2024-09-27 08:23:45', '2024-09-27 08:23:45', NULL),
(95, 11, 11, '2024-09-27 08:23:45', '2024-09-27 08:23:45', NULL),
(96, 11, 12, '2024-09-27 08:23:45', '2024-09-27 08:23:45', NULL),
(497, 11, 60, '2025-02-19 06:48:18', '2025-02-19 06:48:18', NULL),
(496, 11, 59, '2025-02-19 06:48:18', '2025-02-19 06:48:18', NULL),
(99, 11, 17, '2024-09-27 08:23:45', '2024-09-27 08:23:45', NULL),
(504, 13, 57, '2025-02-19 07:17:57', '2025-02-19 07:17:57', NULL),
(101, 12, 2, '2024-09-27 08:23:45', '2024-09-27 08:23:45', NULL),
(503, 13, 41, '2025-02-19 07:17:57', '2025-02-19 07:17:57', NULL),
(103, 12, 4, '2024-09-27 08:23:45', '2024-09-27 08:23:45', NULL),
(502, 13, 30, '2025-02-19 07:17:57', '2025-02-19 07:17:57', NULL),
(105, 12, 6, '2024-09-27 08:23:45', '2024-09-27 08:23:45', NULL),
(500, 12, 60, '2025-02-19 07:09:13', '2025-02-19 07:09:13', NULL),
(499, 12, 59, '2025-02-19 07:09:13', '2025-02-19 07:09:13', NULL),
(108, 12, 11, '2024-09-27 08:23:45', '2024-09-27 08:23:45', NULL),
(109, 12, 12, '2024-09-27 08:23:45', '2024-09-27 08:23:45', NULL),
(498, 12, 21, '2025-02-19 07:09:13', '2025-02-19 07:09:13', NULL),
(112, 12, 17, '2024-09-27 08:23:45', '2024-09-27 08:23:45', NULL),
(501, 13, 22, '2025-02-19 07:17:57', '2025-02-19 07:17:57', NULL),
(118, 14, 2, '2024-09-27 08:23:45', '2024-09-27 08:23:45', NULL),
(540, 23, 59, '2025-02-20 07:08:03', '2025-02-20 07:08:03', NULL),
(535, 21, 62, '2025-02-20 06:59:29', '2025-02-20 06:59:29', NULL),
(534, 21, 60, '2025-02-20 06:59:29', '2025-02-20 06:59:29', NULL),
(510, 14, 58, '2025-02-19 07:28:35', '2025-02-19 07:28:35', NULL),
(509, 14, 55, '2025-02-19 07:28:35', '2025-02-19 07:28:35', NULL),
(508, 14, 53, '2025-02-19 07:28:35', '2025-02-19 07:28:35', NULL),
(507, 14, 32, '2025-02-19 07:28:35', '2025-02-19 07:28:35', NULL),
(506, 14, 10, '2025-02-19 07:28:35', '2025-02-19 07:28:35', NULL),
(505, 14, 7, '2025-02-19 07:28:35', '2025-02-19 07:28:35', NULL),
(130, 15, 1, '2024-09-27 08:23:45', '2024-09-27 08:23:45', NULL),
(531, 19, 59, '2025-02-20 06:51:32', '2025-02-20 06:51:32', NULL),
(530, 19, 56, '2025-02-20 06:51:32', '2025-02-20 06:51:32', NULL),
(133, 15, 4, '2024-09-27 08:23:45', '2024-09-27 08:23:45', NULL),
(134, 15, 6, '2024-09-27 08:23:45', '2024-09-27 08:23:45', NULL),
(512, 15, 60, '2025-02-20 05:27:14', '2025-02-20 05:27:14', NULL),
(136, 15, 11, '2024-09-27 08:23:45', '2024-09-27 08:23:45', NULL),
(137, 15, 12, '2024-09-27 08:23:45', '2024-09-27 08:23:45', NULL),
(511, 15, 59, '2025-02-20 05:27:14', '2025-02-20 05:27:14', NULL),
(139, 15, 17, '2024-09-27 08:23:45', '2024-09-27 08:23:45', NULL),
(140, 16, 2, '2024-09-27 08:23:45', '2024-09-27 08:23:45', NULL),
(529, 19, 33, '2025-02-20 06:51:32', '2025-02-20 06:51:32', NULL),
(528, 19, 10, '2025-02-20 06:51:32', '2025-02-20 06:51:32', NULL),
(514, 16, 58, '2025-02-20 06:18:22', '2025-02-20 06:18:22', NULL),
(144, 16, 8, '2024-09-27 08:23:45', '2024-09-27 08:23:45', NULL),
(145, 16, 10, '2024-09-27 08:23:45', '2024-09-27 08:23:45', NULL),
(146, 16, 13, '2024-09-27 08:23:45', '2024-09-27 08:23:45', NULL),
(147, 16, 22, '2024-09-27 08:23:45', '2024-09-27 08:23:45', NULL),
(513, 16, 16, '2025-02-20 06:18:22', '2025-02-20 06:18:22', NULL),
(149, 17, 1, '2024-09-27 08:23:45', '2024-09-27 08:23:45', NULL),
(527, 19, 6, '2025-02-20 06:51:32', '2025-02-20 06:51:32', NULL),
(151, 17, 3, '2024-09-27 08:23:45', '2024-09-27 08:23:45', NULL),
(526, 19, 3, '2025-02-20 06:51:32', '2025-02-20 06:51:32', NULL),
(518, 17, 59, '2025-02-20 06:38:01', '2025-02-20 06:38:01', NULL),
(517, 17, 53, '2025-02-20 06:38:01', '2025-02-20 06:38:01', NULL),
(155, 17, 6, '2024-09-27 08:23:45', '2024-09-27 08:23:45', NULL),
(516, 17, 12, '2025-02-20 06:38:01', '2025-02-20 06:38:01', NULL),
(157, 17, 16, '2024-09-27 08:23:45', '2024-09-27 08:23:45', NULL),
(515, 17, 11, '2025-02-20 06:38:01', '2025-02-20 06:38:01', NULL),
(159, 18, 1, '2024-09-27 08:23:45', '2024-09-27 08:23:45', NULL),
(525, 19, 1, '2025-02-20 06:51:32', '2025-02-20 06:51:32', NULL),
(161, 18, 3, '2024-09-27 08:23:45', '2024-09-27 08:23:45', NULL),
(520, 18, 59, '2025-02-20 06:45:28', '2025-02-20 06:45:28', NULL),
(519, 18, 33, '2025-02-20 06:45:28', '2025-02-20 06:45:28', NULL),
(164, 18, 7, '2024-09-27 08:23:45', '2024-09-27 08:23:45', NULL),
(165, 18, 10, '2024-09-27 08:23:45', '2024-09-27 08:23:45', NULL),
(166, 18, 13, '2024-09-27 08:23:45', '2024-09-27 08:23:45', NULL),
(168, 20, 1, '2024-09-27 08:23:45', '2024-09-27 08:23:45', NULL),
(524, 20, 61, '2025-02-20 06:47:57', '2025-02-20 06:47:57', NULL),
(523, 20, 59, '2025-02-20 06:47:57', '2025-02-20 06:47:57', NULL),
(171, 20, 4, '2024-09-27 08:23:45', '2024-09-27 08:23:45', NULL),
(172, 20, 6, '2024-09-27 08:23:45', '2024-09-27 08:23:45', NULL),
(173, 20, 11, '2024-09-27 08:23:45', '2024-09-27 08:23:45', NULL),
(174, 20, 12, '2024-09-27 08:23:45', '2024-09-27 08:23:45', NULL),
(522, 20, 58, '2025-02-20 06:47:57', '2025-02-20 06:47:57', NULL),
(521, 20, 32, '2025-02-20 06:47:57', '2025-02-20 06:47:57', NULL),
(177, 21, 1, '2024-09-27 08:23:45', '2024-09-27 08:23:45', NULL),
(533, 21, 59, '2025-02-20 06:59:29', '2025-02-20 06:59:29', NULL),
(179, 21, 4, '2024-09-27 08:23:45', '2024-09-27 08:23:45', NULL),
(180, 21, 5, '2024-09-27 08:23:45', '2024-09-27 08:23:45', NULL),
(181, 21, 11, '2024-09-27 08:23:45', '2024-09-27 08:23:45', NULL),
(532, 21, 55, '2025-02-20 06:59:29', '2025-02-20 06:59:29', NULL),
(184, 22, 2, '2024-09-27 08:23:45', '2024-09-27 08:23:45', NULL),
(185, 22, 14, '2024-09-27 08:23:45', '2024-09-27 08:23:45', NULL),
(537, 22, 59, '2025-02-20 07:02:01', '2025-02-20 07:02:01', NULL),
(536, 22, 23, '2025-02-20 07:02:01', '2025-02-20 07:02:01', NULL),
(188, 22, 10, '2024-09-27 08:23:45', '2024-09-27 08:23:45', NULL),
(189, 22, 13, '2024-09-27 08:23:45', '2024-09-27 08:23:45', NULL),
(190, 22, 16, '2024-09-27 08:23:45', '2024-09-27 08:23:45', NULL),
(191, 23, 2, '2024-09-27 08:23:45', '2024-09-27 08:23:45', NULL),
(192, 23, 14, '2024-09-27 08:23:45', '2024-09-27 08:23:45', NULL),
(539, 23, 33, '2025-02-20 07:08:03', '2025-02-20 07:08:03', NULL),
(538, 23, 23, '2025-02-20 07:08:03', '2025-02-20 07:08:03', NULL),
(195, 23, 10, '2024-09-27 08:23:45', '2024-09-27 08:23:45', NULL),
(196, 23, 13, '2024-09-27 08:23:45', '2024-09-27 08:23:45', NULL),
(197, 23, 16, '2024-09-27 08:23:45', '2024-09-27 08:23:45', NULL),
(199, 24, 2, '2024-09-27 08:23:45', '2024-09-27 08:23:45', NULL),
(200, 24, 14, '2024-09-27 08:23:45', '2024-09-27 08:23:45', NULL),
(542, 24, 59, '2025-02-20 07:11:34', '2025-02-20 07:11:34', NULL),
(541, 24, 23, '2025-02-20 07:11:34', '2025-02-20 07:11:34', NULL),
(203, 24, 10, '2024-09-27 08:23:45', '2024-09-27 08:23:45', NULL),
(204, 24, 13, '2024-09-27 08:23:45', '2024-09-27 08:23:45', NULL),
(205, 24, 16, '2024-09-27 08:23:45', '2024-09-27 08:23:45', NULL),
(206, 25, 2, '2024-09-27 08:23:45', '2024-09-27 08:23:45', NULL),
(208, 25, 14, '2024-09-27 08:23:45', '2024-09-27 08:23:45', NULL),
(544, 25, 59, '2025-02-21 06:23:22', '2025-02-21 06:23:22', NULL),
(211, 25, 10, '2024-09-27 08:23:45', '2024-09-27 08:23:45', NULL),
(212, 25, 13, '2024-09-27 08:23:45', '2024-09-27 08:23:45', NULL),
(543, 25, 23, '2025-02-21 06:23:22', '2025-02-21 06:23:22', NULL),
(214, 25, 16, '2024-09-27 08:23:45', '2024-09-27 08:23:45', NULL),
(216, 26, 2, '2024-09-27 08:23:45', '2024-09-27 08:23:45', NULL),
(218, 26, 14, '2024-09-27 08:23:45', '2024-09-27 08:23:45', NULL),
(219, 26, 8, '2024-09-27 08:23:45', '2024-09-27 08:23:45', NULL),
(547, 27, 59, '2025-02-21 06:57:56', '2025-02-21 06:57:56', NULL),
(221, 26, 10, '2024-09-27 08:23:45', '2024-09-27 08:23:45', NULL),
(222, 26, 13, '2024-09-27 08:23:45', '2024-09-27 08:23:45', NULL),
(545, 26, 59, '2025-02-21 06:25:21', '2025-02-21 06:25:21', NULL),
(224, 26, 16, '2024-09-27 08:23:45', '2024-09-27 08:23:45', NULL),
(225, 27, 2, '2024-09-27 08:23:45', '2024-09-27 08:23:45', NULL),
(226, 27, 14, '2024-09-27 08:23:45', '2024-09-27 08:23:45', NULL),
(227, 27, 7, '2024-09-27 08:23:45', '2024-09-27 08:23:45', NULL),
(546, 27, 28, '2025-02-21 06:57:56', '2025-02-21 06:57:56', NULL),
(229, 27, 13, '2024-09-27 08:23:45', '2024-09-27 08:23:45', NULL),
(230, 27, 16, '2024-09-27 08:23:45', '2024-09-27 08:23:45', NULL),
(568, 32, 63, '2025-02-21 07:19:54', '2025-02-21 07:19:54', NULL),
(232, 28, 2, '2024-09-27 08:23:45', '2024-09-27 08:23:45', NULL),
(561, 31, 58, '2025-02-21 07:17:34', '2025-02-21 07:17:34', NULL),
(234, 28, 14, '2024-09-27 08:23:45', '2024-09-27 08:23:45', NULL),
(235, 28, 7, '2024-09-27 08:23:45', '2024-09-27 08:23:45', NULL),
(557, 29, 32, '2025-02-21 07:15:38', '2025-02-21 07:15:38', NULL),
(237, 28, 10, '2024-09-27 08:23:45', '2024-09-27 08:23:45', NULL),
(238, 28, 13, '2024-09-27 08:23:45', '2024-09-27 08:23:45', NULL),
(556, 30, 58, '2025-02-21 07:14:58', '2025-02-21 07:14:58', NULL),
(548, 28, 59, '2025-02-21 07:02:28', '2025-02-21 07:02:28', NULL),
(241, 28, 16, '2024-09-27 08:23:45', '2024-09-27 08:23:45', NULL),
(552, 29, 58, '2025-02-21 07:05:01', '2025-02-21 07:05:01', NULL),
(551, 29, 57, '2025-02-21 07:05:01', '2025-02-21 07:05:01', NULL),
(550, 29, 41, '2025-02-21 07:05:01', '2025-02-21 07:05:01', NULL),
(549, 29, 37, '2025-02-21 07:05:01', '2025-02-21 07:05:01', NULL),
(246, 29, 11, '2024-09-27 08:23:45', '2024-09-27 08:23:45', NULL),
(247, 29, 12, '2024-09-27 08:23:45', '2024-09-27 08:23:45', NULL),
(555, 30, 57, '2025-02-21 07:14:58', '2025-02-21 07:14:58', NULL),
(554, 30, 41, '2025-02-21 07:14:58', '2025-02-21 07:14:58', NULL),
(250, 30, 32, '2024-09-27 08:23:45', '2024-09-27 08:23:45', NULL),
(251, 30, 11, '2024-09-27 08:23:45', '2024-09-27 08:23:45', NULL),
(252, 30, 12, '2024-09-27 08:23:45', '2024-09-27 08:23:45', NULL),
(553, 30, 37, '2025-02-21 07:14:58', '2025-02-21 07:14:58', NULL),
(560, 31, 57, '2025-02-21 07:17:34', '2025-02-21 07:17:34', NULL),
(559, 31, 41, '2025-02-21 07:17:34', '2025-02-21 07:17:34', NULL),
(256, 31, 32, '2024-09-27 08:23:45', '2024-09-27 08:23:45', NULL),
(257, 31, 11, '2024-09-27 08:23:45', '2024-09-27 08:23:45', NULL),
(258, 31, 12, '2024-09-27 08:23:45', '2024-09-27 08:23:45', NULL),
(558, 31, 37, '2025-02-21 07:17:34', '2025-02-21 07:17:34', NULL),
(567, 32, 58, '2025-02-21 07:19:54', '2025-02-21 07:19:54', NULL),
(566, 32, 57, '2025-02-21 07:19:54', '2025-02-21 07:19:54', NULL),
(565, 32, 55, '2025-02-21 07:19:54', '2025-02-21 07:19:54', NULL),
(564, 32, 41, '2025-02-21 07:19:54', '2025-02-21 07:19:54', NULL),
(563, 32, 32, '2025-02-21 07:19:54', '2025-02-21 07:19:54', NULL),
(562, 32, 11, '2025-02-21 07:19:54', '2025-02-21 07:19:54', NULL),
(266, 33, 1, '2024-09-27 08:23:45', '2024-09-27 08:23:45', NULL),
(267, 33, 31, '2024-09-27 08:23:45', '2024-09-27 08:23:45', NULL),
(268, 33, 32, '2024-09-27 08:23:45', '2024-09-27 08:23:45', NULL),
(269, 33, 11, '2024-09-27 08:23:45', '2024-09-27 08:23:45', NULL),
(270, 33, 12, '2024-09-27 08:23:45', '2024-09-27 08:23:45', NULL),
(271, 33, 33, '2024-09-27 08:23:45', '2024-09-27 08:23:45', NULL),
(272, 34, 35, '2024-09-27 08:23:45', '2024-09-27 08:23:45', NULL),
(273, 34, 45, '2024-09-27 08:23:45', '2024-09-27 08:23:45', NULL),
(274, 34, 39, '2024-09-27 08:23:45', '2024-09-27 08:23:45', NULL),
(275, 34, 37, '2024-09-27 08:23:45', '2024-09-27 08:23:45', NULL),
(276, 34, 46, '2024-09-27 08:23:45', '2024-09-27 08:23:45', NULL),
(278, 34, 41, '2024-09-27 08:23:45', '2024-09-27 08:23:45', NULL),
(279, 34, 42, '2024-09-27 08:23:45', '2024-09-27 08:23:45', NULL),
(280, 35, 45, '2024-09-27 08:23:45', '2024-09-27 08:23:45', NULL),
(281, 35, 37, '2024-09-27 08:23:45', '2024-09-27 08:23:45', NULL),
(282, 35, 39, '2024-09-27 08:23:45', '2024-09-27 08:23:45', NULL),
(284, 35, 40, '2024-09-27 08:23:45', '2024-09-27 08:23:45', NULL),
(287, 35, 46, '2024-09-27 08:23:45', '2024-09-27 08:23:45', NULL),
(569, 36, 38, '2025-02-24 06:07:16', '2025-02-24 06:07:16', NULL),
(291, 36, 37, '2024-09-27 08:23:45', '2024-09-27 08:23:45', NULL),
(292, 36, 39, '2024-09-27 08:23:45', '2024-09-27 08:23:45', NULL),
(297, 38, 1, '2024-09-27 08:23:45', '2024-09-27 08:23:45', NULL),
(298, 38, 2, '2024-09-27 08:23:45', '2024-09-27 08:23:45', NULL),
(299, 38, 35, '2024-09-27 08:23:45', '2024-09-27 08:23:45', NULL),
(301, 38, 37, '2024-09-27 08:23:45', '2024-09-27 08:23:45', NULL),
(302, 38, 38, '2024-09-27 08:23:45', '2024-09-27 08:23:45', NULL),
(303, 38, 39, '2024-09-27 08:23:45', '2024-09-27 08:23:45', NULL),
(304, 38, 40, '2024-09-27 08:23:45', '2024-09-27 08:23:45', NULL),
(305, 39, 43, '2024-09-27 08:23:45', '2024-09-27 08:23:45', NULL),
(306, 39, 31, '2024-09-27 08:23:45', '2024-09-27 08:23:45', NULL),
(307, 39, 47, '2024-09-27 08:23:45', '2024-09-27 08:23:45', NULL),
(308, 39, 13, '2024-09-27 08:23:45', '2024-09-27 08:23:45', NULL),
(309, 39, 38, '2024-09-27 08:23:45', '2024-09-27 08:23:45', NULL),
(310, 40, 43, '2024-09-27 08:23:45', '2024-09-27 08:23:45', NULL),
(311, 40, 31, '2024-09-27 08:23:45', '2024-09-27 08:23:45', NULL),
(312, 40, 47, '2024-09-27 08:23:45', '2024-09-27 08:23:45', NULL),
(313, 40, 13, '2024-09-27 08:23:45', '2024-09-27 08:23:45', NULL),
(314, 40, 38, '2024-09-27 08:23:45', '2024-09-27 08:23:45', NULL),
(315, 41, 48, '2024-09-27 08:23:45', '2024-09-27 08:23:45', NULL),
(316, 41, 49, '2024-09-27 08:23:45', '2024-09-27 08:23:45', NULL),
(317, 42, 47, '2024-09-27 08:23:45', '2024-09-27 08:23:45', NULL),
(318, 42, 48, '2024-09-27 08:23:45', '2024-09-27 08:23:45', NULL),
(319, 43, 47, '2024-09-27 08:23:45', '2024-09-27 08:23:45', NULL),
(320, 43, 48, '2024-09-27 08:23:45', '2024-09-27 08:23:45', NULL),
(321, 44, 47, '2024-09-27 08:23:45', '2024-09-27 08:23:45', NULL),
(322, 44, 50, '2024-09-27 08:23:45', '2024-09-27 08:23:45', NULL),
(323, 45, 47, '2024-09-27 08:23:45', '2024-09-27 08:23:45', NULL),
(324, 45, 48, '2024-09-27 08:23:45', '2024-09-27 08:23:45', NULL),
(325, 46, 51, '2024-09-27 08:23:45', '2024-09-27 08:23:45', NULL),
(326, 47, 48, '2024-09-27 08:23:45', '2024-09-27 08:23:45', NULL),
(327, 48, 53, '2024-09-27 08:23:45', '2024-09-27 08:23:45', NULL),
(328, 48, 23, '2024-09-27 08:23:45', '2024-09-27 08:23:45', NULL),
(329, 48, 31, '2024-09-27 08:23:45', '2024-09-27 08:23:45', NULL),
(330, 48, 54, '2024-09-27 08:23:45', '2024-09-27 08:23:45', NULL),
(331, 48, 47, '2024-09-27 08:23:45', '2024-09-27 08:23:45', NULL),
(332, 54, 53, '2024-09-27 08:23:45', '2024-09-27 08:23:45', NULL),
(333, 54, 55, '2024-09-27 08:23:45', '2024-09-27 08:23:45', NULL),
(334, 55, 55, '2024-09-27 08:23:45', '2024-09-27 08:23:45', NULL),
(335, 55, 11, '2024-09-27 08:23:45', '2024-09-27 08:23:45', NULL),
(336, 56, 55, '2024-09-27 08:23:45', '2024-09-27 08:23:45', NULL),
(337, 56, 54, '2024-09-27 08:23:45', '2024-09-27 08:23:45', NULL),
(338, 57, 56, '2024-09-27 08:23:45', '2024-09-27 08:23:45', NULL),
(339, 57, 54, '2024-09-27 08:23:45', '2024-09-27 08:23:45', NULL),
(340, 57, 53, '2024-09-27 08:23:45', '2024-09-27 08:23:45', NULL),
(341, 57, 47, '2024-09-27 08:23:45', '2024-09-27 08:23:45', NULL),
(342, 58, 56, '2024-09-27 08:23:45', '2024-09-27 08:23:45', NULL),
(343, 58, 57, '2024-09-27 08:23:45', '2024-09-27 08:23:45', NULL),
(344, 59, 56, '2024-09-27 08:23:45', '2024-09-27 08:23:45', NULL),
(345, 59, 57, '2024-09-27 08:23:45', '2024-09-27 08:23:45', NULL),
(346, 59, 54, '2024-09-27 08:23:46', '2024-09-27 08:23:46', NULL),
(441, 91, 56, '2024-09-27 08:23:46', '2024-09-27 08:23:46', NULL),
(442, 91, 57, '2024-09-27 08:23:46', '2024-09-27 08:23:46', NULL),
(444, 91, 53, '2024-09-27 08:23:46', '2024-09-27 08:23:46', NULL);

-- --------------------------------------------------------

--
-- Table structure for table `product_sub_categories`
--

CREATE TABLE `product_sub_categories` (
  `id` bigint UNSIGNED NOT NULL,
  `product_category_id` bigint UNSIGNED NOT NULL,
  `title` varchar(191) CHARACTER SET utf8mb4 COLLATE utf8mb4_unicode_ci NOT NULL,
  `slug` varchar(191) CHARACTER SET utf8mb4 COLLATE utf8mb4_unicode_ci NOT NULL,
  `sort_order` int NOT NULL DEFAULT '0',
  `status` tinyint(1) NOT NULL DEFAULT '1',
  `created_at` timestamp NULL DEFAULT NULL,
  `updated_at` timestamp NULL DEFAULT NULL,
  `deleted_at` timestamp NULL DEFAULT NULL
) ENGINE=MyISAM DEFAULT CHARSET=utf8mb4 COLLATE=utf8mb4_unicode_ci;

--
-- Dumping data for table `product_sub_categories`
--

INSERT INTO `product_sub_categories` (`id`, `product_category_id`, `title`, `slug`, `sort_order`, `status`, `created_at`, `updated_at`, `deleted_at`) VALUES
(1, 4, 'Worklite', 'worklite', 0, 0, '2024-11-07 00:02:59', '2026-02-05 03:59:25', NULL);

-- --------------------------------------------------------

--
-- Table structure for table `projects`
--

CREATE TABLE `projects` (
  `id` bigint UNSIGNED NOT NULL,
  `project_category_id` bigint UNSIGNED NOT NULL,
  `title` varchar(191) CHARACTER SET utf8mb4 COLLATE utf8mb4_unicode_ci NOT NULL,
  `slug` varchar(191) CHARACTER SET utf8mb4 COLLATE utf8mb4_unicode_ci NOT NULL,
  `state_id` int DEFAULT NULL,
  `city_id` int DEFAULT NULL,
  `description` longtext CHARACTER SET utf8mb4 COLLATE utf8mb4_unicode_ci,
  `image` varchar(191) CHARACTER SET utf8mb4 COLLATE utf8mb4_unicode_ci DEFAULT NULL,
  `banner_image` varchar(191) CHARACTER SET utf8mb4 COLLATE utf8mb4_unicode_ci DEFAULT NULL,
  `banner_mobile_image` varchar(191) CHARACTER SET utf8mb4 COLLATE utf8mb4_unicode_ci DEFAULT NULL,
  `sort_order` int NOT NULL DEFAULT '0',
  `status` tinyint(1) NOT NULL DEFAULT '1',
  `meta_title` varchar(191) CHARACTER SET utf8mb4 COLLATE utf8mb4_unicode_ci DEFAULT NULL,
  `meta_keywords` text CHARACTER SET utf8mb4 COLLATE utf8mb4_unicode_ci,
  `meta_description` longtext CHARACTER SET utf8mb4 COLLATE utf8mb4_unicode_ci,
  `other_meta_tags` text CHARACTER SET utf8mb4 COLLATE utf8mb4_unicode_ci,
  `created_at` timestamp NULL DEFAULT NULL,
  `updated_at` timestamp NULL DEFAULT NULL,
  `deleted_at` timestamp NULL DEFAULT NULL
) ENGINE=InnoDB DEFAULT CHARSET=utf8mb4 COLLATE=utf8mb4_unicode_ci;

--
-- Dumping data for table `projects`
--

INSERT INTO `projects` (`id`, `project_category_id`, `title`, `slug`, `state_id`, `city_id`, `description`, `image`, `banner_image`, `banner_mobile_image`, `sort_order`, `status`, `meta_title`, `meta_keywords`, `meta_description`, `other_meta_tags`, `created_at`, `updated_at`, `deleted_at`) VALUES
(1, 1, 'Dolo', 'dolo', 19, 1844, '<p>DescriptionDescription Description Description Description DescriptionDescription&nbsp;</p>\r\n<p>DescriptionDescription Description Description Description DescriptionDescription</p>\r\n<p>DescriptionDescription Description Description Description DescriptionDescription</p>\r\n<p>DescriptionDescription Description Description Description DescriptionDescription</p>\r\n<p>DescriptionDescription Description Description Description DescriptionDescription</p>\r\n<p>DescriptionDescription Description Description Description DescriptionDescription</p>\r\n<p>DescriptionDescription Description Description Description DescriptionDescription</p>\r\n<p><strong>Requirement<br /></strong></p>\r\n<p>criptionDescription Description Description Description DescriptionDescription</p>\r\n<p>DescriptionDescription Description</p>\r\n<p><strong>&nbsp;</strong></p>', 'uploads/project/1e5c4122-5d57-4b1f-a467-b621af700a0e.jfif', 'uploads/project/9dd66218-4e02-4875-9505-2b1beeaba120.jpg', 'uploads/project/d73655ba-afb6-47fe-94a7-66f952fa4e2c.jpg', 0, 1, NULL, NULL, NULL, NULL, '2024-06-24 05:40:33', '2024-06-27 01:12:04', '2024-06-27 01:12:04'),
(2, 6, 'TUV', 'tuv', 17, 1558, '<p>Additionally, green is an inherent part of Wipro\'s culture. In all our products offerings, throughout the product manufacturing process, due care is taken, considering the long-term ecological sustainability which will create the lowest environmental impact. At Wipro Furniture, it is our constant endeavour to serve our customers with the most appropriate and innovative product solutions</p>', 'uploads/project/3f0459fe-97a0-473e-a049-cef5902cc9cd.jpg', 'uploads/project/d5af8fec-4537-4f1b-a5cb-f4620c437862.jpg', 'uploads/project/e7bd12e7-68b2-45d4-b94d-971df4f50844.jpg', 1, 1, NULL, NULL, NULL, NULL, '2024-06-27 02:24:43', '2024-07-02 03:24:14', NULL),
(3, 5, 'BirlaSoft', 'birlasoft', 10, 707, '<p>Additionally, green is an inherent part of Wipro\'s culture. In all our products offerings, throughout the product manufacturing process, due care is taken, considering the long-term ecological sustainability which will create the lowest environmental impact. At Wipro Furniture, it is our constant endeavour to serve our customers with the most appropriate and innovative product solutions.</p>', 'uploads/project/b6b10230-7b80-4eed-8634-7e2890667dc7.jpg', 'uploads/project/acd3d329-6967-4c62-8193-3ba9aa6892a7.jpg', 'uploads/project/bf8538ec-91ae-4346-8b02-e85d5ed89944.jpg', 2, 1, NULL, NULL, NULL, NULL, '2024-06-27 02:33:07', '2024-06-30 08:47:50', NULL),
(4, 3, 'HDFC', 'hdfc', 19, 1930, '<p>Additionally, green is an inherent part of Wipro\'s culture. In all our products offerings, throughout the product manufacturing process, due care is taken, considering the long-term ecological sustainability which will create the lowest environmental impact. At Wipro Furniture, it is our constant endeavour to serve our customers with the most appropriate and innovative product solutions.</p>', 'uploads/project/ce08da5e-0eb4-499b-906b-bea9b21de825.jpg', 'uploads/project/5711a859-a167-43b8-82c6-eff91bf5fd8a.jpg', 'uploads/project/333dbd33-739d-4e0b-8c9a-e5c07d85c3a8.jpg', 3, 1, NULL, NULL, NULL, NULL, '2024-06-27 02:35:00', '2024-06-30 08:47:34', NULL),
(5, 2, 'InfoPark', 'infopark', 19, 1930, '<p>Additionally, green is an inherent part of Wipro\'s culture. In all our products offerings, throughout the product manufacturing process, due care is taken, considering the long-term ecological sustainability which will create the lowest environmental impact. At Wipro Furniture, it is our constant endeavour to serve our customers with the most appropriate and innovative product solutions.</p>', 'uploads/project/5eef42e2-d1eb-459a-8d01-6eb3a84730bd.jpg', 'uploads/project/dafe813c-9f8c-42de-a138-03a9ca7870b4.jpg', 'uploads/project/07afb141-f1de-47cd-a8a3-8110483dd085.jpg', 1, 1, NULL, NULL, NULL, NULL, '2024-06-27 02:36:53', '2024-07-11 23:41:20', NULL);

-- --------------------------------------------------------

--
-- Table structure for table `project_categories`
--

CREATE TABLE `project_categories` (
  `id` bigint UNSIGNED NOT NULL,
  `title` varchar(191) CHARACTER SET utf8mb4 COLLATE utf8mb4_unicode_ci NOT NULL,
  `slug` varchar(191) CHARACTER SET utf8mb4 COLLATE utf8mb4_unicode_ci NOT NULL,
  `sort_order` int NOT NULL DEFAULT '0',
  `status` tinyint(1) NOT NULL DEFAULT '1',
  `created_at` timestamp NULL DEFAULT NULL,
  `updated_at` timestamp NULL DEFAULT NULL,
  `deleted_at` timestamp NULL DEFAULT NULL
) ENGINE=InnoDB DEFAULT CHARSET=utf8mb4 COLLATE=utf8mb4_unicode_ci;

--
-- Dumping data for table `project_categories`
--

INSERT INTO `project_categories` (`id`, `title`, `slug`, `sort_order`, `status`, `created_at`, `updated_at`, `deleted_at`) VALUES
(1, '1mg', '1mg', 0, 1, '2024-06-24 05:20:47', '2024-06-27 01:12:06', '2024-06-27 01:12:06'),
(2, 'Office', 'office', 1, 0, '2024-06-27 01:12:18', '2024-12-11 11:02:27', NULL),
(3, 'Auditorium', 'auditorium', 2, 1, '2024-06-27 01:12:38', '2024-11-06 04:55:59', NULL),
(4, 'Stadiums', 'stadiums', 3, 0, '2024-06-27 01:12:50', '2024-11-06 04:56:00', NULL),
(5, 'Healthcare', 'healthcare', 4, 1, '2024-06-27 01:13:00', '2024-11-06 04:55:54', NULL),
(6, 'Education', 'education', 5, 0, '2024-06-27 01:13:09', '2024-11-06 04:54:29', NULL),
(7, 'Public Areas', 'public-areas', 6, 0, '2024-06-27 01:13:25', '2024-11-06 04:54:28', NULL),
(8, 'Residential & Retail', 'residential-retail', 8, 0, '2024-06-27 01:13:44', '2024-11-06 04:54:27', NULL);

-- --------------------------------------------------------

--
-- Table structure for table `project_cms`
--

CREATE TABLE `project_cms` (
  `id` bigint UNSIGNED NOT NULL,
  `title` varchar(191) CHARACTER SET utf8mb4 COLLATE utf8mb4_unicode_ci NOT NULL,
  `description` text CHARACTER SET utf8mb4 COLLATE utf8mb4_unicode_ci,
  `talk_expert_title` varchar(191) CHARACTER SET utf8mb4 COLLATE utf8mb4_unicode_ci NOT NULL,
  `talk_expert_description` text CHARACTER SET utf8mb4 COLLATE utf8mb4_unicode_ci,
  `talk_expert_phone_number` varchar(191) CHARACTER SET utf8mb4 COLLATE utf8mb4_unicode_ci NOT NULL,
  `faq_title` varchar(191) CHARACTER SET utf8mb4 COLLATE utf8mb4_unicode_ci NOT NULL,
  `faq_description` text CHARACTER SET utf8mb4 COLLATE utf8mb4_unicode_ci,
  `created_at` timestamp NULL DEFAULT NULL,
  `updated_at` timestamp NULL DEFAULT NULL
) ENGINE=InnoDB DEFAULT CHARSET=utf8mb4 COLLATE=utf8mb4_unicode_ci;

--
-- Dumping data for table `project_cms`
--

INSERT INTO `project_cms` (`id`, `title`, `description`, `talk_expert_title`, `talk_expert_description`, `talk_expert_phone_number`, `faq_title`, `faq_description`, `created_at`, `updated_at`) VALUES
(1, 'Projects', '<p>Step into our world of projects, where ergonomic innovation drives every endeavor. Explore our portfolio featuring office revamps, ergonomic chair designs, and more, imperative to a healthier, happier, and more productive work environment.&nbsp;</p>', 'Furniture for Your Dream Office', '<p>Beautiful design, variety of models, quality. Fast delivery, convenient payment</p>', '+91 1800-22-8222', 'Frequently<br> Asked Questions', '<p>Do you have any questions? We are here to help you! If you do not see the answer you are seeking, please get in touch with us. We will call you to answer your queries!</p>', '2024-06-24 01:29:42', '2024-06-27 01:11:29');

-- --------------------------------------------------------

--
-- Table structure for table `project_images`
--

CREATE TABLE `project_images` (
  `id` bigint UNSIGNED NOT NULL,
  `project_id` bigint UNSIGNED NOT NULL,
  `image` varchar(191) CHARACTER SET utf8mb4 COLLATE utf8mb4_unicode_ci NOT NULL,
  `sort_order` int NOT NULL DEFAULT '0',
  `status` tinyint(1) NOT NULL DEFAULT '1',
  `created_at` timestamp NULL DEFAULT NULL,
  `updated_at` timestamp NULL DEFAULT NULL,
  `deleted_at` timestamp NULL DEFAULT NULL
) ENGINE=MyISAM DEFAULT CHARSET=utf8mb4 COLLATE=utf8mb4_unicode_ci;

--
-- Dumping data for table `project_images`
--

INSERT INTO `project_images` (`id`, `project_id`, `image`, `sort_order`, `status`, `created_at`, `updated_at`, `deleted_at`) VALUES
(1, 5, 'uploads/project-image/86d67e0f-165a-445d-95d9-3cc248f567a8.jpg', 1, 1, '2024-12-11 10:56:40', '2024-12-11 10:56:40', NULL);

-- --------------------------------------------------------

--
-- Table structure for table `questions`
--

CREATE TABLE `questions` (
  `id` bigint UNSIGNED NOT NULL,
  `title` text CHARACTER SET utf8mb4 COLLATE utf8mb4_unicode_ci NOT NULL,
  `sort_order` int NOT NULL DEFAULT '0',
  `is_general` tinyint(1) NOT NULL DEFAULT '0',
  `status` tinyint(1) NOT NULL DEFAULT '1',
  `created_at` timestamp NULL DEFAULT NULL,
  `updated_at` timestamp NULL DEFAULT NULL,
  `deleted_at` timestamp NULL DEFAULT NULL
) ENGINE=InnoDB DEFAULT CHARSET=utf8mb4 COLLATE=utf8mb4_unicode_ci;

--
-- Dumping data for table `questions`
--

INSERT INTO `questions` (`id`, `title`, `sort_order`, `is_general`, `status`, `created_at`, `updated_at`, `deleted_at`) VALUES
(1, 'How tall are you in centimeters?', 1, 0, 1, '2024-06-24 01:29:46', '2025-08-26 06:00:08', NULL),
(2, 'Gender', 2, 1, 1, '2024-06-24 01:29:46', '2025-09-03 00:33:32', NULL),
(3, 'How does your floor surface feel?', 3, 1, 1, '2024-06-24 01:29:46', '2025-09-03 00:33:33', NULL),
(4, 'What do you mainly use your chair for?', 4, 0, 1, '2024-06-24 01:29:46', '2025-09-03 00:33:34', NULL),
(5, 'What weight class do you fit in?', 5, 0, 1, '2024-06-24 01:29:46', '2025-09-03 00:33:34', NULL),
(6, 'Do you mainly work with?', 6, 0, 1, '2024-06-24 01:29:46', '2025-09-03 00:33:36', NULL),
(7, 'How long do you usually sit on your chair?', 7, 1, 0, '2024-06-24 01:29:46', '2025-09-03 00:30:51', NULL),
(8, 'I prefer ……………… seating position (I prefer to sit upright)', 8, 1, 0, '2024-06-24 01:29:46', '2025-09-03 00:30:50', NULL);

-- --------------------------------------------------------

--
-- Table structure for table `registered_offices`
--

CREATE TABLE `registered_offices` (
  `id` bigint UNSIGNED NOT NULL,
  `address` text CHARACTER SET utf8mb4 COLLATE utf8mb4_unicode_ci,
  `title` varchar(191) CHARACTER SET utf8mb4 COLLATE utf8mb4_unicode_ci DEFAULT NULL,
  `email` varchar(191) CHARACTER SET utf8mb4 COLLATE utf8mb4_unicode_ci DEFAULT NULL,
  `phone_number` varchar(191) CHARACTER SET utf8mb4 COLLATE utf8mb4_unicode_ci DEFAULT NULL,
  `iframe_src` text CHARACTER SET utf8mb4 COLLATE utf8mb4_unicode_ci,
  `sort_order` int NOT NULL DEFAULT '0',
  `status` tinyint(1) NOT NULL DEFAULT '1',
  `created_at` timestamp NULL DEFAULT NULL,
  `updated_at` timestamp NULL DEFAULT NULL,
  `deleted_at` timestamp NULL DEFAULT NULL
) ENGINE=InnoDB DEFAULT CHARSET=utf8mb4 COLLATE=utf8mb4_unicode_ci;

--
-- Dumping data for table `registered_offices`
--

INSERT INTO `registered_offices` (`id`, `address`, `title`, `email`, `phone_number`, `iframe_src`, `sort_order`, `status`, `created_at`, `updated_at`, `deleted_at`) VALUES
(1, '<p><strong>John Doe</strong><br />1234 Elm Street<br />Springfield, IL 62704<br />United States</p>\r\n<p>Phone: (555) 123-4567<br />Email: <a rel=\"noreferrer\">john.doe@example.com</a></p>', 'sample Resource Category', 'abhiram@intersmart.in', '09895337328', '<div style=\"width: 100%\"><iframe width=\"100%\" height=\"600\" frameborder=\"0\" scrolling=\"no\" marginheight=\"0\" marginwidth=\"0\" src=\"https://maps.google.com/maps?width=100%25&amp;height=600&amp;hl=en&amp;q=1%20Grafton%20Street,%20Dublin,%20Ireland+(My%20Business%20Name)&amp;t=&amp;z=14&amp;ie=UTF8&amp;iwloc=B&amp;output=embed\"><a href=\"https://www.gps.ie/\">gps trackers</a></iframe></div>', 2, 1, '2024-06-24 07:23:59', '2024-06-24 07:34:14', '2024-06-24 07:34:14'),
(2, '<div class=\"MjjYud\">\r\n<div class=\"g Ww4FFb vt6azd tF2Cxc asEBEc\" lang=\"en\" data-hveid=\"CDkQAA\" data-ved=\"2ahUKEwjWma3r5OSHAxUOxzgGHd-5Oh8QFSgAegQIORAA\">\r\n<div class=\"N54PNb BToiNc cvP2Ce\" data-snc=\"bNL7he\">\r\n<div class=\"kb0PBd cvP2Ce A9Y9g\" data-snf=\"nke7rc\" data-sncf=\"1\">\r\n<div class=\"VwiC3b yXK7lf lVm3ye r025kc hJNv6b Hdw6tb\">Wipro House, 8, 80 Feet Rd, Koramangala 1A Block, 1st Block Koramangala, Koramangala, Bengaluru, Karnataka 560034</div>\r\n</div>\r\n</div>\r\n</div>\r\n</div>\r\n<div class=\"hlcw0c\">\r\n<div class=\"MjjYud\">\r\n<div class=\"g Ww4FFb vt6azd tF2Cxc asEBEc\" lang=\"en\" data-hveid=\"CEQQAA\" data-ved=\"2ahUKEwjWma3r5OSHAxUOxzgGHd-5Oh8QFSgAegQIRBAA\">\r\n<div class=\"N54PNb BToiNc cvP2Ce\" data-snc=\"UFDkqf\">\r\n<div class=\"kb0PBd cvP2Ce A9Y9g jGGQ5e\" data-snf=\"x5WNvb\" data-snhf=\"0\">\r\n<div class=\"yuRUbf\">&nbsp;</div>\r\n</div>\r\n</div>\r\n</div>\r\n</div>\r\n</div>', 'Bangalore BO', 'vibrant.solutions@wipro.com', '9650081944', '<iframe src=\"https://www.google.com/maps/embed?pb=!1m18!1m12!1m3!1d124383.06205937458!2d77.44198124474919!3d13.037537677376621!2m3!1f0!2f0!3f0!3m2!1i1024!2i768!4f13.1!3m3!1m2!1s0x3bae3d2463171e7f%3A0x5500e4ea24972b6e!2sWipro%20Enterprises%20Private%20Limited!5e0!3m2!1sen!2sin!4v1723093430869!5m2!1sen!2sin\" width=\"600\" height=\"450\" style=\"border:0;\" allowfullscreen=\"\" loading=\"lazy\" referrerpolicy=\"no-referrer-when-downgrade\"></iframe>', 0, 1, '2024-06-26 06:56:38', '2024-11-26 05:38:21', NULL),
(3, '<p>Wipro Enterprises Pvt Ltd, 680 &amp; 680A1,Near IOCL Terminal, Seaport -Airport Road, Irumbanam.P.O ,Ernakulam, Kerala -682309</p>', 'Ernakulam', 'suresh.s681@wipro.com', '9847051441', '<iframe src=\"https://www.google.com/maps/embed?pb=!1m18!1m12!1m3!1d7920626.742062758!2d70.41683296984688!3d14.224408027846584!2m3!1f0!2f0!3f0!3m2!1i1024!2i768!4f13.1!3m3!1m2!1s0x3b080d9f73f7a1eb%3A0x642adbcde88c8dd2!2sWipro%20Consumer%20Care%20Office!5e0!3m2!1sen!2sin!4v1754893125068!5m2!1sen!2sin\" width=\"600\" height=\"450\" style=\"border:0;\" allowfullscreen=\"\" loading=\"lazy\" referrerpolicy=\"no-referrer-when-downgrade\"></iframe>', 0, 1, '2024-07-02 23:44:54', '2025-08-11 00:48:59', NULL),
(4, '<p>139, 7th Cross, N.S. Palya Off. Bannerghatta Road, Bengaluru, Karnataka 560076</p>', 'Bangalore Regional Office', 'vinay.mirajgaoker@wipro.com', '8511001015', '<iframe src=\"https://www.google.com/maps/embed?pb=!1m18!1m12!1m3!1d3888.9040607855795!2d77.60554997454577!3d12.913887416142018!2m3!1f0!2f0!3f0!3m2!1i1024!2i768!4f13.1!3m3!1m2!1s0x3bae14fd7bff891f%3A0xb37b7831f68311ac!2s139%2C%207th%20Cross%20Rd%2C%20Stage%202%2C%20BTM%20Layout%2C%20Bengaluru%2C%20Karnataka%20560076!5e0!3m2!1sen!2sin!4v1732606894134!5m2!1sen!2sin\" width=\"600\" height=\"450\" style=\"border:0;\" allowfullscreen=\"\" loading=\"lazy\" referrerpolicy=\"no-referrer-when-downgrade\"></iframe>', 0, 1, '2024-11-26 02:11:49', '2024-12-05 06:16:10', NULL),
(5, '<p>Wipro Enterprises (P) Limited,<br />E-40/7, Okhla Industrial Area, Phase-2, New-Delhi-110020</p>', 'Delhi', 'vishal.mishra1@wipro.com', '8454820139', '<iframe src=\"https://www.google.com/maps/embed?pb=!1m18!1m12!1m3!1d3505.087429744697!2d77.26798257495328!3d28.53709168840932!2m3!1f0!2f0!3f0!3m2!1i1024!2i768!4f13.1!3m3!1m2!1s0x390ce3e20c93b745%3A0x9ecfaba7f70b1a25!2sWipro%20Enterprises%20Pvt.%20Ltd!5e0!3m2!1sen!2sin!4v1732607248848!5m2!1sen!2sin\" width=\"600\" height=\"450\" style=\"border:0;\" allowfullscreen=\"\" loading=\"lazy\" referrerpolicy=\"no-referrer-when-downgrade\"></iframe>', 0, 1, '2024-11-26 02:17:45', '2024-11-26 02:17:45', NULL),
(6, '<p>Wipro Consumer Care &amp; Lighting , C-1401 Lotus Co Park , Shri Ram Mandir Rd, Hanuman Nagar,Laxmi Nagar,Goregaon , Mumbai, Maharashtra - 400063</p>', 'Mumbai', 'praneet.chincholikar@wipro.com', '9823267580', '<iframe src=\"https://www.google.com/maps/embed?pb=!1m18!1m12!1m3!1d3769.151226162848!2d72.85077967466691!3d19.144856549808384!2m3!1f0!2f0!3f0!3m2!1i1024!2i768!4f13.1!3m3!1m2!1s0x3be7b715d06df791%3A0x89a1c976a4d0e852!2sWipro%20Consumer%20Care%20%26%20Lighting!5e0!3m2!1sen!2sin!4v1732615512734!5m2!1sen!2sin\" width=\"600\" height=\"450\" style=\"border:0;\" allowfullscreen=\"\" loading=\"lazy\" referrerpolicy=\"no-referrer-when-downgrade\"></iframe>', 0, 1, '2024-11-26 04:35:46', '2024-12-21 02:11:43', NULL),
(7, '<p>Wipro Enterprises Pvt. Ltd<br />3rd Floor, Bhosale Heights,1195/5, FC Road, Pune &ndash; 411005</p>', 'Pune Regional Office', 'ashish.soni3@wipro.com', '9893036158', '<iframe src=\"https://www.google.com/maps/embed?pb=!1m16!1m12!1m3!1d3783.0850833568165!2d73.83921657465231!3d18.52505686903829!2m3!1f0!2f0!3f0!3m2!1i1024!2i768!4f13.1!2m1!1sWipro%20Enterprises%20Pvt.%20Ltd%203rd%20Floor%2C%20Bhosale%20Heights%2C1195%2F5%2C%20FC%20Road%2C%20Pune%20%E2%80%93%20411005!5e0!3m2!1sen!2sin!4v1732616874319!5m2!1sen!2sin\" width=\"600\" height=\"450\" style=\"border:0;\" allowfullscreen=\"\" loading=\"lazy\" referrerpolicy=\"no-referrer-when-downgrade\"></iframe>', 0, 1, '2024-11-26 04:58:14', '2024-11-26 04:58:14', NULL),
(8, '<p>Wipro Enterprises (P) Limited<br />G Block, 6th Floor, Surya Towers, 105, Sardar Patel Road, Sandhu Apartment, Kalasiguda, Secunderabad &ndash; 500003, Telangana&nbsp;</p>', 'Hyderabad', 'sreenivas.kancherla1@wipro.com', '9500086336', '<iframe src=\"https://www.google.com/maps/embed?pb=!1m18!1m12!1m3!1d3806.353453670691!2d78.48681477462816!3d17.44278890120785!2m3!1f0!2f0!3f0!3m2!1i1024!2i768!4f13.1!3m3!1m2!1s0x3bcb99cd87dc821b%3A0xcd8ab5a6b14f3f1f!2sWipro%20Limited%20Infotech!5e0!3m2!1sen!2sin!4v1732617599239!5m2!1sen!2sin\" width=\"600\" height=\"450\" style=\"border:0;\" allowfullscreen=\"\" loading=\"lazy\" referrerpolicy=\"no-referrer-when-downgrade\"></iframe>', 0, 1, '2024-11-26 05:11:04', '2024-11-26 05:11:04', NULL),
(9, '<p>4th Floor, Savalar Square,&nbsp;<br />15 North Phase, Developed Plot<br />Guindy Industrial Estate<br />Ekkatuthanagal, Chennai, Tamilnadu - 600032</p>', 'Chennai', 'mahanth.r@wipro.com', '8754934394', '<iframe src=\"https://www.google.com/maps/embed?pb=!1m18!1m12!1m3!1d3885.810960721312!2d80.16394417622386!3d13.1111590788694!2m3!1f0!2f0!3f0!3m2!1i1024!2i768!4f13.1!3m3!1m2!1s0x3a5263976d06a7bf%3A0x34d5debe7cb1db74!2s15%2C%20North%20Phase%2C%20Kannan%20Koil%2C%20Sidco%20Industrial%20Estate%2C%20Ambattur%2C%20Chennai%2C%20Tamil%20Nadu%20600098!5e0!3m2!1sen!2sin!4v1732618072623!5m2!1sen!2sin\" width=\"600\" height=\"450\" style=\"border:0;\" allowfullscreen=\"\" loading=\"lazy\" referrerpolicy=\"no-referrer-when-downgrade\"></iframe>', 0, 1, '2024-11-26 05:18:58', '2024-11-26 05:18:58', NULL),
(10, '<p>Wipro Enterprises (P) Limited,3 Pretoria Street,3rd Floor,Kolkata-700071</p>', 'Kolkata', 'samitkumar.saha@wipro.com', '9836462165', '<iframe src=\"https://www.google.com/maps/embed?pb=!1m16!1m12!1m3!1d3684.9353950768177!2d88.34841327475634!3d22.544092734015578!2m3!1f0!2f0!3f0!3m2!1i1024!2i768!4f13.1!2m1!1sWipro%20Enterprises%20(P)%20Limited%2C3%20Pretoria%20Street%2C3rd%20Floor%2CKolkata-700071!5e0!3m2!1sen!2sin!4v1732619172113!5m2!1sen!2sin\" width=\"600\" height=\"450\" style=\"border:0;\" allowfullscreen=\"\" loading=\"lazy\" referrerpolicy=\"no-referrer-when-downgrade\"></iframe>', 0, 1, '2024-11-26 05:37:39', '2024-11-26 05:37:39', NULL),
(11, '<p>Suryaprabha Palathara,Near Bridge Powdikonam, P O ,Trivandrum 695588</p>', 'Trivandrum', 'suresh.s681@wipro.com', '9847051441', '<iframe src=\"https://www.google.com/maps/embed?pb=!1m16!1m12!1m3!1d3945.2815507356245!2d76.92986842449484!3d8.568903346022363!2m3!1f0!2f0!3f0!3m2!1i1024!2i768!4f13.1!2m1!1sSuryaprabha%20Palathara%2CP%20O%20%2CTrivandrum%20695588!5e0!3m2!1sen!2sin!4v1732619734769!5m2!1sen!2sin\" width=\"600\" height=\"450\" style=\"border:0;\" allowfullscreen=\"\" loading=\"lazy\" referrerpolicy=\"no-referrer-when-downgrade\"></iframe>', 0, 1, '2024-11-26 05:45:57', '2024-11-26 05:49:07', '2024-11-26 05:49:07'),
(12, '<p>Wipro Consumer Care &amp; Lighting&nbsp;<br />SCO-1066-1067,Top Floor,Sector 22B,Chandigarh-160022,India</p>', 'Chandigarh', 'vishnu.yadav@wipro.com', '9992877019', '<iframe src=\"https://www.google.com/maps/embed?pb=!1m18!1m12!1m3!1d13718.555022544371!2d76.76394804843996!3d30.72855443846603!2m3!1f0!2f0!3f0!3m2!1i1024!2i768!4f13.1!3m3!1m2!1s0x390fedb315555555%3A0x9a583edf1ac33685!2sWipro%20Consumer%20Care%20%26%20Lighting!5e0!3m2!1sen!2sin!4v1732620164581!5m2!1sen!2sin\" width=\"600\" height=\"450\" style=\"border:0;\" allowfullscreen=\"\" loading=\"lazy\" referrerpolicy=\"no-referrer-when-downgrade\"></iframe>', 0, 1, '2024-11-26 05:53:17', '2024-12-09 05:24:50', NULL);

-- --------------------------------------------------------

--
-- Table structure for table `resources`
--

CREATE TABLE `resources` (
  `id` bigint UNSIGNED NOT NULL,
  `resource_category_id` bigint UNSIGNED NOT NULL,
  `image` varchar(191) CHARACTER SET utf8mb4 COLLATE utf8mb4_unicode_ci NOT NULL,
  `pdf` varchar(191) CHARACTER SET utf8mb4 COLLATE utf8mb4_unicode_ci NOT NULL,
  `sort_order` int NOT NULL DEFAULT '0',
  `status` tinyint(1) NOT NULL DEFAULT '1',
  `created_at` timestamp NULL DEFAULT NULL,
  `updated_at` timestamp NULL DEFAULT NULL,
  `deleted_at` timestamp NULL DEFAULT NULL
) ENGINE=InnoDB DEFAULT CHARSET=utf8mb4 COLLATE=utf8mb4_unicode_ci;

--
-- Dumping data for table `resources`
--

INSERT INTO `resources` (`id`, `resource_category_id`, `image`, `pdf`, `sort_order`, `status`, `created_at`, `updated_at`, `deleted_at`) VALUES
(1, 2, 'uploads/resource/7a05716f-c1d0-4daa-859c-87fa405fd547.jpg', 'uploads/resource/ff333f77-c7af-4a94-a5b7-57ba34ae8889.pdf', 2, 1, '2024-06-24 07:00:30', '2024-06-25 03:58:16', NULL),
(2, 1, 'uploads/resource/b8c52da1-c2a0-426a-ab47-db6d699fba04.jpg', 'uploads/resource/986ff5c9-e3d2-44e3-b2b1-14d4d9515f58.pdf', 2, 1, '2024-06-25 03:40:58', '2024-06-25 03:40:58', NULL),
(3, 3, 'uploads/resource/9183b9a0-e0ae-43d2-bfa9-89037d6597f1.jpg', 'uploads/resource/e8d696c3-213d-4802-b20c-8cc3c2393224.pdf', 0, 1, '2024-06-27 01:33:28', '2024-06-27 01:33:28', NULL),
(4, 3, 'uploads/resource/0be301c6-4006-4011-8b88-17c10cbbac17.jpg', 'uploads/resource/b766fac1-35ae-4c32-907e-5bae0fa0d939.pdf', 0, 1, '2024-06-27 01:33:57', '2024-06-27 01:33:57', NULL),
(5, 4, 'uploads/resource/ad30bb6f-c3ab-4f92-bcd9-6580b83ffadd.jpg', 'uploads/resource/9de3271c-66ec-4693-ad2c-688870d9aab3.pdf', 0, 1, '2024-06-27 01:34:30', '2024-06-27 01:34:30', NULL),
(6, 5, 'uploads/resource/0c06a798-0e8c-4c48-8cb6-46a3af1c5016.jpg', 'uploads/resource/140857ab-7009-4794-a466-fb122c1ba92c.pdf', 0, 1, '2024-06-27 01:34:57', '2024-06-27 01:34:57', NULL),
(7, 5, 'uploads/resource/c7db5c91-5a9e-4b81-a09e-6dafae1c0f93.jpg', 'uploads/resource/0b761328-8e4d-4b30-bf3f-adebd14904be.pdf', 0, 1, '2024-06-27 01:35:31', '2024-06-27 01:35:31', NULL),
(8, 6, 'uploads/resource/189fd547-c0c0-43b5-913a-f7d0f09d857b.jpg', 'uploads/resource/f4f9829e-c9be-40c3-b2e9-be11d492dc26.pdf', 0, 1, '2024-06-27 01:35:53', '2024-06-27 01:35:53', NULL),
(9, 7, 'uploads/resource/5d4b0299-a299-4834-81e4-4064ee59a262.jpg', 'uploads/resource/6e6d4bae-c741-468b-87f3-29561516612d.pdf', 0, 1, '2024-06-27 01:36:19', '2024-06-27 01:36:19', NULL);

-- --------------------------------------------------------

--
-- Table structure for table `resource_categories`
--

CREATE TABLE `resource_categories` (
  `id` bigint UNSIGNED NOT NULL,
  `title` varchar(191) CHARACTER SET utf8mb4 COLLATE utf8mb4_unicode_ci NOT NULL,
  `slug` varchar(191) CHARACTER SET utf8mb4 COLLATE utf8mb4_unicode_ci NOT NULL,
  `description` text CHARACTER SET utf8mb4 COLLATE utf8mb4_unicode_ci,
  `image` varchar(191) CHARACTER SET utf8mb4 COLLATE utf8mb4_unicode_ci DEFAULT NULL,
  `sort_order` int NOT NULL DEFAULT '0',
  `status` tinyint(1) NOT NULL DEFAULT '1',
  `created_at` timestamp NULL DEFAULT NULL,
  `updated_at` timestamp NULL DEFAULT NULL,
  `deleted_at` timestamp NULL DEFAULT NULL
) ENGINE=InnoDB DEFAULT CHARSET=utf8mb4 COLLATE=utf8mb4_unicode_ci;

--
-- Dumping data for table `resource_categories`
--

INSERT INTO `resource_categories` (`id`, `title`, `slug`, `description`, `image`, `sort_order`, `status`, `created_at`, `updated_at`, `deleted_at`) VALUES
(1, 'Product descriptions', 'sample-resource-category', '<p>Explore comprehensive details of Wipro\'s seating solutions in our resource section. Thoroughly delineated, our product descriptions showcase specifications and benefits like ergonomic designs and customizable features. Find the perfect seating solution to enhance your workspace, customized to your preferences and requirements.</p>', 'uploads/resource-category/a408afea-efa0-47b6-960b-9b9047a5c969.jpg', 2, 1, '2024-06-24 06:54:20', '2024-06-27 01:24:51', NULL),
(2, 'Compliance to BIFMA', 'sample-resource-category-2', '<p>All Wipro chairs meet the performance standards outlined by the Business and Institutional Furniture Manufacturers Association (BIFMA) through ANSI/BIFMA X5.1 certification. Each chair undergoes rigorous testing, prioritizing raw materials for components in contact with the body. Our manufacturing facilities boast top-quality equipment and testing resources for superior seating solutions.</p>', 'uploads/resource-category/1447d259-9d78-409c-a13c-8e84bcb0305d.png', 0, 1, '2024-06-25 03:48:20', '2024-06-27 01:22:51', NULL),
(3, 'User Manuals', 'product-descriptions', '<p>Access our user manuals that offer clear, detailed instructions for assembling, maintenance, and usage, ensuring optimal performance and longevity of your chairs. Some of the features of our manuals include clear illustrations and easy-to-follow diagrams will help you to understand how to get the best out of your seating choices.</p>', 'uploads/resource-category/0d7f03fd-7ab6-4ce0-bb11-6282202a33d9.jpg', 3, 1, '2024-06-27 01:26:07', '2024-06-27 01:26:50', NULL),
(4, 'Portfolio', 'portfolio', '<p>Browse through Wipro\'s comprehensive portfolio of seating solutions in our resources section. We provide options to suit diverse needs including ergonomic task chairs and sleek lounge seating solutions. With innovative designs and superior craftsmanship, each chair embodies our commitment to quality, comfort, and functionality, transforming workspaces with style and efficiency.</p>', 'uploads/resource-category/2d405983-92e9-45e0-a995-97151cf6dee8.jpg', 0, 1, '2024-06-27 01:28:42', '2024-06-27 01:28:42', NULL),
(5, 'Seating Materials Library', 'seating-materials-library', '<p>Take a look at our seating materials library collection featuring mesh, cushioning, handles, and more. Customize your seating with our high quality materials. From breathable mesh ensuring comfort to ergonomic handles adding convenience, discover how Wipro Seating Solutions can elevate your workspace.&nbsp;</p>', 'uploads/resource-category/739ab7da-f4ca-46f0-a90b-117e3ad90d6c.jpg', 5, 1, '2024-06-27 01:29:37', '2024-06-27 01:29:37', NULL),
(6, 'Interactive 3D models', 'interactive-3d-models', '<p>Explore Wipro\'s seating solutions with interactive 3D models on our resources page. Engage with each chair\'s design and functionality, gaining insights for informed decisions tailored to your needs.</p>', 'uploads/resource-category/488d3f0f-248d-45a9-90b0-b8f9f7a74a37.jpg', 6, 1, '2024-06-27 01:30:39', '2024-06-27 01:30:39', NULL),
(7, 'Digital catalogues', 'digital-catalogues', '<p>View our diverse range of seating solutions effortlessly with our digital catalog. Step into a world of ergonomic design and customizable features, accessing detailed product information and specifications. Simplify your decision-making process by browsing our catalog for innovative seating solutions that align with your needs perfectly.</p>', 'uploads/resource-category/1e891d10-18d9-4d21-84fb-9280758b51d5.jpg', 0, 0, '2024-06-27 01:31:31', '2024-11-06 05:10:31', NULL);

-- --------------------------------------------------------

--
-- Table structure for table `resource_cms`
--

CREATE TABLE `resource_cms` (
  `id` bigint UNSIGNED NOT NULL,
  `title` varchar(191) CHARACTER SET utf8mb4 COLLATE utf8mb4_unicode_ci NOT NULL,
  `description` text CHARACTER SET utf8mb4 COLLATE utf8mb4_unicode_ci,
  `popup_title` varchar(191) CHARACTER SET utf8mb4 COLLATE utf8mb4_unicode_ci NOT NULL,
  `popup_description` text CHARACTER SET utf8mb4 COLLATE utf8mb4_unicode_ci NOT NULL,
  `created_at` timestamp NULL DEFAULT NULL,
  `updated_at` timestamp NULL DEFAULT NULL
) ENGINE=InnoDB DEFAULT CHARSET=utf8mb4 COLLATE=utf8mb4_unicode_ci;

--
-- Dumping data for table `resource_cms`
--

INSERT INTO `resource_cms` (`id`, `title`, `description`, `popup_title`, `popup_description`, `created_at`, `updated_at`) VALUES
(1, 'Resources', '<p>Additionally, green is an inherent part of Wipro\'s culture. In all our products offerings, throughout the product manufacturing process, due care is taken, considering the long-term ecological sustainability which will create the lowest environmental impact. At Wipro Furniture, it is our constant endeavour to serve our customers with the most appropriate and innovative product solutions.</p>', 'CONSULT AN ADVISOR', 'Connect with a Wipro Specialist Near You ! Get personalized solutions and insights from a Wipro expert in your city', '2024-06-27 23:40:53', '2024-06-30 22:53:32');

-- --------------------------------------------------------

--
-- Table structure for table `resource_enquiries`
--

CREATE TABLE `resource_enquiries` (
  `id` bigint UNSIGNED NOT NULL,
  `resource_id` bigint UNSIGNED NOT NULL,
  `name` varchar(191) CHARACTER SET utf8mb4 COLLATE utf8mb4_unicode_ci NOT NULL,
  `email` varchar(191) CHARACTER SET utf8mb4 COLLATE utf8mb4_unicode_ci NOT NULL,
  `phone_number` varchar(191) CHARACTER SET utf8mb4 COLLATE utf8mb4_unicode_ci NOT NULL,
  `organization_name` varchar(191) CHARACTER SET utf8mb4 COLLATE utf8mb4_unicode_ci NOT NULL,
  `occupation` varchar(191) CHARACTER SET utf8mb4 COLLATE utf8mb4_unicode_ci NOT NULL,
  `created_at` timestamp NULL DEFAULT NULL,
  `updated_at` timestamp NULL DEFAULT NULL,
  `deleted_at` timestamp NULL DEFAULT NULL
) ENGINE=InnoDB DEFAULT CHARSET=utf8mb4 COLLATE=utf8mb4_unicode_ci;

--
-- Dumping data for table `resource_enquiries`
--

INSERT INTO `resource_enquiries` (`id`, `resource_id`, `name`, `email`, `phone_number`, `organization_name`, `occupation`, `created_at`, `updated_at`, `deleted_at`) VALUES
(1, 8, 'Sunil', 'contractvasu@gmail.com', '9871194064', 'Vasu construction', 'contractor', '2025-03-05 08:43:39', '2025-03-05 08:43:39', NULL),
(2, 1, 'arubnkumar', 'arunarun7801@gmail.com', '6374506309', 'AK', 'Designer', '2025-04-09 03:01:36', '2025-04-09 03:01:36', NULL),
(3, 1, 'Veeresh', 'veereshchigoni6286@gmail.com', '9886286777', 'XYZ', 'Architect', '2025-04-14 01:39:12', '2025-04-14 01:39:12', NULL),
(4, 4, 'Lavkesh Balchandani', 'lavkesh13@gmail.com', '08770976714', 'TERI SAS', 'RA', '2025-04-28 10:54:52', '2025-04-28 10:54:52', NULL),
(5, 5, 'mangesh', 'mangeshragho@rediffmail.com', '7219813662', 'hmx', 'buy', '2025-05-12 04:11:32', '2025-05-12 04:11:32', NULL),
(6, 5, 'mangesh', 'mangeshragho@rediffmail.com', '7219813662', 'hmx', 'buy', '2025-05-12 04:11:54', '2025-05-12 04:11:54', NULL),
(7, 8, 'mangesh', 'mangeshragho@rediffmail.com', '7219813662', 'hmx', 'architecture', '2025-05-12 04:12:44', '2025-05-12 04:12:44', NULL),
(8, 8, 'mangesh', 'mangeshragho@rediffmail.com', '7219813662', 'hmx', 'architecture', '2025-05-12 04:13:30', '2025-05-12 04:13:30', NULL),
(9, 3, 'C', 'cuspofblackhole@hotmail.com', '8447346033', 'TC', 'IT', '2025-05-14 08:13:43', '2025-05-14 08:13:43', NULL),
(10, 8, 'VINOD', 'vinod@swbiarchitects.com', '9718428757', 'swbi', 'artist', '2025-06-12 01:46:39', '2025-06-12 01:46:39', NULL),
(11, 8, 'TEST', 'SUBODH.MAITHANI@WIPRO.COM', '9650081944', 'TEST', 'Job', '2025-07-17 01:05:24', '2025-07-17 01:05:24', NULL),
(12, 8, 'sufail', 'sufail.r@rapidcorpindia.com', '32549584523', 'rc', 'id', '2025-07-27 23:34:52', '2025-07-27 23:34:52', NULL),
(13, 5, 'gik', 'gikarof167@rograc.com', '9876543210', 'offq', 'client', '2025-10-01 01:18:03', '2025-10-01 01:18:03', NULL),
(14, 5, 'Nilanjana Chaudhuri', 'nilu9220@gmail.com', '9740557245', '-', 'ARCHITECT', '2025-10-07 08:56:42', '2025-10-07 08:56:42', NULL),
(15, 2, 'Nilanjana Chaudhuri', 'nilu9220@gmail.com', '9740557245', '-', 'ARCHITECT', '2025-10-08 05:09:36', '2025-10-08 05:09:36', NULL),
(16, 1, 'Nilanjana Chaudhuri', 'nilu9220@gmail.com', '9740557245', '-', 'ARCHITECT', '2025-10-08 05:10:05', '2025-10-08 05:10:05', NULL),
(17, 8, 'Apeksha', 'joglekarapeksha26@gmail.com', '989898989898', 'ha ha ha', 'hghghghg', '2025-11-18 06:34:00', '2025-11-18 06:34:00', NULL),
(18, 6, 'Apeksha', 'apeksha.joglekar@wipro.com', '989898989898', 'ha ha ha', 'hghghghg', '2025-11-18 06:35:06', '2025-11-18 06:35:06', NULL),
(19, 7, 'DSF', 'DSFSD@ADA.COM', '24324123', 'SDFGD', 'SDF', '2026-01-27 19:48:35', '2026-01-27 19:48:35', NULL),
(20, 5, 'Arun kumar Singh', 'akhileshsingh9177@gmail.com', '8792023605', 'penguin books', 'procurement head', '2026-03-25 02:21:10', '2026-03-25 02:21:10', NULL),
(21, 1, 'Anshul Lall', 'maei.asn@gmail.com', '09382195525', 'Mining and Allied Engineering Industries', 'Executive', '2026-04-29 05:40:41', '2026-04-29 05:40:41', NULL);

-- --------------------------------------------------------

--
-- Table structure for table `sneak_peek_cms`
--

CREATE TABLE `sneak_peek_cms` (
  `id` bigint UNSIGNED NOT NULL,
  `title` varchar(191) CHARACTER SET utf8mb4 COLLATE utf8mb4_unicode_ci NOT NULL,
  `description` text CHARACTER SET utf8mb4 COLLATE utf8mb4_unicode_ci,
  `created_at` timestamp NULL DEFAULT NULL,
  `updated_at` timestamp NULL DEFAULT NULL
) ENGINE=InnoDB DEFAULT CHARSET=utf8mb4 COLLATE=utf8mb4_unicode_ci;

--
-- Dumping data for table `sneak_peek_cms`
--

INSERT INTO `sneak_peek_cms` (`id`, `title`, `description`, `created_at`, `updated_at`) VALUES
(1, 'Sneak Peek To Our Experience Centre', '<p>Visit our experience centers across the nation to try out our wide range of seating solutions. Our knowledgeable staff will guide you through various options to find the perfect fit for your needs. We cater to everyone with our wide range of seating solutions Find your nearest location and experience our products firsthand.</p>', '2024-06-24 01:29:42', '2024-06-27 02:25:22');

-- --------------------------------------------------------

--
-- Table structure for table `sneak_peek_locations`
--

CREATE TABLE `sneak_peek_locations` (
  `id` bigint UNSIGNED NOT NULL,
  `title` varchar(191) CHARACTER SET utf8mb4 COLLATE utf8mb4_unicode_ci NOT NULL,
  `slug` varchar(191) CHARACTER SET utf8mb4 COLLATE utf8mb4_unicode_ci NOT NULL,
  `sort_order` int NOT NULL DEFAULT '0',
  `status` tinyint(1) NOT NULL DEFAULT '1',
  `created_at` timestamp NULL DEFAULT NULL,
  `updated_at` timestamp NULL DEFAULT NULL,
  `deleted_at` timestamp NULL DEFAULT NULL
) ENGINE=InnoDB DEFAULT CHARSET=utf8mb4 COLLATE=utf8mb4_unicode_ci;

--
-- Dumping data for table `sneak_peek_locations`
--

INSERT INTO `sneak_peek_locations` (`id`, `title`, `slug`, `sort_order`, `status`, `created_at`, `updated_at`, `deleted_at`) VALUES
(1, 'Chennai', 'chennai', 0, 1, '2024-06-24 05:59:28', '2024-11-06 04:25:34', NULL),
(2, 'Kochi', 'kochi', 0, 0, '2024-06-27 02:26:13', '2024-10-01 06:47:55', NULL),
(3, 'Mumbai', 'mumbai', 0, 0, '2024-06-27 02:26:26', '2024-10-01 06:47:54', NULL),
(4, 'Bangalore', 'bangalore', 0, 1, '2024-06-27 02:26:35', '2026-06-05 01:59:22', NULL),
(5, 'Hyderabad', 'hyderabad', 0, 1, '2024-06-27 02:26:45', '2024-11-06 04:25:29', NULL),
(6, 'Trivandrum', 'trivandrum', 0, 0, '2024-06-27 02:26:55', '2024-10-01 06:47:51', NULL),
(7, 'Pune', 'pune', 0, 1, '2024-10-01 06:48:10', '2024-11-06 04:25:27', NULL);

-- --------------------------------------------------------

--
-- Table structure for table `sneak_peek_videos`
--

CREATE TABLE `sneak_peek_videos` (
  `id` bigint UNSIGNED NOT NULL,
  `sneak_peek_location_id` bigint UNSIGNED NOT NULL,
  `title` varchar(191) CHARACTER SET utf8mb4 COLLATE utf8mb4_unicode_ci NOT NULL,
  `subtitle` varchar(191) CHARACTER SET utf8mb4 COLLATE utf8mb4_unicode_ci DEFAULT NULL,
  `thumbnail` varchar(191) CHARACTER SET utf8mb4 COLLATE utf8mb4_unicode_ci DEFAULT NULL,
  `type` tinyint NOT NULL DEFAULT '1' COMMENT '1: Video Upload, 2: Video Url',
  `video` varchar(191) CHARACTER SET utf8mb4 COLLATE utf8mb4_unicode_ci DEFAULT NULL,
  `url` text CHARACTER SET utf8mb4 COLLATE utf8mb4_unicode_ci,
  `sort_order` int NOT NULL DEFAULT '0',
  `status` tinyint(1) NOT NULL DEFAULT '1',
  `created_at` timestamp NULL DEFAULT NULL,
  `updated_at` timestamp NULL DEFAULT NULL,
  `deleted_at` timestamp NULL DEFAULT NULL
) ENGINE=InnoDB DEFAULT CHARSET=utf8mb4 COLLATE=utf8mb4_unicode_ci;

--
-- Dumping data for table `sneak_peek_videos`
--

INSERT INTO `sneak_peek_videos` (`id`, `sneak_peek_location_id`, `title`, `subtitle`, `thumbnail`, `type`, `video`, `url`, `sort_order`, `status`, `created_at`, `updated_at`, `deleted_at`) VALUES
(1, 1, 'Dolo', 'test', 'uploads/sneak-peek-video/5e13cfea-ba5b-4504-827d-c677cb59c6ad.jpg', 1, 'uploads/sneak-peek-video/897b8656-ceb1-48c0-b6ca-39ed94981b44.mp4', NULL, 0, 1, '2024-06-27 01:53:26', '2024-06-27 02:04:24', '2024-06-27 02:04:24'),
(2, 6, 'Wipro Freestand Air', NULL, 'uploads/sneak-peek-video/4e434a6f-9916-4a89-a590-c51221a8ee1c.jpg', 2, NULL, 'https://youtu.be/GZ8WCsVG66g', 0, 1, '2024-06-27 02:28:34', '2024-06-27 02:28:34', NULL),
(3, 6, 'video one', 'Lorem ipsum', 'uploads/sneak-peek-video/345085bf-7032-4a9e-8286-620ce4872ba5.jpg', 2, NULL, 'https://youtu.be/RgACFJJ5jsA?si=50qky6Ji9F9HShnd', 0, 1, '2024-06-27 02:29:00', '2024-07-02 23:33:51', '2024-07-02 23:33:51'),
(4, 5, 'Hyderabad Video', NULL, 'uploads/sneak-peek-video/f90f6fde-a94a-41c6-9379-1d71cf238d5d.png', 2, NULL, 'https://youtu.be/16DBRetPc5w', 0, 1, '2024-06-30 08:56:37', '2025-03-31 05:10:41', NULL),
(5, 7, 'Pune', NULL, 'uploads/sneak-peek-video/ded164dd-c284-4231-b841-25e19c773645.png', 2, NULL, 'https://youtu.be/ndml52G4Juc', 0, 1, '2024-10-01 06:49:21', '2024-10-01 06:50:33', NULL),
(6, 1, 'Chennai Experience Centre', NULL, 'uploads/sneak-peek-video/c0284a60-b2aa-4095-9450-eef3f8004077.jpg', 2, NULL, 'https://youtu.be/Lc5DQ30JEsk', 0, 1, '2024-11-06 23:56:50', '2026-06-05 02:03:23', NULL),
(7, 4, 'Bangalore Experience Centre', NULL, 'uploads/sneak-peek-video/3ce8d234-7eb8-49d0-b6f9-da71aeb99320.jpg', 2, NULL, 'https://youtu.be/tAdX2XwKsU8', 1, 1, '2026-06-05 01:59:00', '2026-06-05 01:59:00', NULL);

-- --------------------------------------------------------

--
-- Table structure for table `specialities`
--

CREATE TABLE `specialities` (
  `id` bigint UNSIGNED NOT NULL,
  `title` varchar(191) CHARACTER SET utf8mb4 COLLATE utf8mb4_unicode_ci DEFAULT NULL,
  `icon` varchar(191) CHARACTER SET utf8mb4 COLLATE utf8mb4_unicode_ci DEFAULT NULL,
  `subtitle` varchar(191) CHARACTER SET utf8mb4 COLLATE utf8mb4_unicode_ci DEFAULT NULL,
  `sort_order` int NOT NULL DEFAULT '0',
  `created_at` timestamp NULL DEFAULT NULL,
  `updated_at` timestamp NULL DEFAULT NULL
) ENGINE=InnoDB DEFAULT CHARSET=utf8mb4 COLLATE=utf8mb4_unicode_ci;

--
-- Dumping data for table `specialities`
--

INSERT INTO `specialities` (`id`, `title`, `icon`, `subtitle`, `sort_order`, `created_at`, `updated_at`) VALUES
(1, 'International Designs', 'uploads/speciality/a256819f-0852-477c-9bd8-4be882c6a183.png', 'Bring international flair to your office with our stylish designs.', 1, '2024-06-26 11:18:25', '2024-07-19 05:31:29'),
(2, 'BIFMA Compliant', 'uploads/speciality/3727ddbb-f741-4fe9-85a2-94fbd290fc4e.png', 'Certified ANSI/BIFMA X5.1 Performance Tested Chairs', 2, '2024-06-26 11:18:25', '2024-07-19 06:00:18'),
(3, 'Ergonomic Design', 'uploads/speciality/3f264a62-0c2f-4486-92d7-c1364ac9dbf1.png', 'Work in comfort and style with our Ergonomic Design solutions', 3, '2024-06-26 11:18:25', '2024-07-19 06:00:39'),
(4, 'ISO Certified', 'frontend/images/f4.png', 'ISO 9001:2015  ISO 14001:2015 ISO 45001:2018', 4, '2024-06-26 11:18:25', '2024-11-06 23:49:37'),
(5, 'GOOD FOR PLANET', 'frontend/images/f5.png', 'Promoting sustainability through responsible seating innovations.', 5, '2024-06-26 11:18:25', '2024-06-26 11:18:25');

-- --------------------------------------------------------

--
-- Table structure for table `spirit_of_wipros`
--

CREATE TABLE `spirit_of_wipros` (
  `id` bigint UNSIGNED NOT NULL,
  `title` text CHARACTER SET utf8mb4 COLLATE utf8mb4_unicode_ci NOT NULL,
  `description` text CHARACTER SET utf8mb4 COLLATE utf8mb4_unicode_ci,
  `image_one` varchar(191) CHARACTER SET utf8mb4 COLLATE utf8mb4_unicode_ci DEFAULT NULL,
  `image_two` varchar(191) CHARACTER SET utf8mb4 COLLATE utf8mb4_unicode_ci DEFAULT NULL,
  `image_three` varchar(191) CHARACTER SET utf8mb4 COLLATE utf8mb4_unicode_ci DEFAULT NULL,
  `created_at` timestamp NULL DEFAULT NULL,
  `updated_at` timestamp NULL DEFAULT NULL
) ENGINE=InnoDB DEFAULT CHARSET=utf8mb4 COLLATE=utf8mb4_unicode_ci;

--
-- Dumping data for table `spirit_of_wipros`
--

INSERT INTO `spirit_of_wipros` (`id`, `title`, `description`, `image_one`, `image_two`, `image_three`, `created_at`, `updated_at`) VALUES
(1, 'The Spirit of Wipro', '<section class=\"section-pad \">\r\n<div class=\"wrapper\">\r\n<div class=\"sub-txt\">The Spirit of Wipro is the core of Wipro. These are our Values. It is about who we are. It is our character. It is reflected consistently in all our behavior. The Spirit is deeply rooted in the unchanging essence of Wipro. But it also embraces what we must aspire to be. It is the indivisible synthesis of the four values. The Spirit is a beacon. It is what gives us direction and a clear sense of purpose. It energizes us and is the touchstone for all that we do.</div>\r\n</div>\r\n</section>\r\n<section class=\"padding80 globalintegrey\">\r\n<div class=\"wrapper\">\r\n<div class=\"row\">&nbsp;</div>\r\n</div>\r\n</section>', 'frontend/images/spirit.jpg', 'frontend/images/spirit2.jpg', 'uploads/spirit-of-wipro/53fa159e-0adb-4824-9825-1fcdbcc08e6c.jpg', '2024-06-24 01:29:42', '2025-03-20 04:56:58');

-- --------------------------------------------------------

--
-- Table structure for table `states`
--

CREATE TABLE `states` (
  `id` int UNSIGNED NOT NULL,
  `name` varchar(191) CHARACTER SET utf8mb4 COLLATE utf8mb4_unicode_ci NOT NULL,
  `country_id` int NOT NULL
) ENGINE=InnoDB DEFAULT CHARSET=utf8mb4 COLLATE=utf8mb4_unicode_ci;

--
-- Dumping data for table `states`
--

INSERT INTO `states` (`id`, `name`, `country_id`) VALUES
(1, 'Andaman and Nicobar Islands', 101),
(2, 'Andhra Pradesh', 101),
(3, 'Arunachal Pradesh', 101),
(4, 'Assam', 101),
(5, 'Bihar', 101),
(6, 'Chandigarh', 101),
(7, 'Chhattisgarh', 101),
(8, 'Dadra and Nagar Haveli', 101),
(9, 'Daman and Diu', 101),
(10, 'Delhi', 101),
(11, 'Goa', 101),
(12, 'Gujarat', 101),
(13, 'Haryana', 101),
(14, 'Himachal Pradesh', 101),
(15, 'Jammu and Kashmir', 101),
(16, 'Jharkhand', 101),
(17, 'Karnataka', 101),
(18, 'Kenmore', 101),
(19, 'Kerala', 101),
(20, 'Lakshadweep', 101),
(21, 'Madhya Pradesh', 101),
(22, 'Maharashtra', 101),
(23, 'Manipur', 101),
(24, 'Meghalaya', 101),
(25, 'Mizoram', 101),
(26, 'Nagaland', 101),
(27, 'Narora', 101),
(28, 'Natwar', 101),
(29, 'Odisha', 101),
(30, 'Paschim Medinipur', 101),
(31, 'Pondicherry', 101),
(32, 'Punjab', 101),
(33, 'Rajasthan', 101),
(34, 'Sikkim', 101),
(35, 'Tamil Nadu', 101),
(36, 'Telangana', 101),
(37, 'Tripura', 101),
(38, 'Uttar Pradesh', 101),
(39, 'Uttarakhand', 101),
(40, 'Vaishali', 101),
(41, 'West Bengal', 101),
(42, 'Badakhshan', 1),
(43, 'Badgis', 1),
(44, 'Baglan', 1),
(45, 'Balkh', 1),
(46, 'Bamiyan', 1),
(47, 'Farah', 1),
(48, 'Faryab', 1),
(49, 'Gawr', 1),
(50, 'Gazni', 1),
(51, 'Herat', 1),
(52, 'Hilmand', 1),
(53, 'Jawzjan', 1),
(54, 'Kabul', 1),
(55, 'Kapisa', 1),
(56, 'Khawst', 1),
(57, 'Kunar', 1),
(58, 'Lagman', 1),
(59, 'Lawghar', 1),
(60, 'Nangarhar', 1),
(61, 'Nimruz', 1),
(62, 'Nuristan', 1),
(63, 'Paktika', 1),
(64, 'Paktiya', 1),
(65, 'Parwan', 1),
(66, 'Qandahar', 1),
(67, 'Qunduz', 1),
(68, 'Samangan', 1),
(69, 'Sar-e Pul', 1),
(70, 'Takhar', 1),
(71, 'Uruzgan', 1),
(72, 'Wardak', 1),
(73, 'Zabul', 1),
(74, 'Berat', 2),
(75, 'Bulqize', 2),
(76, 'Delvine', 2),
(77, 'Devoll', 2),
(78, 'Dibre', 2),
(79, 'Durres', 2),
(80, 'Elbasan', 2),
(81, 'Fier', 2),
(82, 'Gjirokaster', 2),
(83, 'Gramsh', 2),
(84, 'Has', 2),
(85, 'Kavaje', 2),
(86, 'Kolonje', 2),
(87, 'Korce', 2),
(88, 'Kruje', 2),
(89, 'Kucove', 2),
(90, 'Kukes', 2),
(91, 'Kurbin', 2),
(92, 'Lezhe', 2),
(93, 'Librazhd', 2),
(94, 'Lushnje', 2),
(95, 'Mallakaster', 2),
(96, 'Malsi e Madhe', 2),
(97, 'Mat', 2),
(98, 'Mirdite', 2),
(99, 'Peqin', 2),
(100, 'Permet', 2),
(101, 'Pogradec', 2),
(102, 'Puke', 2),
(103, 'Sarande', 2),
(104, 'Shkoder', 2),
(105, 'Skrapar', 2),
(106, 'Tepelene', 2),
(107, 'Tirane', 2),
(108, 'Tropoje', 2),
(109, 'Vlore', 2),
(110, '\'Ayn Daflah', 3),
(111, '\'Ayn Tamushanat', 3),
(112, 'Adrar', 3),
(113, 'Algiers', 3),
(114, 'Annabah', 3),
(115, 'Bashshar', 3),
(116, 'Batnah', 3),
(117, 'Bijayah', 3),
(118, 'Biskrah', 3),
(119, 'Blidah', 3),
(120, 'Buirah', 3),
(121, 'Bumardas', 3),
(122, 'Burj Bu Arririj', 3),
(123, 'Ghalizan', 3),
(124, 'Ghardayah', 3),
(125, 'Ilizi', 3),
(126, 'Jijili', 3),
(127, 'Jilfah', 3),
(128, 'Khanshalah', 3),
(129, 'Masilah', 3),
(130, 'Midyah', 3),
(131, 'Milah', 3),
(132, 'Muaskar', 3),
(133, 'Mustaghanam', 3),
(134, 'Naama', 3),
(135, 'Oran', 3),
(136, 'Ouargla', 3),
(137, 'Qalmah', 3),
(138, 'Qustantinah', 3),
(139, 'Sakikdah', 3),
(140, 'Satif', 3),
(141, 'Sayda\'', 3),
(142, 'Sidi ban-al-\'Abbas', 3),
(143, 'Suq Ahras', 3),
(144, 'Tamanghasat', 3),
(145, 'Tibazah', 3),
(146, 'Tibissah', 3),
(147, 'Tilimsan', 3),
(148, 'Tinduf', 3),
(149, 'Tisamsilt', 3),
(150, 'Tiyarat', 3),
(151, 'Tizi Wazu', 3),
(152, 'Umm-al-Bawaghi', 3),
(153, 'Wahran', 3),
(154, 'Warqla', 3),
(155, 'Wilaya d Alger', 3),
(156, 'Wilaya de Bejaia', 3),
(157, 'Wilaya de Constantine', 3),
(158, 'al-Aghwat', 3),
(159, 'al-Bayadh', 3),
(160, 'al-Jaza\'ir', 3),
(161, 'al-Wad', 3),
(162, 'ash-Shalif', 3),
(163, 'at-Tarif', 3),
(164, 'Eastern', 4),
(165, 'Manu\'a', 4),
(166, 'Swains Island', 4),
(167, 'Western', 4),
(168, 'Andorra la Vella', 5),
(169, 'Canillo', 5),
(170, 'Encamp', 5),
(171, 'La Massana', 5),
(172, 'Les Escaldes', 5),
(173, 'Ordino', 5),
(174, 'Sant Julia de Loria', 5),
(175, 'Bengo', 6),
(176, 'Benguela', 6),
(177, 'Bie', 6),
(178, 'Cabinda', 6),
(179, 'Cunene', 6),
(180, 'Huambo', 6),
(181, 'Huila', 6),
(182, 'Kuando-Kubango', 6),
(183, 'Kwanza Norte', 6),
(184, 'Kwanza Sul', 6),
(185, 'Luanda', 6),
(186, 'Lunda Norte', 6),
(187, 'Lunda Sul', 6),
(188, 'Malanje', 6),
(189, 'Moxico', 6),
(190, 'Namibe', 6),
(191, 'Uige', 6),
(192, 'Zaire', 6),
(193, 'Other Provinces', 7),
(194, 'Sector claimed by Argentina/Ch', 8),
(195, 'Sector claimed by Argentina/UK', 8),
(196, 'Sector claimed by Australia', 8),
(197, 'Sector claimed by France', 8),
(198, 'Sector claimed by New Zealand', 8),
(199, 'Sector claimed by Norway', 8),
(200, 'Unclaimed Sector', 8),
(201, 'Barbuda', 9),
(202, 'Saint George', 9),
(203, 'Saint John', 9),
(204, 'Saint Mary', 9),
(205, 'Saint Paul', 9),
(206, 'Saint Peter', 9),
(207, 'Saint Philip', 9),
(208, 'Buenos Aires', 10),
(209, 'Catamarca', 10),
(210, 'Chaco', 10),
(211, 'Chubut', 10),
(212, 'Cordoba', 10),
(213, 'Corrientes', 10),
(214, 'Distrito Federal', 10),
(215, 'Entre Rios', 10),
(216, 'Formosa', 10),
(217, 'Jujuy', 10),
(218, 'La Pampa', 10),
(219, 'La Rioja', 10),
(220, 'Mendoza', 10),
(221, 'Misiones', 10),
(222, 'Neuquen', 10),
(223, 'Rio Negro', 10),
(224, 'Salta', 10),
(225, 'San Juan', 10),
(226, 'San Luis', 10),
(227, 'Santa Cruz', 10),
(228, 'Santa Fe', 10),
(229, 'Santiago del Estero', 10),
(230, 'Tierra del Fuego', 10),
(231, 'Tucuman', 10),
(232, 'Aragatsotn', 11),
(233, 'Ararat', 11),
(234, 'Armavir', 11),
(235, 'Gegharkunik', 11),
(236, 'Kotaik', 11),
(237, 'Lori', 11),
(238, 'Shirak', 11),
(239, 'Stepanakert', 11),
(240, 'Syunik', 11),
(241, 'Tavush', 11),
(242, 'Vayots Dzor', 11),
(243, 'Yerevan', 11),
(244, 'Aruba', 12),
(245, 'Auckland', 13),
(246, 'Australian Capital Territory', 13),
(247, 'Balgowlah', 13),
(248, 'Balmain', 13),
(249, 'Bankstown', 13),
(250, 'Baulkham Hills', 13),
(251, 'Bonnet Bay', 13),
(252, 'Camberwell', 13),
(253, 'Carole Park', 13),
(254, 'Castle Hill', 13),
(255, 'Caulfield', 13),
(256, 'Chatswood', 13),
(257, 'Cheltenham', 13),
(258, 'Cherrybrook', 13),
(259, 'Clayton', 13),
(260, 'Collingwood', 13),
(261, 'Frenchs Forest', 13),
(262, 'Hawthorn', 13),
(263, 'Jannnali', 13),
(264, 'Knoxfield', 13),
(265, 'Melbourne', 13),
(266, 'New South Wales', 13),
(267, 'Northern Territory', 13),
(268, 'Perth', 13),
(269, 'Queensland', 13),
(270, 'South Australia', 13),
(271, 'Tasmania', 13),
(272, 'Templestowe', 13),
(273, 'Victoria', 13),
(274, 'Werribee south', 13),
(275, 'Western Australia', 13),
(276, 'Wheeler', 13),
(277, 'Bundesland Salzburg', 14),
(278, 'Bundesland Steiermark', 14),
(279, 'Bundesland Tirol', 14),
(280, 'Burgenland', 14),
(281, 'Carinthia', 14),
(282, 'Karnten', 14),
(283, 'Liezen', 14),
(284, 'Lower Austria', 14),
(285, 'Niederosterreich', 14),
(286, 'Oberosterreich', 14),
(287, 'Salzburg', 14),
(288, 'Schleswig-Holstein', 14),
(289, 'Steiermark', 14),
(290, 'Styria', 14),
(291, 'Tirol', 14),
(292, 'Upper Austria', 14),
(293, 'Vorarlberg', 14),
(294, 'Wien', 14),
(295, 'Abseron', 15),
(296, 'Baki Sahari', 15),
(297, 'Ganca', 15),
(298, 'Ganja', 15),
(299, 'Kalbacar', 15),
(300, 'Lankaran', 15),
(301, 'Mil-Qarabax', 15),
(302, 'Mugan-Salyan', 15),
(303, 'Nagorni-Qarabax', 15),
(304, 'Naxcivan', 15),
(305, 'Priaraks', 15),
(306, 'Qazax', 15),
(307, 'Saki', 15),
(308, 'Sirvan', 15),
(309, 'Xacmaz', 15),
(310, 'Abaco', 16),
(311, 'Acklins Island', 16),
(312, 'Andros', 16),
(313, 'Berry Islands', 16),
(314, 'Biminis', 16),
(315, 'Cat Island', 16),
(316, 'Crooked Island', 16),
(317, 'Eleuthera', 16),
(318, 'Exuma and Cays', 16),
(319, 'Grand Bahama', 16),
(320, 'Inagua Islands', 16),
(321, 'Long Island', 16),
(322, 'Mayaguana', 16),
(323, 'New Providence', 16),
(324, 'Ragged Island', 16),
(325, 'Rum Cay', 16),
(326, 'San Salvador', 16),
(327, '\'Isa', 17),
(328, 'Badiyah', 17),
(329, 'Hidd', 17),
(330, 'Jidd Hafs', 17),
(331, 'Mahama', 17),
(332, 'Manama', 17),
(333, 'Sitrah', 17),
(334, 'al-Manamah', 17),
(335, 'al-Muharraq', 17),
(336, 'ar-Rifa\'a', 17),
(337, 'Bagar Hat', 18),
(338, 'Bandarban', 18),
(339, 'Barguna', 18),
(340, 'Barisal', 18),
(341, 'Bhola', 18),
(342, 'Bogora', 18),
(343, 'Brahman Bariya', 18),
(344, 'Chandpur', 18),
(345, 'Chattagam', 18),
(346, 'Chittagong Division', 18),
(347, 'Chuadanga', 18),
(348, 'Dhaka', 18),
(349, 'Dinajpur', 18),
(350, 'Faridpur', 18),
(351, 'Feni', 18),
(352, 'Gaybanda', 18),
(353, 'Gazipur', 18),
(354, 'Gopalganj', 18),
(355, 'Habiganj', 18),
(356, 'Jaipur Hat', 18),
(357, 'Jamalpur', 18),
(358, 'Jessor', 18),
(359, 'Jhalakati', 18),
(360, 'Jhanaydah', 18),
(361, 'Khagrachhari', 18),
(362, 'Khulna', 18),
(363, 'Kishorganj', 18),
(364, 'Koks Bazar', 18),
(365, 'Komilla', 18),
(366, 'Kurigram', 18),
(367, 'Kushtiya', 18),
(368, 'Lakshmipur', 18),
(369, 'Lalmanir Hat', 18),
(370, 'Madaripur', 18),
(371, 'Magura', 18),
(372, 'Maimansingh', 18),
(373, 'Manikganj', 18),
(374, 'Maulvi Bazar', 18),
(375, 'Meherpur', 18),
(376, 'Munshiganj', 18),
(377, 'Naral', 18),
(378, 'Narayanganj', 18),
(379, 'Narsingdi', 18),
(380, 'Nator', 18),
(381, 'Naugaon', 18),
(382, 'Nawabganj', 18),
(383, 'Netrakona', 18),
(384, 'Nilphamari', 18),
(385, 'Noakhali', 18),
(386, 'Pabna', 18),
(387, 'Panchagarh', 18),
(388, 'Patuakhali', 18),
(389, 'Pirojpur', 18),
(390, 'Rajbari', 18),
(391, 'Rajshahi', 18),
(392, 'Rangamati', 18),
(393, 'Rangpur', 18),
(394, 'Satkhira', 18),
(395, 'Shariatpur', 18),
(396, 'Sherpur', 18),
(397, 'Silhat', 18),
(398, 'Sirajganj', 18),
(399, 'Sunamganj', 18),
(400, 'Tangayal', 18),
(401, 'Thakurgaon', 18),
(402, 'Christ Church', 19),
(403, 'Saint Andrew', 19),
(404, 'Saint George', 19),
(405, 'Saint James', 19),
(406, 'Saint John', 19),
(407, 'Saint Joseph', 19),
(408, 'Saint Lucy', 19),
(409, 'Saint Michael', 19),
(410, 'Saint Peter', 19),
(411, 'Saint Philip', 19),
(412, 'Saint Thomas', 19),
(413, 'Brest', 20),
(414, 'Homjel\'', 20),
(415, 'Hrodna', 20),
(416, 'Mahiljow', 20),
(417, 'Mahilyowskaya Voblasts', 20),
(418, 'Minsk', 20),
(419, 'Minskaja Voblasts\'', 20),
(420, 'Petrik', 20),
(421, 'Vicebsk', 20),
(422, 'Antwerpen', 21),
(423, 'Berchem', 21),
(424, 'Brabant', 21),
(425, 'Brabant Wallon', 21),
(426, 'Brussel', 21),
(427, 'East Flanders', 21),
(428, 'Hainaut', 21),
(429, 'Liege', 21),
(430, 'Limburg', 21),
(431, 'Luxembourg', 21),
(432, 'Namur', 21),
(433, 'Ontario', 21),
(434, 'Oost-Vlaanderen', 21),
(435, 'Provincie Brabant', 21),
(436, 'Vlaams-Brabant', 21),
(437, 'Wallonne', 21),
(438, 'West-Vlaanderen', 21),
(439, 'Belize', 22),
(440, 'Cayo', 22),
(441, 'Corozal', 22),
(442, 'Orange Walk', 22),
(443, 'Stann Creek', 22),
(444, 'Toledo', 22),
(445, 'Alibori', 23),
(446, 'Atacora', 23),
(447, 'Atlantique', 23),
(448, 'Borgou', 23),
(449, 'Collines', 23),
(450, 'Couffo', 23),
(451, 'Donga', 23),
(452, 'Littoral', 23),
(453, 'Mono', 23),
(454, 'Oueme', 23),
(455, 'Plateau', 23),
(456, 'Zou', 23),
(457, 'Hamilton', 24),
(458, 'Saint George', 24),
(459, 'Bumthang', 25),
(460, 'Chhukha', 25),
(461, 'Chirang', 25),
(462, 'Daga', 25),
(463, 'Geylegphug', 25),
(464, 'Ha', 25),
(465, 'Lhuntshi', 25),
(466, 'Mongar', 25),
(467, 'Pemagatsel', 25),
(468, 'Punakha', 25),
(469, 'Rinpung', 25),
(470, 'Samchi', 25),
(471, 'Samdrup Jongkhar', 25),
(472, 'Shemgang', 25),
(473, 'Tashigang', 25),
(474, 'Timphu', 25),
(475, 'Tongsa', 25),
(476, 'Wangdiphodrang', 25),
(477, 'Beni', 26),
(478, 'Chuquisaca', 26),
(479, 'Cochabamba', 26),
(480, 'La Paz', 26),
(481, 'Oruro', 26),
(482, 'Pando', 26),
(483, 'Potosi', 26),
(484, 'Santa Cruz', 26),
(485, 'Tarija', 26),
(486, 'Federacija Bosna i Hercegovina', 27),
(487, 'Republika Srpska', 27),
(488, 'Central Bobonong', 28),
(489, 'Central Boteti', 28),
(490, 'Central Mahalapye', 28),
(491, 'Central Serowe-Palapye', 28),
(492, 'Central Tutume', 28),
(493, 'Chobe', 28),
(494, 'Francistown', 28),
(495, 'Gaborone', 28),
(496, 'Ghanzi', 28),
(497, 'Jwaneng', 28),
(498, 'Kgalagadi North', 28),
(499, 'Kgalagadi South', 28),
(500, 'Kgatleng', 28),
(501, 'Kweneng', 28),
(502, 'Lobatse', 28),
(503, 'Ngamiland', 28),
(504, 'Ngwaketse', 28),
(505, 'North East', 28),
(506, 'Okavango', 28),
(507, 'Orapa', 28),
(508, 'Selibe Phikwe', 28),
(509, 'South East', 28),
(510, 'Sowa', 28),
(511, 'Bouvet Island', 29),
(512, 'Acre', 30),
(513, 'Alagoas', 30),
(514, 'Amapa', 30),
(515, 'Amazonas', 30),
(516, 'Bahia', 30),
(517, 'Ceara', 30),
(518, 'Distrito Federal', 30),
(519, 'Espirito Santo', 30),
(520, 'Estado de Sao Paulo', 30),
(521, 'Goias', 30),
(522, 'Maranhao', 30),
(523, 'Mato Grosso', 30),
(524, 'Mato Grosso do Sul', 30),
(525, 'Minas Gerais', 30),
(526, 'Para', 30),
(527, 'Paraiba', 30),
(528, 'Parana', 30),
(529, 'Pernambuco', 30),
(530, 'Piaui', 30),
(531, 'Rio Grande do Norte', 30),
(532, 'Rio Grande do Sul', 30),
(533, 'Rio de Janeiro', 30),
(534, 'Rondonia', 30),
(535, 'Roraima', 30),
(536, 'Santa Catarina', 30),
(537, 'Sao Paulo', 30),
(538, 'Sergipe', 30),
(539, 'Tocantins', 30),
(540, 'British Indian Ocean Territory', 31),
(541, 'Belait', 32),
(542, 'Brunei-Muara', 32),
(543, 'Temburong', 32),
(544, 'Tutong', 32),
(545, 'Blagoevgrad', 33),
(546, 'Burgas', 33),
(547, 'Dobrich', 33),
(548, 'Gabrovo', 33),
(549, 'Haskovo', 33),
(550, 'Jambol', 33),
(551, 'Kardzhali', 33),
(552, 'Kjustendil', 33),
(553, 'Lovech', 33),
(554, 'Montana', 33),
(555, 'Oblast Sofiya-Grad', 33),
(556, 'Pazardzhik', 33),
(557, 'Pernik', 33),
(558, 'Pleven', 33),
(559, 'Plovdiv', 33),
(560, 'Razgrad', 33),
(561, 'Ruse', 33),
(562, 'Shumen', 33),
(563, 'Silistra', 33),
(564, 'Sliven', 33),
(565, 'Smoljan', 33),
(566, 'Sofija grad', 33),
(567, 'Sofijska oblast', 33),
(568, 'Stara Zagora', 33),
(569, 'Targovishte', 33),
(570, 'Varna', 33),
(571, 'Veliko Tarnovo', 33),
(572, 'Vidin', 33),
(573, 'Vraca', 33),
(574, 'Yablaniza', 33),
(575, 'Bale', 34),
(576, 'Bam', 34),
(577, 'Bazega', 34),
(578, 'Bougouriba', 34),
(579, 'Boulgou', 34),
(580, 'Boulkiemde', 34),
(581, 'Comoe', 34),
(582, 'Ganzourgou', 34),
(583, 'Gnagna', 34),
(584, 'Gourma', 34),
(585, 'Houet', 34),
(586, 'Ioba', 34),
(587, 'Kadiogo', 34),
(588, 'Kenedougou', 34),
(589, 'Komandjari', 34),
(590, 'Kompienga', 34),
(591, 'Kossi', 34),
(592, 'Kouritenga', 34),
(593, 'Kourweogo', 34),
(594, 'Leraba', 34),
(595, 'Mouhoun', 34),
(596, 'Nahouri', 34),
(597, 'Namentenga', 34),
(598, 'Noumbiel', 34),
(599, 'Oubritenga', 34),
(600, 'Oudalan', 34),
(601, 'Passore', 34),
(602, 'Poni', 34),
(603, 'Sanguie', 34),
(604, 'Sanmatenga', 34),
(605, 'Seno', 34),
(606, 'Sissili', 34),
(607, 'Soum', 34),
(608, 'Sourou', 34),
(609, 'Tapoa', 34),
(610, 'Tuy', 34),
(611, 'Yatenga', 34),
(612, 'Zondoma', 34),
(613, 'Zoundweogo', 34),
(614, 'Bubanza', 35),
(615, 'Bujumbura', 35),
(616, 'Bururi', 35),
(617, 'Cankuzo', 35),
(618, 'Cibitoke', 35),
(619, 'Gitega', 35),
(620, 'Karuzi', 35),
(621, 'Kayanza', 35),
(622, 'Kirundo', 35),
(623, 'Makamba', 35),
(624, 'Muramvya', 35),
(625, 'Muyinga', 35),
(626, 'Ngozi', 35),
(627, 'Rutana', 35),
(628, 'Ruyigi', 35),
(629, 'Banteay Mean Chey', 36),
(630, 'Bat Dambang', 36),
(631, 'Kampong Cham', 36),
(632, 'Kampong Chhnang', 36),
(633, 'Kampong Spoeu', 36),
(634, 'Kampong Thum', 36),
(635, 'Kampot', 36),
(636, 'Kandal', 36),
(637, 'Kaoh Kong', 36),
(638, 'Kracheh', 36),
(639, 'Krong Kaeb', 36),
(640, 'Krong Pailin', 36),
(641, 'Krong Preah Sihanouk', 36),
(642, 'Mondol Kiri', 36),
(643, 'Otdar Mean Chey', 36),
(644, 'Phnum Penh', 36),
(645, 'Pousat', 36),
(646, 'Preah Vihear', 36),
(647, 'Prey Veaeng', 36),
(648, 'Rotanak Kiri', 36),
(649, 'Siem Reab', 36),
(650, 'Stueng Traeng', 36),
(651, 'Svay Rieng', 36),
(652, 'Takaev', 36),
(653, 'Adamaoua', 37),
(654, 'Centre', 37),
(655, 'Est', 37),
(656, 'Littoral', 37),
(657, 'Nord', 37),
(658, 'Nord Extreme', 37),
(659, 'Nordouest', 37),
(660, 'Ouest', 37),
(661, 'Sud', 37),
(662, 'Sudouest', 37),
(663, 'Alberta', 38),
(664, 'British Columbia', 38),
(665, 'Manitoba', 38),
(666, 'New Brunswick', 38),
(667, 'Newfoundland and Labrador', 38),
(668, 'Northwest Territories', 38),
(669, 'Nova Scotia', 38),
(670, 'Nunavut', 38),
(671, 'Ontario', 38),
(672, 'Prince Edward Island', 38),
(673, 'Quebec', 38),
(674, 'Saskatchewan', 38),
(675, 'Yukon', 38),
(676, 'Boavista', 39),
(677, 'Brava', 39),
(678, 'Fogo', 39),
(679, 'Maio', 39),
(680, 'Sal', 39),
(681, 'Santo Antao', 39),
(682, 'Sao Nicolau', 39),
(683, 'Sao Tiago', 39),
(684, 'Sao Vicente', 39),
(685, 'Grand Cayman', 40),
(686, 'Bamingui-Bangoran', 41),
(687, 'Bangui', 41),
(688, 'Basse-Kotto', 41),
(689, 'Haut-Mbomou', 41),
(690, 'Haute-Kotto', 41),
(691, 'Kemo', 41),
(692, 'Lobaye', 41),
(693, 'Mambere-Kadei', 41),
(694, 'Mbomou', 41),
(695, 'Nana-Gribizi', 41),
(696, 'Nana-Mambere', 41),
(697, 'Ombella Mpoko', 41),
(698, 'Ouaka', 41),
(699, 'Ouham', 41),
(700, 'Ouham-Pende', 41),
(701, 'Sangha-Mbaere', 41),
(702, 'Vakaga', 41),
(703, 'Batha', 42),
(704, 'Biltine', 42),
(705, 'Bourkou-Ennedi-Tibesti', 42),
(706, 'Chari-Baguirmi', 42),
(707, 'Guera', 42),
(708, 'Kanem', 42),
(709, 'Lac', 42),
(710, 'Logone Occidental', 42),
(711, 'Logone Oriental', 42),
(712, 'Mayo-Kebbi', 42),
(713, 'Moyen-Chari', 42),
(714, 'Ouaddai', 42),
(715, 'Salamat', 42),
(716, 'Tandjile', 42),
(717, 'Aisen', 43),
(718, 'Antofagasta', 43),
(719, 'Araucania', 43),
(720, 'Atacama', 43),
(721, 'Bio Bio', 43),
(722, 'Coquimbo', 43),
(723, 'Libertador General Bernardo O\'', 43),
(724, 'Los Lagos', 43),
(725, 'Magellanes', 43),
(726, 'Maule', 43),
(727, 'Metropolitana', 43),
(728, 'Metropolitana de Santiago', 43),
(729, 'Tarapaca', 43),
(730, 'Valparaiso', 43),
(731, 'Anhui', 44),
(732, 'Anhui Province', 44),
(733, 'Anhui Sheng', 44),
(734, 'Aomen', 44),
(735, 'Beijing', 44),
(736, 'Beijing Shi', 44),
(737, 'Chongqing', 44),
(738, 'Fujian', 44),
(739, 'Fujian Sheng', 44),
(740, 'Gansu', 44),
(741, 'Guangdong', 44),
(742, 'Guangdong Sheng', 44),
(743, 'Guangxi', 44),
(744, 'Guizhou', 44),
(745, 'Hainan', 44),
(746, 'Hebei', 44),
(747, 'Heilongjiang', 44),
(748, 'Henan', 44),
(749, 'Hubei', 44),
(750, 'Hunan', 44),
(751, 'Jiangsu', 44),
(752, 'Jiangsu Sheng', 44),
(753, 'Jiangxi', 44),
(754, 'Jilin', 44),
(755, 'Liaoning', 44),
(756, 'Liaoning Sheng', 44),
(757, 'Nei Monggol', 44),
(758, 'Ningxia Hui', 44),
(759, 'Qinghai', 44),
(760, 'Shaanxi', 44),
(761, 'Shandong', 44),
(762, 'Shandong Sheng', 44),
(763, 'Shanghai', 44),
(764, 'Shanxi', 44),
(765, 'Sichuan', 44),
(766, 'Tianjin', 44),
(767, 'Xianggang', 44),
(768, 'Xinjiang', 44),
(769, 'Xizang', 44),
(770, 'Yunnan', 44),
(771, 'Zhejiang', 44),
(772, 'Zhejiang Sheng', 44),
(773, 'Christmas Island', 45),
(774, 'Cocos (Keeling) Islands', 46),
(775, 'Amazonas', 47),
(776, 'Antioquia', 47),
(777, 'Arauca', 47),
(778, 'Atlantico', 47),
(779, 'Bogota', 47),
(780, 'Bolivar', 47),
(781, 'Boyaca', 47),
(782, 'Caldas', 47),
(783, 'Caqueta', 47),
(784, 'Casanare', 47),
(785, 'Cauca', 47),
(786, 'Cesar', 47),
(787, 'Choco', 47),
(788, 'Cordoba', 47),
(789, 'Cundinamarca', 47),
(790, 'Guainia', 47),
(791, 'Guaviare', 47),
(792, 'Huila', 47),
(793, 'La Guajira', 47),
(794, 'Magdalena', 47),
(795, 'Meta', 47),
(796, 'Narino', 47),
(797, 'Norte de Santander', 47),
(798, 'Putumayo', 47),
(799, 'Quindio', 47),
(800, 'Risaralda', 47),
(801, 'San Andres y Providencia', 47),
(802, 'Santander', 47),
(803, 'Sucre', 47),
(804, 'Tolima', 47),
(805, 'Valle del Cauca', 47),
(806, 'Vaupes', 47),
(807, 'Vichada', 47),
(808, 'Mwali', 48),
(809, 'Njazidja', 48),
(810, 'Nzwani', 48),
(811, 'Bouenza', 49),
(812, 'Brazzaville', 49),
(813, 'Cuvette', 49),
(814, 'Kouilou', 49),
(815, 'Lekoumou', 49),
(816, 'Likouala', 49),
(817, 'Niari', 49),
(818, 'Plateaux', 49),
(819, 'Pool', 49),
(820, 'Sangha', 49),
(821, 'Bandundu', 50),
(822, 'Bas-Congo', 50),
(823, 'Equateur', 50),
(824, 'Haut-Congo', 50),
(825, 'Kasai-Occidental', 50),
(826, 'Kasai-Oriental', 50),
(827, 'Katanga', 50),
(828, 'Kinshasa', 50),
(829, 'Maniema', 50),
(830, 'Nord-Kivu', 50),
(831, 'Sud-Kivu', 50),
(832, 'Aitutaki', 51),
(833, 'Atiu', 51),
(834, 'Mangaia', 51),
(835, 'Manihiki', 51),
(836, 'Mauke', 51),
(837, 'Mitiaro', 51),
(838, 'Nassau', 51),
(839, 'Pukapuka', 51),
(840, 'Rakahanga', 51),
(841, 'Rarotonga', 51),
(842, 'Tongareva', 51),
(843, 'Alajuela', 52),
(844, 'Cartago', 52),
(845, 'Guanacaste', 52),
(846, 'Heredia', 52),
(847, 'Limon', 52),
(848, 'Puntarenas', 52),
(849, 'San Jose', 52),
(850, 'Abidjan', 53),
(851, 'Agneby', 53),
(852, 'Bafing', 53),
(853, 'Denguele', 53),
(854, 'Dix-huit Montagnes', 53),
(855, 'Fromager', 53),
(856, 'Haut-Sassandra', 53),
(857, 'Lacs', 53),
(858, 'Lagunes', 53),
(859, 'Marahoue', 53),
(860, 'Moyen-Cavally', 53),
(861, 'Moyen-Comoe', 53),
(862, 'N\'zi-Comoe', 53),
(863, 'Sassandra', 53),
(864, 'Savanes', 53),
(865, 'Sud-Bandama', 53),
(866, 'Sud-Comoe', 53),
(867, 'Vallee du Bandama', 53),
(868, 'Worodougou', 53),
(869, 'Zanzan', 53),
(870, 'Bjelovar-Bilogora', 54),
(871, 'Dubrovnik-Neretva', 54),
(872, 'Grad Zagreb', 54),
(873, 'Istra', 54),
(874, 'Karlovac', 54),
(875, 'Koprivnica-Krizhevci', 54),
(876, 'Krapina-Zagorje', 54),
(877, 'Lika-Senj', 54),
(878, 'Medhimurje', 54),
(879, 'Medimurska Zupanija', 54),
(880, 'Osijek-Baranja', 54),
(881, 'Osjecko-Baranjska Zupanija', 54),
(882, 'Pozhega-Slavonija', 54),
(883, 'Primorje-Gorski Kotar', 54),
(884, 'Shibenik-Knin', 54),
(885, 'Sisak-Moslavina', 54),
(886, 'Slavonski Brod-Posavina', 54),
(887, 'Split-Dalmacija', 54),
(888, 'Varazhdin', 54),
(889, 'Virovitica-Podravina', 54),
(890, 'Vukovar-Srijem', 54),
(891, 'Zadar', 54),
(892, 'Zagreb', 54),
(893, 'Camaguey', 55),
(894, 'Ciego de Avila', 55),
(895, 'Cienfuegos', 55),
(896, 'Ciudad de la Habana', 55),
(897, 'Granma', 55),
(898, 'Guantanamo', 55),
(899, 'Habana', 55),
(900, 'Holguin', 55),
(901, 'Isla de la Juventud', 55),
(902, 'La Habana', 55),
(903, 'Las Tunas', 55),
(904, 'Matanzas', 55),
(905, 'Pinar del Rio', 55),
(906, 'Sancti Spiritus', 55),
(907, 'Santiago de Cuba', 55),
(908, 'Villa Clara', 55),
(909, 'Government controlled area', 56),
(910, 'Limassol', 56),
(911, 'Nicosia District', 56),
(912, 'Paphos', 56),
(913, 'Turkish controlled area', 56),
(914, 'Central Bohemian', 57),
(915, 'Frycovice', 57),
(916, 'Jihocesky Kraj', 57),
(917, 'Jihochesky', 57),
(918, 'Jihomoravsky', 57),
(919, 'Karlovarsky', 57),
(920, 'Klecany', 57),
(921, 'Kralovehradecky', 57),
(922, 'Liberecky', 57),
(923, 'Lipov', 57),
(924, 'Moravskoslezsky', 57),
(925, 'Olomoucky', 57),
(926, 'Olomoucky Kraj', 57),
(927, 'Pardubicky', 57),
(928, 'Plzensky', 57),
(929, 'Praha', 57),
(930, 'Rajhrad', 57),
(931, 'Smirice', 57),
(932, 'South Moravian', 57),
(933, 'Straz nad Nisou', 57),
(934, 'Stredochesky', 57),
(935, 'Unicov', 57),
(936, 'Ustecky', 57),
(937, 'Valletta', 57),
(938, 'Velesin', 57),
(939, 'Vysochina', 57),
(940, 'Zlinsky', 57),
(941, 'Arhus', 58),
(942, 'Bornholm', 58),
(943, 'Frederiksborg', 58),
(944, 'Fyn', 58),
(945, 'Hovedstaden', 58),
(946, 'Kobenhavn', 58),
(947, 'Kobenhavns Amt', 58),
(948, 'Kobenhavns Kommune', 58),
(949, 'Nordjylland', 58),
(950, 'Ribe', 58),
(951, 'Ringkobing', 58),
(952, 'Roervig', 58),
(953, 'Roskilde', 58),
(954, 'Roslev', 58),
(955, 'Sjaelland', 58),
(956, 'Soeborg', 58),
(957, 'Sonderjylland', 58),
(958, 'Storstrom', 58),
(959, 'Syddanmark', 58),
(960, 'Toelloese', 58),
(961, 'Vejle', 58),
(962, 'Vestsjalland', 58),
(963, 'Viborg', 58),
(964, '\'Ali Sabih', 59),
(965, 'Dikhil', 59),
(966, 'Jibuti', 59),
(967, 'Tajurah', 59),
(968, 'Ubuk', 59),
(969, 'Saint Andrew', 60),
(970, 'Saint David', 60),
(971, 'Saint George', 60),
(972, 'Saint John', 60),
(973, 'Saint Joseph', 60),
(974, 'Saint Luke', 60),
(975, 'Saint Mark', 60),
(976, 'Saint Patrick', 60),
(977, 'Saint Paul', 60),
(978, 'Saint Peter', 60),
(979, 'Azua', 61),
(980, 'Bahoruco', 61),
(981, 'Barahona', 61),
(982, 'Dajabon', 61),
(983, 'Distrito Nacional', 61),
(984, 'Duarte', 61),
(985, 'El Seybo', 61),
(986, 'Elias Pina', 61),
(987, 'Espaillat', 61),
(988, 'Hato Mayor', 61),
(989, 'Independencia', 61),
(990, 'La Altagracia', 61),
(991, 'La Romana', 61),
(992, 'La Vega', 61),
(993, 'Maria Trinidad Sanchez', 61),
(994, 'Monsenor Nouel', 61),
(995, 'Monte Cristi', 61),
(996, 'Monte Plata', 61),
(997, 'Pedernales', 61),
(998, 'Peravia', 61),
(999, 'Puerto Plata', 61),
(1000, 'Salcedo', 61),
(1001, 'Samana', 61),
(1002, 'San Cristobal', 61),
(1003, 'San Juan', 61),
(1004, 'San Pedro de Macoris', 61),
(1005, 'Sanchez Ramirez', 61),
(1006, 'Santiago', 61),
(1007, 'Santiago Rodriguez', 61),
(1008, 'Valverde', 61),
(1009, 'Aileu', 62),
(1010, 'Ainaro', 62),
(1011, 'Ambeno', 62),
(1012, 'Baucau', 62),
(1013, 'Bobonaro', 62),
(1014, 'Cova Lima', 62),
(1015, 'Dili', 62),
(1016, 'Ermera', 62),
(1017, 'Lautem', 62),
(1018, 'Liquica', 62),
(1019, 'Manatuto', 62),
(1020, 'Manufahi', 62),
(1021, 'Viqueque', 62),
(1022, 'Azuay', 63),
(1023, 'Bolivar', 63),
(1024, 'Canar', 63),
(1025, 'Carchi', 63),
(1026, 'Chimborazo', 63),
(1027, 'Cotopaxi', 63),
(1028, 'El Oro', 63),
(1029, 'Esmeraldas', 63),
(1030, 'Galapagos', 63),
(1031, 'Guayas', 63),
(1032, 'Imbabura', 63),
(1033, 'Loja', 63),
(1034, 'Los Rios', 63),
(1035, 'Manabi', 63),
(1036, 'Morona Santiago', 63),
(1037, 'Napo', 63),
(1038, 'Orellana', 63),
(1039, 'Pastaza', 63),
(1040, 'Pichincha', 63),
(1041, 'Sucumbios', 63),
(1042, 'Tungurahua', 63),
(1043, 'Zamora Chinchipe', 63),
(1044, 'Aswan', 64),
(1045, 'Asyut', 64),
(1046, 'Bani Suwayf', 64),
(1047, 'Bur Sa\'id', 64),
(1048, 'Cairo', 64),
(1049, 'Dumyat', 64),
(1050, 'Kafr-ash-Shaykh', 64),
(1051, 'Matruh', 64),
(1052, 'Muhafazat ad Daqahliyah', 64),
(1053, 'Muhafazat al Fayyum', 64),
(1054, 'Muhafazat al Gharbiyah', 64),
(1055, 'Muhafazat al Iskandariyah', 64),
(1056, 'Muhafazat al Qahirah', 64),
(1057, 'Qina', 64),
(1058, 'Sawhaj', 64),
(1059, 'Sina al-Janubiyah', 64),
(1060, 'Sina ash-Shamaliyah', 64),
(1061, 'ad-Daqahliyah', 64),
(1062, 'al-Bahr-al-Ahmar', 64),
(1063, 'al-Buhayrah', 64),
(1064, 'al-Fayyum', 64),
(1065, 'al-Gharbiyah', 64),
(1066, 'al-Iskandariyah', 64),
(1067, 'al-Ismailiyah', 64),
(1068, 'al-Jizah', 64),
(1069, 'al-Minufiyah', 64),
(1070, 'al-Minya', 64),
(1071, 'al-Qahira', 64),
(1072, 'al-Qalyubiyah', 64),
(1073, 'al-Uqsur', 64),
(1074, 'al-Wadi al-Jadid', 64),
(1075, 'as-Suways', 64),
(1076, 'ash-Sharqiyah', 64),
(1077, 'Ahuachapan', 65),
(1078, 'Cabanas', 65),
(1079, 'Chalatenango', 65),
(1080, 'Cuscatlan', 65),
(1081, 'La Libertad', 65),
(1082, 'La Paz', 65),
(1083, 'La Union', 65),
(1084, 'Morazan', 65),
(1085, 'San Miguel', 65),
(1086, 'San Salvador', 65),
(1087, 'San Vicente', 65),
(1088, 'Santa Ana', 65),
(1089, 'Sonsonate', 65),
(1090, 'Usulutan', 65),
(1091, 'Annobon', 66),
(1092, 'Bioko Norte', 66),
(1093, 'Bioko Sur', 66),
(1094, 'Centro Sur', 66),
(1095, 'Kie-Ntem', 66),
(1096, 'Litoral', 66),
(1097, 'Wele-Nzas', 66),
(1098, 'Anseba', 67),
(1099, 'Debub', 67),
(1100, 'Debub-Keih-Bahri', 67),
(1101, 'Gash-Barka', 67),
(1102, 'Maekel', 67),
(1103, 'Semien-Keih-Bahri', 67),
(1104, 'Harju', 68),
(1105, 'Hiiu', 68),
(1106, 'Ida-Viru', 68),
(1107, 'Jarva', 68),
(1108, 'Jogeva', 68),
(1109, 'Laane', 68),
(1110, 'Laane-Viru', 68),
(1111, 'Parnu', 68),
(1112, 'Polva', 68),
(1113, 'Rapla', 68),
(1114, 'Saare', 68),
(1115, 'Tartu', 68),
(1116, 'Valga', 68),
(1117, 'Viljandi', 68),
(1118, 'Voru', 68),
(1119, 'Addis Abeba', 69),
(1120, 'Afar', 69),
(1121, 'Amhara', 69),
(1122, 'Benishangul', 69),
(1123, 'Diredawa', 69),
(1124, 'Gambella', 69),
(1125, 'Harar', 69),
(1126, 'Jigjiga', 69),
(1127, 'Mekele', 69),
(1128, 'Oromia', 69),
(1129, 'Somali', 69),
(1130, 'Southern', 69),
(1131, 'Tigray', 69),
(1132, 'Christmas Island', 70),
(1133, 'Cocos Islands', 70),
(1134, 'Coral Sea Islands', 70),
(1135, 'Falkland Islands', 71),
(1136, 'South Georgia', 71),
(1137, 'Klaksvik', 72),
(1138, 'Nor ara Eysturoy', 72),
(1139, 'Nor oy', 72),
(1140, 'Sandoy', 72),
(1141, 'Streymoy', 72),
(1142, 'Su uroy', 72),
(1143, 'Sy ra Eysturoy', 72),
(1144, 'Torshavn', 72),
(1145, 'Vaga', 72),
(1146, 'Central', 73),
(1147, 'Eastern', 73),
(1148, 'Northern', 73),
(1149, 'South Pacific', 73),
(1150, 'Western', 73),
(1151, 'Ahvenanmaa', 74),
(1152, 'Etela-Karjala', 74),
(1153, 'Etela-Pohjanmaa', 74),
(1154, 'Etela-Savo', 74),
(1155, 'Etela-Suomen Laani', 74),
(1156, 'Ita-Suomen Laani', 74),
(1157, 'Ita-Uusimaa', 74),
(1158, 'Kainuu', 74),
(1159, 'Kanta-Hame', 74),
(1160, 'Keski-Pohjanmaa', 74),
(1161, 'Keski-Suomi', 74),
(1162, 'Kymenlaakso', 74),
(1163, 'Lansi-Suomen Laani', 74),
(1164, 'Lappi', 74),
(1165, 'Northern Savonia', 74),
(1166, 'Ostrobothnia', 74),
(1167, 'Oulun Laani', 74),
(1168, 'Paijat-Hame', 74),
(1169, 'Pirkanmaa', 74),
(1170, 'Pohjanmaa', 74),
(1171, 'Pohjois-Karjala', 74),
(1172, 'Pohjois-Pohjanmaa', 74),
(1173, 'Pohjois-Savo', 74),
(1174, 'Saarijarvi', 74),
(1175, 'Satakunta', 74),
(1176, 'Southern Savonia', 74),
(1177, 'Tavastia Proper', 74),
(1178, 'Uleaborgs Lan', 74),
(1179, 'Uusimaa', 74),
(1180, 'Varsinais-Suomi', 74),
(1181, 'Ain', 75),
(1182, 'Aisne', 75),
(1183, 'Albi Le Sequestre', 75),
(1184, 'Allier', 75),
(1185, 'Alpes-Cote dAzur', 75),
(1186, 'Alpes-Maritimes', 75),
(1187, 'Alpes-de-Haute-Provence', 75),
(1188, 'Alsace', 75),
(1189, 'Aquitaine', 75),
(1190, 'Ardeche', 75),
(1191, 'Ardennes', 75),
(1192, 'Ariege', 75),
(1193, 'Aube', 75),
(1194, 'Aude', 75),
(1195, 'Auvergne', 75),
(1196, 'Aveyron', 75),
(1197, 'Bas-Rhin', 75),
(1198, 'Basse-Normandie', 75),
(1199, 'Bouches-du-Rhone', 75),
(1200, 'Bourgogne', 75),
(1201, 'Bretagne', 75),
(1202, 'Brittany', 75),
(1203, 'Burgundy', 75),
(1204, 'Calvados', 75),
(1205, 'Cantal', 75),
(1206, 'Cedex', 75),
(1207, 'Centre', 75),
(1208, 'Charente', 75),
(1209, 'Charente-Maritime', 75),
(1210, 'Cher', 75),
(1211, 'Correze', 75),
(1212, 'Corse-du-Sud', 75),
(1213, 'Cote-d\'Or', 75),
(1214, 'Cotes-d\'Armor', 75),
(1215, 'Creuse', 75),
(1216, 'Crolles', 75),
(1217, 'Deux-Sevres', 75),
(1218, 'Dordogne', 75),
(1219, 'Doubs', 75),
(1220, 'Drome', 75),
(1221, 'Essonne', 75),
(1222, 'Eure', 75),
(1223, 'Eure-et-Loir', 75),
(1224, 'Feucherolles', 75),
(1225, 'Finistere', 75),
(1226, 'Franche-Comte', 75),
(1227, 'Gard', 75),
(1228, 'Gers', 75),
(1229, 'Gironde', 75),
(1230, 'Haut-Rhin', 75),
(1231, 'Haute-Corse', 75),
(1232, 'Haute-Garonne', 75),
(1233, 'Haute-Loire', 75),
(1234, 'Haute-Marne', 75),
(1235, 'Haute-Saone', 75),
(1236, 'Haute-Savoie', 75),
(1237, 'Haute-Vienne', 75),
(1238, 'Hautes-Alpes', 75),
(1239, 'Hautes-Pyrenees', 75),
(1240, 'Hauts-de-Seine', 75),
(1241, 'Herault', 75),
(1242, 'Ile-de-France', 75),
(1243, 'Ille-et-Vilaine', 75),
(1244, 'Indre', 75),
(1245, 'Indre-et-Loire', 75),
(1246, 'Isere', 75),
(1247, 'Jura', 75),
(1248, 'Klagenfurt', 75),
(1249, 'Landes', 75),
(1250, 'Languedoc-Roussillon', 75),
(1251, 'Larcay', 75),
(1252, 'Le Castellet', 75),
(1253, 'Le Creusot', 75),
(1254, 'Limousin', 75),
(1255, 'Loir-et-Cher', 75),
(1256, 'Loire', 75),
(1257, 'Loire-Atlantique', 75),
(1258, 'Loiret', 75),
(1259, 'Lorraine', 75),
(1260, 'Lot', 75),
(1261, 'Lot-et-Garonne', 75),
(1262, 'Lower Normandy', 75),
(1263, 'Lozere', 75),
(1264, 'Maine-et-Loire', 75),
(1265, 'Manche', 75),
(1266, 'Marne', 75),
(1267, 'Mayenne', 75),
(1268, 'Meurthe-et-Moselle', 75),
(1269, 'Meuse', 75),
(1270, 'Midi-Pyrenees', 75),
(1271, 'Morbihan', 75),
(1272, 'Moselle', 75),
(1273, 'Nievre', 75),
(1274, 'Nord', 75),
(1275, 'Nord-Pas-de-Calais', 75),
(1276, 'Oise', 75),
(1277, 'Orne', 75),
(1278, 'Paris', 75),
(1279, 'Pas-de-Calais', 75),
(1280, 'Pays de la Loire', 75),
(1281, 'Pays-de-la-Loire', 75),
(1282, 'Picardy', 75),
(1283, 'Puy-de-Dome', 75),
(1284, 'Pyrenees-Atlantiques', 75),
(1285, 'Pyrenees-Orientales', 75),
(1286, 'Quelmes', 75),
(1287, 'Rhone', 75),
(1288, 'Rhone-Alpes', 75),
(1289, 'Saint Ouen', 75),
(1290, 'Saint Viatre', 75),
(1291, 'Saone-et-Loire', 75),
(1292, 'Sarthe', 75),
(1293, 'Savoie', 75),
(1294, 'Seine-Maritime', 75),
(1295, 'Seine-Saint-Denis', 75),
(1296, 'Seine-et-Marne', 75),
(1297, 'Somme', 75),
(1298, 'Sophia Antipolis', 75),
(1299, 'Souvans', 75),
(1300, 'Tarn', 75),
(1301, 'Tarn-et-Garonne', 75),
(1302, 'Territoire de Belfort', 75),
(1303, 'Treignac', 75),
(1304, 'Upper Normandy', 75),
(1305, 'Val-d\'Oise', 75),
(1306, 'Val-de-Marne', 75),
(1307, 'Var', 75),
(1308, 'Vaucluse', 75),
(1309, 'Vellise', 75),
(1310, 'Vendee', 75),
(1311, 'Vienne', 75),
(1312, 'Vosges', 75),
(1313, 'Yonne', 75),
(1314, 'Yvelines', 75),
(1315, 'Cayenne', 76),
(1316, 'Saint-Laurent-du-Maroni', 76),
(1317, 'Iles du Vent', 77),
(1318, 'Iles sous le Vent', 77),
(1319, 'Marquesas', 77),
(1320, 'Tuamotu', 77),
(1321, 'Tubuai', 77),
(1322, 'Amsterdam', 78),
(1323, 'Crozet Islands', 78),
(1324, 'Kerguelen', 78),
(1325, 'Estuaire', 79),
(1326, 'Haut-Ogooue', 79),
(1327, 'Moyen-Ogooue', 79),
(1328, 'Ngounie', 79),
(1329, 'Nyanga', 79),
(1330, 'Ogooue-Ivindo', 79),
(1331, 'Ogooue-Lolo', 79),
(1332, 'Ogooue-Maritime', 79),
(1333, 'Woleu-Ntem', 79),
(1334, 'Banjul', 80),
(1335, 'Basse', 80),
(1336, 'Brikama', 80),
(1337, 'Janjanbureh', 80),
(1338, 'Kanifing', 80),
(1339, 'Kerewan', 80),
(1340, 'Kuntaur', 80),
(1341, 'Mansakonko', 80),
(1342, 'Abhasia', 81),
(1343, 'Ajaria', 81),
(1344, 'Guria', 81),
(1345, 'Imereti', 81),
(1346, 'Kaheti', 81),
(1347, 'Kvemo Kartli', 81),
(1348, 'Mcheta-Mtianeti', 81),
(1349, 'Racha', 81),
(1350, 'Samagrelo-Zemo Svaneti', 81),
(1351, 'Samche-Zhavaheti', 81),
(1352, 'Shida Kartli', 81),
(1353, 'Tbilisi', 81),
(1354, 'Auvergne', 82),
(1355, 'Baden-Wurttemberg', 82),
(1356, 'Bavaria', 82),
(1357, 'Bayern', 82),
(1358, 'Beilstein Wurtt', 82),
(1359, 'Berlin', 82),
(1360, 'Brandenburg', 82),
(1361, 'Bremen', 82),
(1362, 'Dreisbach', 82),
(1363, 'Freistaat Bayern', 82),
(1364, 'Hamburg', 82),
(1365, 'Hannover', 82),
(1366, 'Heroldstatt', 82),
(1367, 'Hessen', 82),
(1368, 'Kortenberg', 82),
(1369, 'Laasdorf', 82),
(1370, 'Land Baden-Wurttemberg', 82),
(1371, 'Land Bayern', 82),
(1372, 'Land Brandenburg', 82),
(1373, 'Land Hessen', 82),
(1374, 'Land Mecklenburg-Vorpommern', 82),
(1375, 'Land Nordrhein-Westfalen', 82),
(1376, 'Land Rheinland-Pfalz', 82),
(1377, 'Land Sachsen', 82),
(1378, 'Land Sachsen-Anhalt', 82),
(1379, 'Land Thuringen', 82),
(1380, 'Lower Saxony', 82),
(1381, 'Mecklenburg-Vorpommern', 82),
(1382, 'Mulfingen', 82),
(1383, 'Munich', 82),
(1384, 'Neubeuern', 82),
(1385, 'Niedersachsen', 82),
(1386, 'Noord-Holland', 82),
(1387, 'Nordrhein-Westfalen', 82),
(1388, 'North Rhine-Westphalia', 82),
(1389, 'Osterode', 82),
(1390, 'Rheinland-Pfalz', 82),
(1391, 'Rhineland-Palatinate', 82),
(1392, 'Saarland', 82),
(1393, 'Sachsen', 82),
(1394, 'Sachsen-Anhalt', 82),
(1395, 'Saxony', 82),
(1396, 'Schleswig-Holstein', 82),
(1397, 'Thuringia', 82),
(1398, 'Webling', 82),
(1399, 'Weinstrabe', 82),
(1400, 'schlobborn', 82),
(1401, 'Ashanti', 83),
(1402, 'Brong-Ahafo', 83),
(1403, 'Central', 83),
(1404, 'Eastern', 83),
(1405, 'Greater Accra', 83),
(1406, 'Northern', 83),
(1407, 'Upper East', 83),
(1408, 'Upper West', 83),
(1409, 'Volta', 83),
(1410, 'Western', 83),
(1411, 'Gibraltar', 84),
(1412, 'Acharnes', 85),
(1413, 'Ahaia', 85),
(1414, 'Aitolia kai Akarnania', 85),
(1415, 'Argolis', 85),
(1416, 'Arkadia', 85),
(1417, 'Arta', 85),
(1418, 'Attica', 85),
(1419, 'Attiki', 85),
(1420, 'Ayion Oros', 85),
(1421, 'Crete', 85),
(1422, 'Dodekanisos', 85),
(1423, 'Drama', 85),
(1424, 'Evia', 85),
(1425, 'Evritania', 85),
(1426, 'Evros', 85),
(1427, 'Evvoia', 85),
(1428, 'Florina', 85),
(1429, 'Fokis', 85),
(1430, 'Fthiotis', 85),
(1431, 'Grevena', 85),
(1432, 'Halandri', 85),
(1433, 'Halkidiki', 85),
(1434, 'Hania', 85),
(1435, 'Heraklion', 85),
(1436, 'Hios', 85),
(1437, 'Ilia', 85),
(1438, 'Imathia', 85),
(1439, 'Ioannina', 85),
(1440, 'Iraklion', 85),
(1441, 'Karditsa', 85),
(1442, 'Kastoria', 85),
(1443, 'Kavala', 85),
(1444, 'Kefallinia', 85),
(1445, 'Kerkira', 85),
(1446, 'Kiklades', 85),
(1447, 'Kilkis', 85),
(1448, 'Korinthia', 85),
(1449, 'Kozani', 85),
(1450, 'Lakonia', 85),
(1451, 'Larisa', 85),
(1452, 'Lasithi', 85),
(1453, 'Lesvos', 85),
(1454, 'Levkas', 85),
(1455, 'Magnisia', 85),
(1456, 'Messinia', 85),
(1457, 'Nomos Attikis', 85),
(1458, 'Nomos Zakynthou', 85),
(1459, 'Pella', 85),
(1460, 'Pieria', 85),
(1461, 'Piraios', 85),
(1462, 'Preveza', 85),
(1463, 'Rethimni', 85),
(1464, 'Rodopi', 85),
(1465, 'Samos', 85),
(1466, 'Serrai', 85),
(1467, 'Thesprotia', 85),
(1468, 'Thessaloniki', 85),
(1469, 'Trikala', 85),
(1470, 'Voiotia', 85),
(1471, 'West Greece', 85),
(1472, 'Xanthi', 85),
(1473, 'Zakinthos', 85),
(1474, 'Aasiaat', 86),
(1475, 'Ammassalik', 86),
(1476, 'Illoqqortoormiut', 86),
(1477, 'Ilulissat', 86),
(1478, 'Ivittuut', 86),
(1479, 'Kangaatsiaq', 86),
(1480, 'Maniitsoq', 86),
(1481, 'Nanortalik', 86),
(1482, 'Narsaq', 86),
(1483, 'Nuuk', 86),
(1484, 'Paamiut', 86),
(1485, 'Qaanaaq', 86),
(1486, 'Qaqortoq', 86),
(1487, 'Qasigiannguit', 86),
(1488, 'Qeqertarsuaq', 86),
(1489, 'Sisimiut', 86),
(1490, 'Udenfor kommunal inddeling', 86),
(1491, 'Upernavik', 86),
(1492, 'Uummannaq', 86),
(1493, 'Carriacou-Petite Martinique', 87),
(1494, 'Saint Andrew', 87),
(1495, 'Saint Davids', 87),
(1496, 'Saint George\'s', 87),
(1497, 'Saint John', 87),
(1498, 'Saint Mark', 87),
(1499, 'Saint Patrick', 87),
(1500, 'Basse-Terre', 88),
(1501, 'Grande-Terre', 88),
(1502, 'Iles des Saintes', 88),
(1503, 'La Desirade', 88),
(1504, 'Marie-Galante', 88),
(1505, 'Saint Barthelemy', 88),
(1506, 'Saint Martin', 88),
(1507, 'Agana Heights', 89),
(1508, 'Agat', 89),
(1509, 'Barrigada', 89),
(1510, 'Chalan-Pago-Ordot', 89),
(1511, 'Dededo', 89),
(1512, 'Hagatna', 89),
(1513, 'Inarajan', 89),
(1514, 'Mangilao', 89),
(1515, 'Merizo', 89),
(1516, 'Mongmong-Toto-Maite', 89),
(1517, 'Santa Rita', 89),
(1518, 'Sinajana', 89),
(1519, 'Talofofo', 89),
(1520, 'Tamuning', 89),
(1521, 'Yigo', 89),
(1522, 'Yona', 89),
(1523, 'Alta Verapaz', 90),
(1524, 'Baja Verapaz', 90),
(1525, 'Chimaltenango', 90),
(1526, 'Chiquimula', 90),
(1527, 'El Progreso', 90),
(1528, 'Escuintla', 90),
(1529, 'Guatemala', 90),
(1530, 'Huehuetenango', 90),
(1531, 'Izabal', 90),
(1532, 'Jalapa', 90),
(1533, 'Jutiapa', 90),
(1534, 'Peten', 90),
(1535, 'Quezaltenango', 90),
(1536, 'Quiche', 90),
(1537, 'Retalhuleu', 90),
(1538, 'Sacatepequez', 90),
(1539, 'San Marcos', 90),
(1540, 'Santa Rosa', 90),
(1541, 'Solola', 90),
(1542, 'Suchitepequez', 90),
(1543, 'Totonicapan', 90),
(1544, 'Zacapa', 90),
(1545, 'Alderney', 91),
(1546, 'Castel', 91),
(1547, 'Forest', 91),
(1548, 'Saint Andrew', 91),
(1549, 'Saint Martin', 91),
(1550, 'Saint Peter Port', 91),
(1551, 'Saint Pierre du Bois', 91),
(1552, 'Saint Sampson', 91),
(1553, 'Saint Saviour', 91),
(1554, 'Sark', 91),
(1555, 'Torteval', 91),
(1556, 'Vale', 91),
(1557, 'Beyla', 92),
(1558, 'Boffa', 92),
(1559, 'Boke', 92),
(1560, 'Conakry', 92),
(1561, 'Coyah', 92),
(1562, 'Dabola', 92),
(1563, 'Dalaba', 92),
(1564, 'Dinguiraye', 92),
(1565, 'Faranah', 92),
(1566, 'Forecariah', 92),
(1567, 'Fria', 92),
(1568, 'Gaoual', 92),
(1569, 'Gueckedou', 92),
(1570, 'Kankan', 92),
(1571, 'Kerouane', 92),
(1572, 'Kindia', 92),
(1573, 'Kissidougou', 92),
(1574, 'Koubia', 92),
(1575, 'Koundara', 92),
(1576, 'Kouroussa', 92),
(1577, 'Labe', 92),
(1578, 'Lola', 92),
(1579, 'Macenta', 92),
(1580, 'Mali', 92),
(1581, 'Mamou', 92),
(1582, 'Mandiana', 92),
(1583, 'Nzerekore', 92),
(1584, 'Pita', 92),
(1585, 'Siguiri', 92),
(1586, 'Telimele', 92),
(1587, 'Tougue', 92),
(1588, 'Yomou', 92),
(1589, 'Bafata', 93),
(1590, 'Bissau', 93),
(1591, 'Bolama', 93),
(1592, 'Cacheu', 93),
(1593, 'Gabu', 93),
(1594, 'Oio', 93),
(1595, 'Quinara', 93),
(1596, 'Tombali', 93),
(1597, 'Barima-Waini', 94),
(1598, 'Cuyuni-Mazaruni', 94),
(1599, 'Demerara-Mahaica', 94),
(1600, 'East Berbice-Corentyne', 94),
(1601, 'Essequibo Islands-West Demerar', 94),
(1602, 'Mahaica-Berbice', 94),
(1603, 'Pomeroon-Supenaam', 94),
(1604, 'Potaro-Siparuni', 94),
(1605, 'Upper Demerara-Berbice', 94),
(1606, 'Upper Takutu-Upper Essequibo', 94),
(1607, 'Artibonite', 95),
(1608, 'Centre', 95),
(1609, 'Grand\'Anse', 95),
(1610, 'Nord', 95),
(1611, 'Nord-Est', 95),
(1612, 'Nord-Ouest', 95),
(1613, 'Ouest', 95),
(1614, 'Sud', 95),
(1615, 'Sud-Est', 95),
(1616, 'Heard and McDonald Islands', 96),
(1617, 'Atlantida', 97),
(1618, 'Choluteca', 97),
(1619, 'Colon', 97),
(1620, 'Comayagua', 97),
(1621, 'Copan', 97),
(1622, 'Cortes', 97),
(1623, 'Distrito Central', 97),
(1624, 'El Paraiso', 97),
(1625, 'Francisco Morazan', 97),
(1626, 'Gracias a Dios', 97),
(1627, 'Intibuca', 97),
(1628, 'Islas de la Bahia', 97),
(1629, 'La Paz', 97),
(1630, 'Lempira', 97),
(1631, 'Ocotepeque', 97),
(1632, 'Olancho', 97),
(1633, 'Santa Barbara', 97),
(1634, 'Valle', 97),
(1635, 'Yoro', 97),
(1636, 'Hong Kong', 98),
(1637, 'Bacs-Kiskun', 99),
(1638, 'Baranya', 99),
(1639, 'Bekes', 99),
(1640, 'Borsod-Abauj-Zemplen', 99),
(1641, 'Budapest', 99),
(1642, 'Csongrad', 99),
(1643, 'Fejer', 99),
(1644, 'Gyor-Moson-Sopron', 99),
(1645, 'Hajdu-Bihar', 99),
(1646, 'Heves', 99),
(1647, 'Jasz-Nagykun-Szolnok', 99),
(1648, 'Komarom-Esztergom', 99),
(1649, 'Nograd', 99),
(1650, 'Pest', 99),
(1651, 'Somogy', 99),
(1652, 'Szabolcs-Szatmar-Bereg', 99),
(1653, 'Tolna', 99),
(1654, 'Vas', 99),
(1655, 'Veszprem', 99),
(1656, 'Zala', 99),
(1657, 'Austurland', 100),
(1658, 'Gullbringusysla', 100),
(1659, 'Hofu borgarsva i', 100),
(1660, 'Nor urland eystra', 100),
(1661, 'Nor urland vestra', 100),
(1662, 'Su urland', 100),
(1663, 'Su urnes', 100),
(1664, 'Vestfir ir', 100),
(1665, 'Vesturland', 100),
(1666, 'Aceh', 102),
(1667, 'Bali', 102),
(1668, 'Bangka-Belitung', 102),
(1669, 'Banten', 102),
(1670, 'Bengkulu', 102),
(1671, 'Gandaria', 102),
(1672, 'Gorontalo', 102),
(1673, 'Jakarta', 102),
(1674, 'Jambi', 102),
(1675, 'Jawa Barat', 102),
(1676, 'Jawa Tengah', 102),
(1677, 'Jawa Timur', 102),
(1678, 'Kalimantan Barat', 102),
(1679, 'Kalimantan Selatan', 102),
(1680, 'Kalimantan Tengah', 102),
(1681, 'Kalimantan Timur', 102),
(1682, 'Kendal', 102),
(1683, 'Lampung', 102),
(1684, 'Maluku', 102),
(1685, 'Maluku Utara', 102),
(1686, 'Nusa Tenggara Barat', 102),
(1687, 'Nusa Tenggara Timur', 102),
(1688, 'Papua', 102),
(1689, 'Riau', 102),
(1690, 'Riau Kepulauan', 102),
(1691, 'Solo', 102),
(1692, 'Sulawesi Selatan', 102),
(1693, 'Sulawesi Tengah', 102),
(1694, 'Sulawesi Tenggara', 102),
(1695, 'Sulawesi Utara', 102),
(1696, 'Sumatera Barat', 102),
(1697, 'Sumatera Selatan', 102),
(1698, 'Sumatera Utara', 102),
(1699, 'Yogyakarta', 102),
(1700, 'Ardabil', 103),
(1701, 'Azarbayjan-e Bakhtari', 103),
(1702, 'Azarbayjan-e Khavari', 103),
(1703, 'Bushehr', 103),
(1704, 'Chahar Mahal-e Bakhtiari', 103),
(1705, 'Esfahan', 103),
(1706, 'Fars', 103),
(1707, 'Gilan', 103),
(1708, 'Golestan', 103),
(1709, 'Hamadan', 103),
(1710, 'Hormozgan', 103),
(1711, 'Ilam', 103),
(1712, 'Kerman', 103),
(1713, 'Kermanshah', 103),
(1714, 'Khorasan', 103),
(1715, 'Khuzestan', 103),
(1716, 'Kohgiluyeh-e Boyerahmad', 103),
(1717, 'Kordestan', 103),
(1718, 'Lorestan', 103),
(1719, 'Markazi', 103),
(1720, 'Mazandaran', 103),
(1721, 'Ostan-e Esfahan', 103),
(1722, 'Qazvin', 103),
(1723, 'Qom', 103),
(1724, 'Semnan', 103),
(1725, 'Sistan-e Baluchestan', 103),
(1726, 'Tehran', 103),
(1727, 'Yazd', 103),
(1728, 'Zanjan', 103),
(1729, 'Babil', 104),
(1730, 'Baghdad', 104),
(1731, 'Dahuk', 104),
(1732, 'Dhi Qar', 104),
(1733, 'Diyala', 104),
(1734, 'Erbil', 104),
(1735, 'Irbil', 104),
(1736, 'Karbala', 104),
(1737, 'Kurdistan', 104),
(1738, 'Maysan', 104),
(1739, 'Ninawa', 104),
(1740, 'Salah-ad-Din', 104),
(1741, 'Wasit', 104),
(1742, 'al-Anbar', 104),
(1743, 'al-Basrah', 104),
(1744, 'al-Muthanna', 104),
(1745, 'al-Qadisiyah', 104),
(1746, 'an-Najaf', 104),
(1747, 'as-Sulaymaniyah', 104),
(1748, 'at-Ta\'mim', 104),
(1749, 'Armagh', 105),
(1750, 'Carlow', 105),
(1751, 'Cavan', 105),
(1752, 'Clare', 105),
(1753, 'Cork', 105),
(1754, 'Donegal', 105),
(1755, 'Dublin', 105),
(1756, 'Galway', 105),
(1757, 'Kerry', 105),
(1758, 'Kildare', 105),
(1759, 'Kilkenny', 105),
(1760, 'Laois', 105),
(1761, 'Leinster', 105),
(1762, 'Leitrim', 105),
(1763, 'Limerick', 105),
(1764, 'Loch Garman', 105),
(1765, 'Longford', 105),
(1766, 'Louth', 105),
(1767, 'Mayo', 105),
(1768, 'Meath', 105),
(1769, 'Monaghan', 105),
(1770, 'Offaly', 105),
(1771, 'Roscommon', 105),
(1772, 'Sligo', 105),
(1773, 'Tipperary North Riding', 105),
(1774, 'Tipperary South Riding', 105),
(1775, 'Ulster', 105),
(1776, 'Waterford', 105),
(1777, 'Westmeath', 105),
(1778, 'Wexford', 105),
(1779, 'Wicklow', 105),
(1780, 'Beit Hanania', 106),
(1781, 'Ben Gurion Airport', 106),
(1782, 'Bethlehem', 106),
(1783, 'Caesarea', 106),
(1784, 'Centre', 106),
(1785, 'Gaza', 106),
(1786, 'Hadaron', 106),
(1787, 'Haifa District', 106),
(1788, 'Hamerkaz', 106),
(1789, 'Hazafon', 106),
(1790, 'Hebron', 106),
(1791, 'Jaffa', 106),
(1792, 'Jerusalem', 106),
(1793, 'Khefa', 106),
(1794, 'Kiryat Yam', 106),
(1795, 'Lower Galilee', 106),
(1796, 'Qalqilya', 106),
(1797, 'Talme Elazar', 106),
(1798, 'Tel Aviv', 106),
(1799, 'Tsafon', 106),
(1800, 'Umm El Fahem', 106),
(1801, 'Yerushalayim', 106),
(1802, 'Abruzzi', 107),
(1803, 'Abruzzo', 107),
(1804, 'Agrigento', 107),
(1805, 'Alessandria', 107),
(1806, 'Ancona', 107),
(1807, 'Arezzo', 107),
(1808, 'Ascoli Piceno', 107),
(1809, 'Asti', 107),
(1810, 'Avellino', 107),
(1811, 'Bari', 107),
(1812, 'Basilicata', 107),
(1813, 'Belluno', 107),
(1814, 'Benevento', 107),
(1815, 'Bergamo', 107),
(1816, 'Biella', 107),
(1817, 'Bologna', 107),
(1818, 'Bolzano', 107),
(1819, 'Brescia', 107),
(1820, 'Brindisi', 107),
(1821, 'Calabria', 107),
(1822, 'Campania', 107),
(1823, 'Cartoceto', 107),
(1824, 'Caserta', 107),
(1825, 'Catania', 107),
(1826, 'Chieti', 107),
(1827, 'Como', 107),
(1828, 'Cosenza', 107),
(1829, 'Cremona', 107),
(1830, 'Cuneo', 107),
(1831, 'Emilia-Romagna', 107),
(1832, 'Ferrara', 107),
(1833, 'Firenze', 107),
(1834, 'Florence', 107),
(1835, 'Forli-Cesena ', 107),
(1836, 'Friuli-Venezia Giulia', 107),
(1837, 'Frosinone', 107),
(1838, 'Genoa', 107),
(1839, 'Gorizia', 107),
(1840, 'L\'Aquila', 107),
(1841, 'Lazio', 107),
(1842, 'Lecce', 107),
(1843, 'Lecco', 107),
(1844, 'Lecco Province', 107),
(1845, 'Liguria', 107),
(1846, 'Lodi', 107),
(1847, 'Lombardia', 107),
(1848, 'Lombardy', 107),
(1849, 'Macerata', 107),
(1850, 'Mantova', 107),
(1851, 'Marche', 107),
(1852, 'Messina', 107),
(1853, 'Milan', 107),
(1854, 'Modena', 107),
(1855, 'Molise', 107),
(1856, 'Molteno', 107),
(1857, 'Montenegro', 107),
(1858, 'Monza and Brianza', 107),
(1859, 'Naples', 107),
(1860, 'Novara', 107),
(1861, 'Padova', 107),
(1862, 'Parma', 107),
(1863, 'Pavia', 107),
(1864, 'Perugia', 107),
(1865, 'Pesaro-Urbino', 107),
(1866, 'Piacenza', 107),
(1867, 'Piedmont', 107),
(1868, 'Piemonte', 107),
(1869, 'Pisa', 107),
(1870, 'Pordenone', 107),
(1871, 'Potenza', 107),
(1872, 'Puglia', 107),
(1873, 'Reggio Emilia', 107),
(1874, 'Rimini', 107),
(1875, 'Roma', 107),
(1876, 'Salerno', 107),
(1877, 'Sardegna', 107),
(1878, 'Sassari', 107),
(1879, 'Savona', 107),
(1880, 'Sicilia', 107),
(1881, 'Siena', 107),
(1882, 'Sondrio', 107),
(1883, 'South Tyrol', 107),
(1884, 'Taranto', 107),
(1885, 'Teramo', 107),
(1886, 'Torino', 107),
(1887, 'Toscana', 107),
(1888, 'Trapani', 107),
(1889, 'Trentino-Alto Adige', 107),
(1890, 'Trento', 107),
(1891, 'Treviso', 107),
(1892, 'Udine', 107),
(1893, 'Umbria', 107),
(1894, 'Valle d\'Aosta', 107),
(1895, 'Varese', 107),
(1896, 'Veneto', 107),
(1897, 'Venezia', 107),
(1898, 'Verbano-Cusio-Ossola', 107),
(1899, 'Vercelli', 107),
(1900, 'Verona', 107),
(1901, 'Vicenza', 107),
(1902, 'Viterbo', 107),
(1903, 'Buxoro Viloyati', 108),
(1904, 'Clarendon', 108),
(1905, 'Hanover', 108),
(1906, 'Kingston', 108),
(1907, 'Manchester', 108),
(1908, 'Portland', 108),
(1909, 'Saint Andrews', 108),
(1910, 'Saint Ann', 108),
(1911, 'Saint Catherine', 108),
(1912, 'Saint Elizabeth', 108),
(1913, 'Saint James', 108),
(1914, 'Saint Mary', 108),
(1915, 'Saint Thomas', 108),
(1916, 'Trelawney', 108),
(1917, 'Westmoreland', 108),
(1918, 'Aichi', 109),
(1919, 'Akita', 109),
(1920, 'Aomori', 109),
(1921, 'Chiba', 109),
(1922, 'Ehime', 109),
(1923, 'Fukui', 109),
(1924, 'Fukuoka', 109),
(1925, 'Fukushima', 109),
(1926, 'Gifu', 109),
(1927, 'Gumma', 109),
(1928, 'Hiroshima', 109),
(1929, 'Hokkaido', 109),
(1930, 'Hyogo', 109),
(1931, 'Ibaraki', 109),
(1932, 'Ishikawa', 109),
(1933, 'Iwate', 109),
(1934, 'Kagawa', 109),
(1935, 'Kagoshima', 109),
(1936, 'Kanagawa', 109),
(1937, 'Kanto', 109),
(1938, 'Kochi', 109),
(1939, 'Kumamoto', 109),
(1940, 'Kyoto', 109),
(1941, 'Mie', 109),
(1942, 'Miyagi', 109),
(1943, 'Miyazaki', 109),
(1944, 'Nagano', 109),
(1945, 'Nagasaki', 109),
(1946, 'Nara', 109),
(1947, 'Niigata', 109),
(1948, 'Oita', 109),
(1949, 'Okayama', 109),
(1950, 'Okinawa', 109),
(1951, 'Osaka', 109),
(1952, 'Saga', 109),
(1953, 'Saitama', 109),
(1954, 'Shiga', 109),
(1955, 'Shimane', 109),
(1956, 'Shizuoka', 109),
(1957, 'Tochigi', 109),
(1958, 'Tokushima', 109),
(1959, 'Tokyo', 109),
(1960, 'Tottori', 109),
(1961, 'Toyama', 109),
(1962, 'Wakayama', 109),
(1963, 'Yamagata', 109),
(1964, 'Yamaguchi', 109),
(1965, 'Yamanashi', 109),
(1966, 'Grouville', 110),
(1967, 'Saint Brelade', 110),
(1968, 'Saint Clement', 110),
(1969, 'Saint Helier', 110),
(1970, 'Saint John', 110),
(1971, 'Saint Lawrence', 110),
(1972, 'Saint Martin', 110),
(1973, 'Saint Mary', 110),
(1974, 'Saint Peter', 110),
(1975, 'Saint Saviour', 110),
(1976, 'Trinity', 110),
(1977, '\'Ajlun', 111),
(1978, 'Amman', 111),
(1979, 'Irbid', 111),
(1980, 'Jarash', 111),
(1981, 'Ma\'an', 111),
(1982, 'Madaba', 111),
(1983, 'al-\'Aqabah', 111),
(1984, 'al-Balqa\'', 111),
(1985, 'al-Karak', 111),
(1986, 'al-Mafraq', 111),
(1987, 'at-Tafilah', 111),
(1988, 'az-Zarqa\'', 111),
(1989, 'Akmecet', 112),
(1990, 'Akmola', 112),
(1991, 'Aktobe', 112),
(1992, 'Almati', 112),
(1993, 'Atirau', 112),
(1994, 'Batis Kazakstan', 112),
(1995, 'Burlinsky Region', 112),
(1996, 'Karagandi', 112),
(1997, 'Kostanay', 112),
(1998, 'Mankistau', 112),
(1999, 'Ontustik Kazakstan', 112),
(2000, 'Pavlodar', 112),
(2001, 'Sigis Kazakstan', 112),
(2002, 'Soltustik Kazakstan', 112),
(2003, 'Taraz', 112),
(2004, 'Central', 113),
(2005, 'Coast', 113),
(2006, 'Eastern', 113),
(2007, 'Nairobi', 113),
(2008, 'North Eastern', 113),
(2009, 'Nyanza', 113),
(2010, 'Rift Valley', 113),
(2011, 'Western', 113),
(2012, 'Abaiang', 114),
(2013, 'Abemana', 114),
(2014, 'Aranuka', 114),
(2015, 'Arorae', 114),
(2016, 'Banaba', 114),
(2017, 'Beru', 114),
(2018, 'Butaritari', 114),
(2019, 'Kiritimati', 114),
(2020, 'Kuria', 114),
(2021, 'Maiana', 114),
(2022, 'Makin', 114),
(2023, 'Marakei', 114),
(2024, 'Nikunau', 114),
(2025, 'Nonouti', 114),
(2026, 'Onotoa', 114),
(2027, 'Phoenix Islands', 114),
(2028, 'Tabiteuea North', 114),
(2029, 'Tabiteuea South', 114),
(2030, 'Tabuaeran', 114),
(2031, 'Tamana', 114),
(2032, 'Tarawa North', 114),
(2033, 'Tarawa South', 114),
(2034, 'Teraina', 114),
(2035, 'Chagangdo', 115),
(2036, 'Hamgyeongbukto', 115),
(2037, 'Hamgyeongnamdo', 115),
(2038, 'Hwanghaebukto', 115),
(2039, 'Hwanghaenamdo', 115),
(2040, 'Kaeseong', 115),
(2041, 'Kangweon', 115),
(2042, 'Nampo', 115),
(2043, 'Pyeonganbukto', 115),
(2044, 'Pyeongannamdo', 115),
(2045, 'Pyeongyang', 115),
(2046, 'Yanggang', 115),
(2047, 'Busan', 116),
(2048, 'Cheju', 116),
(2049, 'Chollabuk', 116),
(2050, 'Chollanam', 116),
(2051, 'Chungbuk', 116),
(2052, 'Chungcheongbuk', 116),
(2053, 'Chungcheongnam', 116),
(2054, 'Chungnam', 116),
(2055, 'Daegu', 116),
(2056, 'Gangwon-do', 116),
(2057, 'Goyang-si', 116),
(2058, 'Gyeonggi-do', 116),
(2059, 'Gyeongsang ', 116),
(2060, 'Gyeongsangnam-do', 116),
(2061, 'Incheon', 116),
(2062, 'Jeju-Si', 116),
(2063, 'Jeonbuk', 116),
(2064, 'Kangweon', 116),
(2065, 'Kwangju', 116),
(2066, 'Kyeonggi', 116),
(2067, 'Kyeongsangbuk', 116),
(2068, 'Kyeongsangnam', 116),
(2069, 'Kyonggi-do', 116),
(2070, 'Kyungbuk-Do', 116),
(2071, 'Kyunggi-Do', 116),
(2072, 'Kyunggi-do', 116),
(2073, 'Pusan', 116),
(2074, 'Seoul', 116),
(2075, 'Sudogwon', 116),
(2076, 'Taegu', 116),
(2077, 'Taejeon', 116),
(2078, 'Taejon-gwangyoksi', 116),
(2079, 'Ulsan', 116),
(2080, 'Wonju', 116),
(2081, 'gwangyoksi', 116),
(2082, 'Al Asimah', 117),
(2083, 'Hawalli', 117),
(2084, 'Mishref', 117),
(2085, 'Qadesiya', 117),
(2086, 'Safat', 117),
(2087, 'Salmiya', 117),
(2088, 'al-Ahmadi', 117),
(2089, 'al-Farwaniyah', 117),
(2090, 'al-Jahra', 117),
(2091, 'al-Kuwayt', 117),
(2092, 'Batken', 118),
(2093, 'Bishkek', 118),
(2094, 'Chui', 118),
(2095, 'Issyk-Kul', 118),
(2096, 'Jalal-Abad', 118),
(2097, 'Naryn', 118),
(2098, 'Osh', 118),
(2099, 'Talas', 118),
(2100, 'Attopu', 119),
(2101, 'Bokeo', 119),
(2102, 'Bolikhamsay', 119),
(2103, 'Champasak', 119),
(2104, 'Houaphanh', 119),
(2105, 'Khammouane', 119),
(2106, 'Luang Nam Tha', 119),
(2107, 'Luang Prabang', 119),
(2108, 'Oudomxay', 119),
(2109, 'Phongsaly', 119),
(2110, 'Saravan', 119),
(2111, 'Savannakhet', 119),
(2112, 'Sekong', 119),
(2113, 'Viangchan Prefecture', 119),
(2114, 'Viangchan Province', 119),
(2115, 'Xaignabury', 119),
(2116, 'Xiang Khuang', 119),
(2117, 'Aizkraukles', 120),
(2118, 'Aluksnes', 120),
(2119, 'Balvu', 120),
(2120, 'Bauskas', 120),
(2121, 'Cesu', 120),
(2122, 'Daugavpils', 120),
(2123, 'Daugavpils City', 120),
(2124, 'Dobeles', 120),
(2125, 'Gulbenes', 120),
(2126, 'Jekabspils', 120),
(2127, 'Jelgava', 120),
(2128, 'Jelgavas', 120),
(2129, 'Jurmala City', 120),
(2130, 'Kraslavas', 120),
(2131, 'Kuldigas', 120),
(2132, 'Liepaja', 120),
(2133, 'Liepajas', 120),
(2134, 'Limbazhu', 120),
(2135, 'Ludzas', 120),
(2136, 'Madonas', 120),
(2137, 'Ogres', 120),
(2138, 'Preilu', 120),
(2139, 'Rezekne', 120),
(2140, 'Rezeknes', 120),
(2141, 'Riga', 120),
(2142, 'Rigas', 120),
(2143, 'Saldus', 120),
(2144, 'Talsu', 120),
(2145, 'Tukuma', 120),
(2146, 'Valkas', 120),
(2147, 'Valmieras', 120),
(2148, 'Ventspils', 120),
(2149, 'Ventspils City', 120),
(2150, 'Beirut', 121),
(2151, 'Jabal Lubnan', 121),
(2152, 'Mohafazat Liban-Nord', 121),
(2153, 'Mohafazat Mont-Liban', 121),
(2154, 'Sidon', 121),
(2155, 'al-Biqa', 121),
(2156, 'al-Janub', 121),
(2157, 'an-Nabatiyah', 121),
(2158, 'ash-Shamal', 121),
(2159, 'Berea', 122),
(2160, 'Butha-Buthe', 122),
(2161, 'Leribe', 122),
(2162, 'Mafeteng', 122),
(2163, 'Maseru', 122),
(2164, 'Mohale\'s Hoek', 122),
(2165, 'Mokhotlong', 122),
(2166, 'Qacha\'s Nek', 122),
(2167, 'Quthing', 122),
(2168, 'Thaba-Tseka', 122),
(2169, 'Bomi', 123),
(2170, 'Bong', 123),
(2171, 'Grand Bassa', 123),
(2172, 'Grand Cape Mount', 123),
(2173, 'Grand Gedeh', 123),
(2174, 'Loffa', 123),
(2175, 'Margibi', 123),
(2176, 'Maryland and Grand Kru', 123),
(2177, 'Montserrado', 123),
(2178, 'Nimba', 123),
(2179, 'Rivercess', 123),
(2180, 'Sinoe', 123),
(2181, 'Ajdabiya', 124);
INSERT INTO `states` (`id`, `name`, `country_id`) VALUES
(2182, 'Fezzan', 124),
(2183, 'Banghazi', 124),
(2184, 'Darnah', 124),
(2185, 'Ghadamis', 124),
(2186, 'Gharyan', 124),
(2187, 'Misratah', 124),
(2188, 'Murzuq', 124),
(2189, 'Sabha', 124),
(2190, 'Sawfajjin', 124),
(2191, 'Surt', 124),
(2192, 'Tarabulus', 124),
(2193, 'Tarhunah', 124),
(2194, 'Tripolitania', 124),
(2195, 'Tubruq', 124),
(2196, 'Yafran', 124),
(2197, 'Zlitan', 124),
(2198, 'al-\'Aziziyah', 124),
(2199, 'al-Fatih', 124),
(2200, 'al-Jabal al Akhdar', 124),
(2201, 'al-Jufrah', 124),
(2202, 'al-Khums', 124),
(2203, 'al-Kufrah', 124),
(2204, 'an-Nuqat al-Khams', 124),
(2205, 'ash-Shati\'', 124),
(2206, 'az-Zawiyah', 124),
(2207, 'Balzers', 125),
(2208, 'Eschen', 125),
(2209, 'Gamprin', 125),
(2210, 'Mauren', 125),
(2211, 'Planken', 125),
(2212, 'Ruggell', 125),
(2213, 'Schaan', 125),
(2214, 'Schellenberg', 125),
(2215, 'Triesen', 125),
(2216, 'Triesenberg', 125),
(2217, 'Vaduz', 125),
(2218, 'Alytaus', 126),
(2219, 'Anyksciai', 126),
(2220, 'Kauno', 126),
(2221, 'Klaipedos', 126),
(2222, 'Marijampoles', 126),
(2223, 'Panevezhio', 126),
(2224, 'Panevezys', 126),
(2225, 'Shiauliu', 126),
(2226, 'Taurages', 126),
(2227, 'Telshiu', 126),
(2228, 'Telsiai', 126),
(2229, 'Utenos', 126),
(2230, 'Vilniaus', 126),
(2231, 'Capellen', 127),
(2232, 'Clervaux', 127),
(2233, 'Diekirch', 127),
(2234, 'Echternach', 127),
(2235, 'Esch-sur-Alzette', 127),
(2236, 'Grevenmacher', 127),
(2237, 'Luxembourg', 127),
(2238, 'Mersch', 127),
(2239, 'Redange', 127),
(2240, 'Remich', 127),
(2241, 'Vianden', 127),
(2242, 'Wiltz', 127),
(2243, 'Macau', 128),
(2244, 'Berovo', 129),
(2245, 'Bitola', 129),
(2246, 'Brod', 129),
(2247, 'Debar', 129),
(2248, 'Delchevo', 129),
(2249, 'Demir Hisar', 129),
(2250, 'Gevgelija', 129),
(2251, 'Gostivar', 129),
(2252, 'Kavadarci', 129),
(2253, 'Kichevo', 129),
(2254, 'Kochani', 129),
(2255, 'Kratovo', 129),
(2256, 'Kriva Palanka', 129),
(2257, 'Krushevo', 129),
(2258, 'Kumanovo', 129),
(2259, 'Negotino', 129),
(2260, 'Ohrid', 129),
(2261, 'Prilep', 129),
(2262, 'Probishtip', 129),
(2263, 'Radovish', 129),
(2264, 'Resen', 129),
(2265, 'Shtip', 129),
(2266, 'Skopje', 129),
(2267, 'Struga', 129),
(2268, 'Strumica', 129),
(2269, 'Sveti Nikole', 129),
(2270, 'Tetovo', 129),
(2271, 'Valandovo', 129),
(2272, 'Veles', 129),
(2273, 'Vinica', 129),
(2274, 'Antananarivo', 130),
(2275, 'Antsiranana', 130),
(2276, 'Fianarantsoa', 130),
(2277, 'Mahajanga', 130),
(2278, 'Toamasina', 130),
(2279, 'Toliary', 130),
(2280, 'Balaka', 131),
(2281, 'Blantyre City', 131),
(2282, 'Chikwawa', 131),
(2283, 'Chiradzulu', 131),
(2284, 'Chitipa', 131),
(2285, 'Dedza', 131),
(2286, 'Dowa', 131),
(2287, 'Karonga', 131),
(2288, 'Kasungu', 131),
(2289, 'Lilongwe City', 131),
(2290, 'Machinga', 131),
(2291, 'Mangochi', 131),
(2292, 'Mchinji', 131),
(2293, 'Mulanje', 131),
(2294, 'Mwanza', 131),
(2295, 'Mzimba', 131),
(2296, 'Mzuzu City', 131),
(2297, 'Nkhata Bay', 131),
(2298, 'Nkhotakota', 131),
(2299, 'Nsanje', 131),
(2300, 'Ntcheu', 131),
(2301, 'Ntchisi', 131),
(2302, 'Phalombe', 131),
(2303, 'Rumphi', 131),
(2304, 'Salima', 131),
(2305, 'Thyolo', 131),
(2306, 'Zomba Municipality', 131),
(2307, 'Johor', 132),
(2308, 'Kedah', 132),
(2309, 'Kelantan', 132),
(2310, 'Kuala Lumpur', 132),
(2311, 'Labuan', 132),
(2312, 'Melaka', 132),
(2313, 'Negeri Johor', 132),
(2314, 'Negeri Sembilan', 132),
(2315, 'Pahang', 132),
(2316, 'Penang', 132),
(2317, 'Perak', 132),
(2318, 'Perlis', 132),
(2319, 'Pulau Pinang', 132),
(2320, 'Sabah', 132),
(2321, 'Sarawak', 132),
(2322, 'Selangor', 132),
(2323, 'Sembilan', 132),
(2324, 'Terengganu', 132),
(2325, 'Alif Alif', 133),
(2326, 'Alif Dhaal', 133),
(2327, 'Baa', 133),
(2328, 'Dhaal', 133),
(2329, 'Faaf', 133),
(2330, 'Gaaf Alif', 133),
(2331, 'Gaaf Dhaal', 133),
(2332, 'Ghaviyani', 133),
(2333, 'Haa Alif', 133),
(2334, 'Haa Dhaal', 133),
(2335, 'Kaaf', 133),
(2336, 'Laam', 133),
(2337, 'Lhaviyani', 133),
(2338, 'Male', 133),
(2339, 'Miim', 133),
(2340, 'Nuun', 133),
(2341, 'Raa', 133),
(2342, 'Shaviyani', 133),
(2343, 'Siin', 133),
(2344, 'Thaa', 133),
(2345, 'Vaav', 133),
(2346, 'Bamako', 134),
(2347, 'Gao', 134),
(2348, 'Kayes', 134),
(2349, 'Kidal', 134),
(2350, 'Koulikoro', 134),
(2351, 'Mopti', 134),
(2352, 'Segou', 134),
(2353, 'Sikasso', 134),
(2354, 'Tombouctou', 134),
(2355, 'Gozo and Comino', 135),
(2356, 'Inner Harbour', 135),
(2357, 'Northern', 135),
(2358, 'Outer Harbour', 135),
(2359, 'South Eastern', 135),
(2360, 'Valletta', 135),
(2361, 'Western', 135),
(2362, 'Castletown', 136),
(2363, 'Douglas', 136),
(2364, 'Laxey', 136),
(2365, 'Onchan', 136),
(2366, 'Peel', 136),
(2367, 'Port Erin', 136),
(2368, 'Port Saint Mary', 136),
(2369, 'Ramsey', 136),
(2370, 'Ailinlaplap', 137),
(2371, 'Ailuk', 137),
(2372, 'Arno', 137),
(2373, 'Aur', 137),
(2374, 'Bikini', 137),
(2375, 'Ebon', 137),
(2376, 'Enewetak', 137),
(2377, 'Jabat', 137),
(2378, 'Jaluit', 137),
(2379, 'Kili', 137),
(2380, 'Kwajalein', 137),
(2381, 'Lae', 137),
(2382, 'Lib', 137),
(2383, 'Likiep', 137),
(2384, 'Majuro', 137),
(2385, 'Maloelap', 137),
(2386, 'Mejit', 137),
(2387, 'Mili', 137),
(2388, 'Namorik', 137),
(2389, 'Namu', 137),
(2390, 'Rongelap', 137),
(2391, 'Ujae', 137),
(2392, 'Utrik', 137),
(2393, 'Wotho', 137),
(2394, 'Wotje', 137),
(2395, 'Fort-de-France', 138),
(2396, 'La Trinite', 138),
(2397, 'Le Marin', 138),
(2398, 'Saint-Pierre', 138),
(2399, 'Adrar', 139),
(2400, 'Assaba', 139),
(2401, 'Brakna', 139),
(2402, 'Dhakhlat Nawadibu', 139),
(2403, 'Hudh-al-Gharbi', 139),
(2404, 'Hudh-ash-Sharqi', 139),
(2405, 'Inshiri', 139),
(2406, 'Nawakshut', 139),
(2407, 'Qidimagha', 139),
(2408, 'Qurqul', 139),
(2409, 'Taqant', 139),
(2410, 'Tiris Zammur', 139),
(2411, 'Trarza', 139),
(2412, 'Black River', 140),
(2413, 'Eau Coulee', 140),
(2414, 'Flacq', 140),
(2415, 'Floreal', 140),
(2416, 'Grand Port', 140),
(2417, 'Moka', 140),
(2418, 'Pamplempousses', 140),
(2419, 'Plaines Wilhelm', 140),
(2420, 'Port Louis', 140),
(2421, 'Riviere du Rempart', 140),
(2422, 'Rodrigues', 140),
(2423, 'Rose Hill', 140),
(2424, 'Savanne', 140),
(2425, 'Mayotte', 141),
(2426, 'Pamanzi', 141),
(2427, 'Aguascalientes', 142),
(2428, 'Baja California', 142),
(2429, 'Baja California Sur', 142),
(2430, 'Campeche', 142),
(2431, 'Chiapas', 142),
(2432, 'Chihuahua', 142),
(2433, 'Coahuila', 142),
(2434, 'Colima', 142),
(2435, 'Distrito Federal', 142),
(2436, 'Durango', 142),
(2437, 'Estado de Mexico', 142),
(2438, 'Guanajuato', 142),
(2439, 'Guerrero', 142),
(2440, 'Hidalgo', 142),
(2441, 'Jalisco', 142),
(2442, 'Mexico', 142),
(2443, 'Michoacan', 142),
(2444, 'Morelos', 142),
(2445, 'Nayarit', 142),
(2446, 'Nuevo Leon', 142),
(2447, 'Oaxaca', 142),
(2448, 'Puebla', 142),
(2449, 'Queretaro', 142),
(2450, 'Quintana Roo', 142),
(2451, 'San Luis Potosi', 142),
(2452, 'Sinaloa', 142),
(2453, 'Sonora', 142),
(2454, 'Tabasco', 142),
(2455, 'Tamaulipas', 142),
(2456, 'Tlaxcala', 142),
(2457, 'Veracruz', 142),
(2458, 'Yucatan', 142),
(2459, 'Zacatecas', 142),
(2460, 'Chuuk', 143),
(2461, 'Kusaie', 143),
(2462, 'Pohnpei', 143),
(2463, 'Yap', 143),
(2464, 'Balti', 144),
(2465, 'Cahul', 144),
(2466, 'Chisinau', 144),
(2467, 'Chisinau Oras', 144),
(2468, 'Edinet', 144),
(2469, 'Gagauzia', 144),
(2470, 'Lapusna', 144),
(2471, 'Orhei', 144),
(2472, 'Soroca', 144),
(2473, 'Taraclia', 144),
(2474, 'Tighina', 144),
(2475, 'Transnistria', 144),
(2476, 'Ungheni', 144),
(2477, 'Fontvieille', 145),
(2478, 'La Condamine', 145),
(2479, 'Monaco-Ville', 145),
(2480, 'Monte Carlo', 145),
(2481, 'Arhangaj', 146),
(2482, 'Bajan-Olgij', 146),
(2483, 'Bajanhongor', 146),
(2484, 'Bulgan', 146),
(2485, 'Darhan-Uul', 146),
(2486, 'Dornod', 146),
(2487, 'Dornogovi', 146),
(2488, 'Dundgovi', 146),
(2489, 'Govi-Altaj', 146),
(2490, 'Govisumber', 146),
(2491, 'Hentij', 146),
(2492, 'Hovd', 146),
(2493, 'Hovsgol', 146),
(2494, 'Omnogovi', 146),
(2495, 'Orhon', 146),
(2496, 'Ovorhangaj', 146),
(2497, 'Selenge', 146),
(2498, 'Suhbaatar', 146),
(2499, 'Tov', 146),
(2500, 'Ulaanbaatar', 146),
(2501, 'Uvs', 146),
(2502, 'Zavhan', 146),
(2503, 'Montserrat', 147),
(2504, 'Agadir', 148),
(2505, 'Casablanca', 148),
(2506, 'Chaouia-Ouardigha', 148),
(2507, 'Doukkala-Abda', 148),
(2508, 'Fes-Boulemane', 148),
(2509, 'Gharb-Chrarda-Beni Hssen', 148),
(2510, 'Guelmim', 148),
(2511, 'Kenitra', 148),
(2512, 'Marrakech-Tensift-Al Haouz', 148),
(2513, 'Meknes-Tafilalet', 148),
(2514, 'Oriental', 148),
(2515, 'Oujda', 148),
(2516, 'Province de Tanger', 148),
(2517, 'Rabat-Sale-Zammour-Zaer', 148),
(2518, 'Sala Al Jadida', 148),
(2519, 'Settat', 148),
(2520, 'Souss Massa-Draa', 148),
(2521, 'Tadla-Azilal', 148),
(2522, 'Tangier-Tetouan', 148),
(2523, 'Taza-Al Hoceima-Taounate', 148),
(2524, 'Wilaya de Casablanca', 148),
(2525, 'Wilaya de Rabat-Sale', 148),
(2526, 'Cabo Delgado', 149),
(2527, 'Gaza', 149),
(2528, 'Inhambane', 149),
(2529, 'Manica', 149),
(2530, 'Maputo', 149),
(2531, 'Maputo Provincia', 149),
(2532, 'Nampula', 149),
(2533, 'Niassa', 149),
(2534, 'Sofala', 149),
(2535, 'Tete', 149),
(2536, 'Zambezia', 149),
(2537, 'Ayeyarwady', 150),
(2538, 'Bago', 150),
(2539, 'Chin', 150),
(2540, 'Kachin', 150),
(2541, 'Kayah', 150),
(2542, 'Kayin', 150),
(2543, 'Magway', 150),
(2544, 'Mandalay', 150),
(2545, 'Mon', 150),
(2546, 'Nay Pyi Taw', 150),
(2547, 'Rakhine', 150),
(2548, 'Sagaing', 150),
(2549, 'Shan', 150),
(2550, 'Tanintharyi', 150),
(2551, 'Yangon', 150),
(2552, 'Caprivi', 151),
(2553, 'Erongo', 151),
(2554, 'Hardap', 151),
(2555, 'Karas', 151),
(2556, 'Kavango', 151),
(2557, 'Khomas', 151),
(2558, 'Kunene', 151),
(2559, 'Ohangwena', 151),
(2560, 'Omaheke', 151),
(2561, 'Omusati', 151),
(2562, 'Oshana', 151),
(2563, 'Oshikoto', 151),
(2564, 'Otjozondjupa', 151),
(2565, 'Yaren', 152),
(2566, 'Bagmati', 153),
(2567, 'Bheri', 153),
(2568, 'Dhawalagiri', 153),
(2569, 'Gandaki', 153),
(2570, 'Janakpur', 153),
(2571, 'Karnali', 153),
(2572, 'Koshi', 153),
(2573, 'Lumbini', 153),
(2574, 'Mahakali', 153),
(2575, 'Mechi', 153),
(2576, 'Narayani', 153),
(2577, 'Rapti', 153),
(2578, 'Sagarmatha', 153),
(2579, 'Seti', 153),
(2580, 'Bonaire', 154),
(2581, 'Curacao', 154),
(2582, 'Saba', 154),
(2583, 'Sint Eustatius', 154),
(2584, 'Sint Maarten', 154),
(2585, 'Amsterdam', 155),
(2586, 'Benelux', 155),
(2587, 'Drenthe', 155),
(2588, 'Flevoland', 155),
(2589, 'Friesland', 155),
(2590, 'Gelderland', 155),
(2591, 'Groningen', 155),
(2592, 'Limburg', 155),
(2593, 'Noord-Brabant', 155),
(2594, 'Noord-Holland', 155),
(2595, 'Overijssel', 155),
(2596, 'South Holland', 155),
(2597, 'Utrecht', 155),
(2598, 'Zeeland', 155),
(2599, 'Zuid-Holland', 155),
(2600, 'Iles', 156),
(2601, 'Nord', 156),
(2602, 'Sud', 156),
(2603, 'Area Outside Region', 157),
(2604, 'Auckland', 157),
(2605, 'Bay of Plenty', 157),
(2606, 'Canterbury', 157),
(2607, 'Christchurch', 157),
(2608, 'Gisborne', 157),
(2609, 'Hawke\'s Bay', 157),
(2610, 'Manawatu-Wanganui', 157),
(2611, 'Marlborough', 157),
(2612, 'Nelson', 157),
(2613, 'Northland', 157),
(2614, 'Otago', 157),
(2615, 'Rodney', 157),
(2616, 'Southland', 157),
(2617, 'Taranaki', 157),
(2618, 'Tasman', 157),
(2619, 'Waikato', 157),
(2620, 'Wellington', 157),
(2621, 'West Coast', 157),
(2622, 'Atlantico Norte', 158),
(2623, 'Atlantico Sur', 158),
(2624, 'Boaco', 158),
(2625, 'Carazo', 158),
(2626, 'Chinandega', 158),
(2627, 'Chontales', 158),
(2628, 'Esteli', 158),
(2629, 'Granada', 158),
(2630, 'Jinotega', 158),
(2631, 'Leon', 158),
(2632, 'Madriz', 158),
(2633, 'Managua', 158),
(2634, 'Masaya', 158),
(2635, 'Matagalpa', 158),
(2636, 'Nueva Segovia', 158),
(2637, 'Rio San Juan', 158),
(2638, 'Rivas', 158),
(2639, 'Agadez', 159),
(2640, 'Diffa', 159),
(2641, 'Dosso', 159),
(2642, 'Maradi', 159),
(2643, 'Niamey', 159),
(2644, 'Tahoua', 159),
(2645, 'Tillabery', 159),
(2646, 'Zinder', 159),
(2647, 'Abia', 160),
(2648, 'Abuja Federal Capital Territor', 160),
(2649, 'Adamawa', 160),
(2650, 'Akwa Ibom', 160),
(2651, 'Anambra', 160),
(2652, 'Bauchi', 160),
(2653, 'Bayelsa', 160),
(2654, 'Benue', 160),
(2655, 'Borno', 160),
(2656, 'Cross River', 160),
(2657, 'Delta', 160),
(2658, 'Ebonyi', 160),
(2659, 'Edo', 160),
(2660, 'Ekiti', 160),
(2661, 'Enugu', 160),
(2662, 'Gombe', 160),
(2663, 'Imo', 160),
(2664, 'Jigawa', 160),
(2665, 'Kaduna', 160),
(2666, 'Kano', 160),
(2667, 'Katsina', 160),
(2668, 'Kebbi', 160),
(2669, 'Kogi', 160),
(2670, 'Kwara', 160),
(2671, 'Lagos', 160),
(2672, 'Nassarawa', 160),
(2673, 'Niger', 160),
(2674, 'Ogun', 160),
(2675, 'Ondo', 160),
(2676, 'Osun', 160),
(2677, 'Oyo', 160),
(2678, 'Plateau', 160),
(2679, 'Rivers', 160),
(2680, 'Sokoto', 160),
(2681, 'Taraba', 160),
(2682, 'Yobe', 160),
(2683, 'Zamfara', 160),
(2684, 'Niue', 161),
(2685, 'Norfolk Island', 162),
(2686, 'Northern Islands', 163),
(2687, 'Rota', 163),
(2688, 'Saipan', 163),
(2689, 'Tinian', 163),
(2690, 'Akershus', 164),
(2691, 'Aust Agder', 164),
(2692, 'Bergen', 164),
(2693, 'Buskerud', 164),
(2694, 'Finnmark', 164),
(2695, 'Hedmark', 164),
(2696, 'Hordaland', 164),
(2697, 'Moere og Romsdal', 164),
(2698, 'Nord Trondelag', 164),
(2699, 'Nordland', 164),
(2700, 'Oestfold', 164),
(2701, 'Oppland', 164),
(2702, 'Oslo', 164),
(2703, 'Rogaland', 164),
(2704, 'Soer Troendelag', 164),
(2705, 'Sogn og Fjordane', 164),
(2706, 'Stavern', 164),
(2707, 'Sykkylven', 164),
(2708, 'Telemark', 164),
(2709, 'Troms', 164),
(2710, 'Vest Agder', 164),
(2711, 'Vestfold', 164),
(2712, 'ÃƒÂ˜stfold', 164),
(2713, 'Al Buraimi', 165),
(2714, 'Dhufar', 165),
(2715, 'Masqat', 165),
(2716, 'Musandam', 165),
(2717, 'Rusayl', 165),
(2718, 'Wadi Kabir', 165),
(2719, 'ad-Dakhiliyah', 165),
(2720, 'adh-Dhahirah', 165),
(2721, 'al-Batinah', 165),
(2722, 'ash-Sharqiyah', 165),
(2723, 'Azad kashmir', 166),
(2724, 'Balochistan', 166),
(2725, 'Fata', 166),
(2726, 'Gilgit–baltistan', 166),
(2727, 'Islamabad capital territory', 166),
(2728, 'Khyber Pakhtunkhwa', 166),
(2729, 'Punjab', 166),
(2730, 'Sindh', 166),
(2731, 'Aimeliik', 167),
(2732, 'Airai', 167),
(2733, 'Angaur', 167),
(2734, 'Hatobohei', 167),
(2735, 'Kayangel', 167),
(2736, 'Koror', 167),
(2737, 'Melekeok', 167),
(2738, 'Ngaraard', 167),
(2739, 'Ngardmau', 167),
(2740, 'Ngaremlengui', 167),
(2741, 'Ngatpang', 167),
(2742, 'Ngchesar', 167),
(2743, 'Ngerchelong', 167),
(2744, 'Ngiwal', 167),
(2745, 'Peleliu', 167),
(2746, 'Sonsorol', 167),
(2747, 'Ariha', 168),
(2748, 'Bayt Lahm', 168),
(2749, 'Bethlehem', 168),
(2750, 'Dayr-al-Balah', 168),
(2751, 'Ghazzah', 168),
(2752, 'Ghazzah ash-Shamaliyah', 168),
(2753, 'Janin', 168),
(2754, 'Khan Yunis', 168),
(2755, 'Nabulus', 168),
(2756, 'Qalqilyah', 168),
(2757, 'Rafah', 168),
(2758, 'Ram Allah wal-Birah', 168),
(2759, 'Salfit', 168),
(2760, 'Tubas', 168),
(2761, 'Tulkarm', 168),
(2762, 'al-Khalil', 168),
(2763, 'al-Quds', 168),
(2764, 'Bocas del Toro', 169),
(2765, 'Chiriqui', 169),
(2766, 'Cocle', 169),
(2767, 'Colon', 169),
(2768, 'Darien', 169),
(2769, 'Embera', 169),
(2770, 'Herrera', 169),
(2771, 'Kuna Yala', 169),
(2772, 'Los Santos', 169),
(2773, 'Ngobe Bugle', 169),
(2774, 'Panama', 169),
(2775, 'Veraguas', 169),
(2776, 'East New Britain', 170),
(2777, 'East Sepik', 170),
(2778, 'Eastern Highlands', 170),
(2779, 'Enga', 170),
(2780, 'Fly River', 170),
(2781, 'Gulf', 170),
(2782, 'Madang', 170),
(2783, 'Manus', 170),
(2784, 'Milne Bay', 170),
(2785, 'Morobe', 170),
(2786, 'National Capital District', 170),
(2787, 'New Ireland', 170),
(2788, 'North Solomons', 170),
(2789, 'Oro', 170),
(2790, 'Sandaun', 170),
(2791, 'Simbu', 170),
(2792, 'Southern Highlands', 170),
(2793, 'West New Britain', 170),
(2794, 'Western Highlands', 170),
(2795, 'Alto Paraguay', 171),
(2796, 'Alto Parana', 171),
(2797, 'Amambay', 171),
(2798, 'Asuncion', 171),
(2799, 'Boqueron', 171),
(2800, 'Caaguazu', 171),
(2801, 'Caazapa', 171),
(2802, 'Canendiyu', 171),
(2803, 'Central', 171),
(2804, 'Concepcion', 171),
(2805, 'Cordillera', 171),
(2806, 'Guaira', 171),
(2807, 'Itapua', 171),
(2808, 'Misiones', 171),
(2809, 'Neembucu', 171),
(2810, 'Paraguari', 171),
(2811, 'Presidente Hayes', 171),
(2812, 'San Pedro', 171),
(2813, 'Amazonas', 172),
(2814, 'Ancash', 172),
(2815, 'Apurimac', 172),
(2816, 'Arequipa', 172),
(2817, 'Ayacucho', 172),
(2818, 'Cajamarca', 172),
(2819, 'Cusco', 172),
(2820, 'Huancavelica', 172),
(2821, 'Huanuco', 172),
(2822, 'Ica', 172),
(2823, 'Junin', 172),
(2824, 'La Libertad', 172),
(2825, 'Lambayeque', 172),
(2826, 'Lima y Callao', 172),
(2827, 'Loreto', 172),
(2828, 'Madre de Dios', 172),
(2829, 'Moquegua', 172),
(2830, 'Pasco', 172),
(2831, 'Piura', 172),
(2832, 'Puno', 172),
(2833, 'San Martin', 172),
(2834, 'Tacna', 172),
(2835, 'Tumbes', 172),
(2836, 'Ucayali', 172),
(2837, 'Batangas', 173),
(2838, 'Bicol', 173),
(2839, 'Bulacan', 173),
(2840, 'Cagayan', 173),
(2841, 'Caraga', 173),
(2842, 'Central Luzon', 173),
(2843, 'Central Mindanao', 173),
(2844, 'Central Visayas', 173),
(2845, 'Cordillera', 173),
(2846, 'Davao', 173),
(2847, 'Eastern Visayas', 173),
(2848, 'Greater Metropolitan Area', 173),
(2849, 'Ilocos', 173),
(2850, 'Laguna', 173),
(2851, 'Luzon', 173),
(2852, 'Mactan', 173),
(2853, 'Metropolitan Manila Area', 173),
(2854, 'Muslim Mindanao', 173),
(2855, 'Northern Mindanao', 173),
(2856, 'Southern Mindanao', 173),
(2857, 'Southern Tagalog', 173),
(2858, 'Western Mindanao', 173),
(2859, 'Western Visayas', 173),
(2860, 'Pitcairn Island', 174),
(2861, 'Biale Blota', 175),
(2862, 'Dobroszyce', 175),
(2863, 'Dolnoslaskie', 175),
(2864, 'Dziekanow Lesny', 175),
(2865, 'Hopowo', 175),
(2866, 'Kartuzy', 175),
(2867, 'Koscian', 175),
(2868, 'Krakow', 175),
(2869, 'Kujawsko-Pomorskie', 175),
(2870, 'Lodzkie', 175),
(2871, 'Lubelskie', 175),
(2872, 'Lubuskie', 175),
(2873, 'Malomice', 175),
(2874, 'Malopolskie', 175),
(2875, 'Mazowieckie', 175),
(2876, 'Mirkow', 175),
(2877, 'Opolskie', 175),
(2878, 'Ostrowiec', 175),
(2879, 'Podkarpackie', 175),
(2880, 'Podlaskie', 175),
(2881, 'Polska', 175),
(2882, 'Pomorskie', 175),
(2883, 'Poznan', 175),
(2884, 'Pruszkow', 175),
(2885, 'Rymanowska', 175),
(2886, 'Rzeszow', 175),
(2887, 'Slaskie', 175),
(2888, 'Stare Pole', 175),
(2889, 'Swietokrzyskie', 175),
(2890, 'Warminsko-Mazurskie', 175),
(2891, 'Warsaw', 175),
(2892, 'Wejherowo', 175),
(2893, 'Wielkopolskie', 175),
(2894, 'Wroclaw', 175),
(2895, 'Zachodnio-Pomorskie', 175),
(2896, 'Zukowo', 175),
(2897, 'Abrantes', 176),
(2898, 'Acores', 176),
(2899, 'Alentejo', 176),
(2900, 'Algarve', 176),
(2901, 'Braga', 176),
(2902, 'Centro', 176),
(2903, 'Distrito de Leiria', 176),
(2904, 'Distrito de Viana do Castelo', 176),
(2905, 'Distrito de Vila Real', 176),
(2906, 'Distrito do Porto', 176),
(2907, 'Lisboa e Vale do Tejo', 176),
(2908, 'Madeira', 176),
(2909, 'Norte', 176),
(2910, 'Paivas', 176),
(2911, 'Arecibo', 177),
(2912, 'Bayamon', 177),
(2913, 'Carolina', 177),
(2914, 'Florida', 177),
(2915, 'Guayama', 177),
(2916, 'Humacao', 177),
(2917, 'Mayaguez-Aguadilla', 177),
(2918, 'Ponce', 177),
(2919, 'Salinas', 177),
(2920, 'San Juan', 177),
(2921, 'Doha', 178),
(2922, 'Jarian-al-Batnah', 178),
(2923, 'Umm Salal', 178),
(2924, 'ad-Dawhah', 178),
(2925, 'al-Ghuwayriyah', 178),
(2926, 'al-Jumayliyah', 178),
(2927, 'al-Khawr', 178),
(2928, 'al-Wakrah', 178),
(2929, 'ar-Rayyan', 178),
(2930, 'ash-Shamal', 178),
(2931, 'Saint-Benoit', 179),
(2932, 'Saint-Denis', 179),
(2933, 'Saint-Paul', 179),
(2934, 'Saint-Pierre', 179),
(2935, 'Alba', 180),
(2936, 'Arad', 180),
(2937, 'Arges', 180),
(2938, 'Bacau', 180),
(2939, 'Bihor', 180),
(2940, 'Bistrita-Nasaud', 180),
(2941, 'Botosani', 180),
(2942, 'Braila', 180),
(2943, 'Brasov', 180),
(2944, 'Bucuresti', 180),
(2945, 'Buzau', 180),
(2946, 'Calarasi', 180),
(2947, 'Caras-Severin', 180),
(2948, 'Cluj', 180),
(2949, 'Constanta', 180),
(2950, 'Covasna', 180),
(2951, 'Dambovita', 180),
(2952, 'Dolj', 180),
(2953, 'Galati', 180),
(2954, 'Giurgiu', 180),
(2955, 'Gorj', 180),
(2956, 'Harghita', 180),
(2957, 'Hunedoara', 180),
(2958, 'Ialomita', 180),
(2959, 'Iasi', 180),
(2960, 'Ilfov', 180),
(2961, 'Maramures', 180),
(2962, 'Mehedinti', 180),
(2963, 'Mures', 180),
(2964, 'Neamt', 180),
(2965, 'Olt', 180),
(2966, 'Prahova', 180),
(2967, 'Salaj', 180),
(2968, 'Satu Mare', 180),
(2969, 'Sibiu', 180),
(2970, 'Sondelor', 180),
(2971, 'Suceava', 180),
(2972, 'Teleorman', 180),
(2973, 'Timis', 180),
(2974, 'Tulcea', 180),
(2975, 'Valcea', 180),
(2976, 'Vaslui', 180),
(2977, 'Vrancea', 180),
(2978, 'Adygeja', 181),
(2979, 'Aga', 181),
(2980, 'Alanija', 181),
(2981, 'Altaj', 181),
(2982, 'Amur', 181),
(2983, 'Arhangelsk', 181),
(2984, 'Astrahan', 181),
(2985, 'Bashkortostan', 181),
(2986, 'Belgorod', 181),
(2987, 'Brjansk', 181),
(2988, 'Burjatija', 181),
(2989, 'Chechenija', 181),
(2990, 'Cheljabinsk', 181),
(2991, 'Chita', 181),
(2992, 'Chukotka', 181),
(2993, 'Chuvashija', 181),
(2994, 'Dagestan', 181),
(2995, 'Evenkija', 181),
(2996, 'Gorno-Altaj', 181),
(2997, 'Habarovsk', 181),
(2998, 'Hakasija', 181),
(2999, 'Hanty-Mansija', 181),
(3000, 'Ingusetija', 181),
(3001, 'Irkutsk', 181),
(3002, 'Ivanovo', 181),
(3003, 'Jamalo-Nenets', 181),
(3004, 'Jaroslavl', 181),
(3005, 'Jevrej', 181),
(3006, 'Kabardino-Balkarija', 181),
(3007, 'Kaliningrad', 181),
(3008, 'Kalmykija', 181),
(3009, 'Kaluga', 181),
(3010, 'Kamchatka', 181),
(3011, 'Karachaj-Cherkessija', 181),
(3012, 'Karelija', 181),
(3013, 'Kemerovo', 181),
(3014, 'Khabarovskiy Kray', 181),
(3015, 'Kirov', 181),
(3016, 'Komi', 181),
(3017, 'Komi-Permjakija', 181),
(3018, 'Korjakija', 181),
(3019, 'Kostroma', 181),
(3020, 'Krasnodar', 181),
(3021, 'Krasnojarsk', 181),
(3022, 'Krasnoyarskiy Kray', 181),
(3023, 'Kurgan', 181),
(3024, 'Kursk', 181),
(3025, 'Leningrad', 181),
(3026, 'Lipeck', 181),
(3027, 'Magadan', 181),
(3028, 'Marij El', 181),
(3029, 'Mordovija', 181),
(3030, 'Moscow', 181),
(3031, 'Moskovskaja Oblast', 181),
(3032, 'Moskovskaya Oblast', 181),
(3033, 'Moskva', 181),
(3034, 'Murmansk', 181),
(3035, 'Nenets', 181),
(3036, 'Nizhnij Novgorod', 181),
(3037, 'Novgorod', 181),
(3038, 'Novokusnezk', 181),
(3039, 'Novosibirsk', 181),
(3040, 'Omsk', 181),
(3041, 'Orenburg', 181),
(3042, 'Orjol', 181),
(3043, 'Penza', 181),
(3044, 'Perm', 181),
(3045, 'Primorje', 181),
(3046, 'Pskov', 181),
(3047, 'Pskovskaya Oblast', 181),
(3048, 'Rjazan', 181),
(3049, 'Rostov', 181),
(3050, 'Saha', 181),
(3051, 'Sahalin', 181),
(3052, 'Samara', 181),
(3053, 'Samarskaya', 181),
(3054, 'Sankt-Peterburg', 181),
(3055, 'Saratov', 181),
(3056, 'Smolensk', 181),
(3057, 'Stavropol', 181),
(3058, 'Sverdlovsk', 181),
(3059, 'Tajmyrija', 181),
(3060, 'Tambov', 181),
(3061, 'Tatarstan', 181),
(3062, 'Tjumen', 181),
(3063, 'Tomsk', 181),
(3064, 'Tula', 181),
(3065, 'Tver', 181),
(3066, 'Tyva', 181),
(3067, 'Udmurtija', 181),
(3068, 'Uljanovsk', 181),
(3069, 'Ulyanovskaya Oblast', 181),
(3070, 'Ust-Orda', 181),
(3071, 'Vladimir', 181),
(3072, 'Volgograd', 181),
(3073, 'Vologda', 181),
(3074, 'Voronezh', 181),
(3075, 'Butare', 182),
(3076, 'Byumba', 182),
(3077, 'Cyangugu', 182),
(3078, 'Gikongoro', 182),
(3079, 'Gisenyi', 182),
(3080, 'Gitarama', 182),
(3081, 'Kibungo', 182),
(3082, 'Kibuye', 182),
(3083, 'Kigali-ngali', 182),
(3084, 'Ruhengeri', 182),
(3085, 'Ascension', 183),
(3086, 'Gough Island', 183),
(3087, 'Saint Helena', 183),
(3088, 'Tristan da Cunha', 183),
(3089, 'Christ Church Nichola Town', 184),
(3090, 'Saint Anne Sandy Point', 184),
(3091, 'Saint George Basseterre', 184),
(3092, 'Saint George Gingerland', 184),
(3093, 'Saint James Windward', 184),
(3094, 'Saint John Capesterre', 184),
(3095, 'Saint John Figtree', 184),
(3096, 'Saint Mary Cayon', 184),
(3097, 'Saint Paul Capesterre', 184),
(3098, 'Saint Paul Charlestown', 184),
(3099, 'Saint Peter Basseterre', 184),
(3100, 'Saint Thomas Lowland', 184),
(3101, 'Saint Thomas Middle Island', 184),
(3102, 'Trinity Palmetto Point', 184),
(3103, 'Anse-la-Raye', 185),
(3104, 'Canaries', 185),
(3105, 'Castries', 185),
(3106, 'Choiseul', 185),
(3107, 'Dennery', 185),
(3108, 'Gros Inlet', 185),
(3109, 'Laborie', 185),
(3110, 'Micoud', 185),
(3111, 'Soufriere', 185),
(3112, 'Vieux Fort', 185),
(3113, 'Miquelon-Langlade', 186),
(3114, 'Saint-Pierre', 186),
(3115, 'Charlotte', 187),
(3116, 'Grenadines', 187),
(3117, 'Saint Andrew', 187),
(3118, 'Saint David', 187),
(3119, 'Saint George', 187),
(3120, 'Saint Patrick', 187),
(3121, 'A\'ana', 188),
(3122, 'Aiga-i-le-Tai', 188),
(3123, 'Atua', 188),
(3124, 'Fa\'asaleleaga', 188),
(3125, 'Gaga\'emauga', 188),
(3126, 'Gagaifomauga', 188),
(3127, 'Palauli', 188),
(3128, 'Satupa\'itea', 188),
(3129, 'Tuamasaga', 188),
(3130, 'Va\'a-o-Fonoti', 188),
(3131, 'Vaisigano', 188),
(3132, 'Acquaviva', 189),
(3133, 'Borgo Maggiore', 189),
(3134, 'Chiesanuova', 189),
(3135, 'Domagnano', 189),
(3136, 'Faetano', 189),
(3137, 'Fiorentino', 189),
(3138, 'Montegiardino', 189),
(3139, 'San Marino', 189),
(3140, 'Serravalle', 189),
(3141, 'Agua Grande', 190),
(3142, 'Cantagalo', 190),
(3143, 'Lemba', 190),
(3144, 'Lobata', 190),
(3145, 'Me-Zochi', 190),
(3146, 'Pague', 190),
(3147, 'Al Khobar', 191),
(3148, 'Aseer', 191),
(3149, 'Ash Sharqiyah', 191),
(3150, 'Asir', 191),
(3151, 'Central Province', 191),
(3152, 'Eastern Province', 191),
(3153, 'Ha\'il', 191),
(3154, 'Jawf', 191),
(3155, 'Jizan', 191),
(3156, 'Makkah', 191),
(3157, 'Najran', 191),
(3158, 'Qasim', 191),
(3159, 'Tabuk', 191),
(3160, 'Western Province', 191),
(3161, 'al-Bahah', 191),
(3162, 'al-Hudud-ash-Shamaliyah', 191),
(3163, 'al-Madinah', 191),
(3164, 'ar-Riyad', 191),
(3165, 'Dakar', 192),
(3166, 'Diourbel', 192),
(3167, 'Fatick', 192),
(3168, 'Kaolack', 192),
(3169, 'Kolda', 192),
(3170, 'Louga', 192),
(3171, 'Saint-Louis', 192),
(3172, 'Tambacounda', 192),
(3173, 'Thies', 192),
(3174, 'Ziguinchor', 192),
(3175, 'Central Serbia', 193),
(3176, 'Kosovo and Metohija', 193),
(3177, 'Vojvodina', 193),
(3178, 'Anse Boileau', 194),
(3179, 'Anse Royale', 194),
(3180, 'Cascade', 194),
(3181, 'Takamaka', 194),
(3182, 'Victoria', 194),
(3183, 'Eastern', 195),
(3184, 'Northern', 195),
(3185, 'Southern', 195),
(3186, 'Western', 195),
(3187, 'Singapore', 196),
(3188, 'Banskobystricky', 197),
(3189, 'Bratislavsky', 197),
(3190, 'Kosicky', 197),
(3191, 'Nitriansky', 197),
(3192, 'Presovsky', 197),
(3193, 'Trenciansky', 197),
(3194, 'Trnavsky', 197),
(3195, 'Zilinsky', 197),
(3196, 'Benedikt', 198),
(3197, 'Gorenjska', 198),
(3198, 'Gorishka', 198),
(3199, 'Jugovzhodna Slovenija', 198),
(3200, 'Koroshka', 198),
(3201, 'Notranjsko-krashka', 198),
(3202, 'Obalno-krashka', 198),
(3203, 'Obcina Domzale', 198),
(3204, 'Obcina Vitanje', 198),
(3205, 'Osrednjeslovenska', 198),
(3206, 'Podravska', 198),
(3207, 'Pomurska', 198),
(3208, 'Savinjska', 198),
(3209, 'Slovenian Littoral', 198),
(3210, 'Spodnjeposavska', 198),
(3211, 'Zasavska', 198),
(3212, 'Pitcairn', 199),
(3213, 'Central', 200),
(3214, 'Choiseul', 200),
(3215, 'Guadalcanal', 200),
(3216, 'Isabel', 200),
(3217, 'Makira and Ulawa', 200),
(3218, 'Malaita', 200),
(3219, 'Rennell and Bellona', 200),
(3220, 'Temotu', 200),
(3221, 'Western', 200),
(3222, 'Awdal', 201),
(3223, 'Bakol', 201),
(3224, 'Banadir', 201),
(3225, 'Bari', 201),
(3226, 'Bay', 201),
(3227, 'Galgudug', 201),
(3228, 'Gedo', 201),
(3229, 'Hiran', 201),
(3230, 'Jubbada Hose', 201),
(3231, 'Jubbadha Dexe', 201),
(3232, 'Mudug', 201),
(3233, 'Nugal', 201),
(3234, 'Sanag', 201),
(3235, 'Shabellaha Dhexe', 201),
(3236, 'Shabellaha Hose', 201),
(3237, 'Togdher', 201),
(3238, 'Woqoyi Galbed', 201),
(3239, 'Eastern Cape', 202),
(3240, 'Free State', 202),
(3241, 'Gauteng', 202),
(3242, 'Kempton Park', 202),
(3243, 'Kramerville', 202),
(3244, 'KwaZulu Natal', 202),
(3245, 'Limpopo', 202),
(3246, 'Mpumalanga', 202),
(3247, 'North West', 202),
(3248, 'Northern Cape', 202),
(3249, 'Parow', 202),
(3250, 'Table View', 202),
(3251, 'Umtentweni', 202),
(3252, 'Western Cape', 202),
(3253, 'South Georgia', 203),
(3254, 'Central Equatoria', 204),
(3255, 'A Coruna', 205),
(3256, 'Alacant', 205),
(3257, 'Alava', 205),
(3258, 'Albacete', 205),
(3259, 'Almeria', 205),
(3260, 'Andalucia', 205),
(3261, 'Asturias', 205),
(3262, 'Avila', 205),
(3263, 'Badajoz', 205),
(3264, 'Balears', 205),
(3265, 'Barcelona', 205),
(3266, 'Bertamirans', 205),
(3267, 'Biscay', 205),
(3268, 'Burgos', 205),
(3269, 'Caceres', 205),
(3270, 'Cadiz', 205),
(3271, 'Cantabria', 205),
(3272, 'Castello', 205),
(3273, 'Catalunya', 205),
(3274, 'Ceuta', 205),
(3275, 'Ciudad Real', 205),
(3276, 'Comunidad Autonoma de Canarias', 205),
(3277, 'Comunidad Autonoma de Cataluna', 205),
(3278, 'Comunidad Autonoma de Galicia', 205),
(3279, 'Comunidad Autonoma de las Isla', 205),
(3280, 'Comunidad Autonoma del Princip', 205),
(3281, 'Comunidad Valenciana', 205),
(3282, 'Cordoba', 205),
(3283, 'Cuenca', 205),
(3284, 'Gipuzkoa', 205),
(3285, 'Girona', 205),
(3286, 'Granada', 205),
(3287, 'Guadalajara', 205),
(3288, 'Guipuzcoa', 205),
(3289, 'Huelva', 205),
(3290, 'Huesca', 205),
(3291, 'Jaen', 205),
(3292, 'La Rioja', 205),
(3293, 'Las Palmas', 205),
(3294, 'Leon', 205),
(3295, 'Lerida', 205),
(3296, 'Lleida', 205),
(3297, 'Lugo', 205),
(3298, 'Madrid', 205),
(3299, 'Malaga', 205),
(3300, 'Melilla', 205),
(3301, 'Murcia', 205),
(3302, 'Navarra', 205),
(3303, 'Ourense', 205),
(3304, 'Pais Vasco', 205),
(3305, 'Palencia', 205),
(3306, 'Pontevedra', 205),
(3307, 'Salamanca', 205),
(3308, 'Santa Cruz de Tenerife', 205),
(3309, 'Segovia', 205),
(3310, 'Sevilla', 205),
(3311, 'Soria', 205),
(3312, 'Tarragona', 205),
(3313, 'Tenerife', 205),
(3314, 'Teruel', 205),
(3315, 'Toledo', 205),
(3316, 'Valencia', 205),
(3317, 'Valladolid', 205),
(3318, 'Vizcaya', 205),
(3319, 'Zamora', 205),
(3320, 'Zaragoza', 205),
(3321, 'Amparai', 206),
(3322, 'Anuradhapuraya', 206),
(3323, 'Badulla', 206),
(3324, 'Boralesgamuwa', 206),
(3325, 'Colombo', 206),
(3326, 'Galla', 206),
(3327, 'Gampaha', 206),
(3328, 'Hambantota', 206),
(3329, 'Kalatura', 206),
(3330, 'Kegalla', 206),
(3331, 'Kilinochchi', 206),
(3332, 'Kurunegala', 206),
(3333, 'Madakalpuwa', 206),
(3334, 'Maha Nuwara', 206),
(3335, 'Malwana', 206),
(3336, 'Mannarama', 206),
(3337, 'Matale', 206),
(3338, 'Matara', 206),
(3339, 'Monaragala', 206),
(3340, 'Mullaitivu', 206),
(3341, 'North Eastern Province', 206),
(3342, 'North Western Province', 206),
(3343, 'Nuwara Eliya', 206),
(3344, 'Polonnaruwa', 206),
(3345, 'Puttalama', 206),
(3346, 'Ratnapuraya', 206),
(3347, 'Southern Province', 206),
(3348, 'Tirikunamalaya', 206),
(3349, 'Tuscany', 206),
(3350, 'Vavuniyawa', 206),
(3351, 'Western Province', 206),
(3352, 'Yapanaya', 206),
(3353, 'kadawatha', 206),
(3354, 'A\'ali-an-Nil', 207),
(3355, 'Bahr-al-Jabal', 207),
(3356, 'Central Equatoria', 207),
(3357, 'Gharb Bahr-al-Ghazal', 207),
(3358, 'Gharb Darfur', 207),
(3359, 'Gharb Kurdufan', 207),
(3360, 'Gharb-al-Istiwa\'iyah', 207),
(3361, 'Janub Darfur', 207),
(3362, 'Janub Kurdufan', 207),
(3363, 'Junqali', 207),
(3364, 'Kassala', 207),
(3365, 'Nahr-an-Nil', 207),
(3366, 'Shamal Bahr-al-Ghazal', 207),
(3367, 'Shamal Darfur', 207),
(3368, 'Shamal Kurdufan', 207),
(3369, 'Sharq-al-Istiwa\'iyah', 207),
(3370, 'Sinnar', 207),
(3371, 'Warab', 207),
(3372, 'Wilayat al Khartum', 207),
(3373, 'al-Bahr-al-Ahmar', 207),
(3374, 'al-Buhayrat', 207),
(3375, 'al-Jazirah', 207),
(3376, 'al-Khartum', 207),
(3377, 'al-Qadarif', 207),
(3378, 'al-Wahdah', 207),
(3379, 'an-Nil-al-Abyad', 207),
(3380, 'an-Nil-al-Azraq', 207),
(3381, 'ash-Shamaliyah', 207),
(3382, 'Brokopondo', 208),
(3383, 'Commewijne', 208),
(3384, 'Coronie', 208),
(3385, 'Marowijne', 208),
(3386, 'Nickerie', 208),
(3387, 'Para', 208),
(3388, 'Paramaribo', 208),
(3389, 'Saramacca', 208),
(3390, 'Wanica', 208),
(3391, 'Svalbard', 209),
(3392, 'Hhohho', 210),
(3393, 'Lubombo', 210),
(3394, 'Manzini', 210),
(3395, 'Shiselweni', 210),
(3396, 'Alvsborgs Lan', 211),
(3397, 'Angermanland', 211),
(3398, 'Blekinge', 211),
(3399, 'Bohuslan', 211),
(3400, 'Dalarna', 211),
(3401, 'Gavleborg', 211),
(3402, 'Gaza', 211),
(3403, 'Gotland', 211),
(3404, 'Halland', 211),
(3405, 'Jamtland', 211),
(3406, 'Jonkoping', 211),
(3407, 'Kalmar', 211),
(3408, 'Kristianstads', 211),
(3409, 'Kronoberg', 211),
(3410, 'Norrbotten', 211),
(3411, 'Orebro', 211),
(3412, 'Ostergotland', 211),
(3413, 'Saltsjo-Boo', 211),
(3414, 'Skane', 211),
(3415, 'Smaland', 211),
(3416, 'Sodermanland', 211),
(3417, 'Stockholm', 211),
(3418, 'Uppsala', 211),
(3419, 'Varmland', 211),
(3420, 'Vasterbotten', 211),
(3421, 'Vastergotland', 211),
(3422, 'Vasternorrland', 211),
(3423, 'Vastmanland', 211),
(3424, 'Vastra Gotaland', 211),
(3425, 'Aargau', 212),
(3426, 'Appenzell Inner-Rhoden', 212),
(3427, 'Appenzell-Ausser Rhoden', 212),
(3428, 'Basel-Landschaft', 212),
(3429, 'Basel-Stadt', 212),
(3430, 'Bern', 212),
(3431, 'Canton Ticino', 212),
(3432, 'Fribourg', 212),
(3433, 'Geneve', 212),
(3434, 'Glarus', 212),
(3435, 'Graubunden', 212),
(3436, 'Heerbrugg', 212),
(3437, 'Jura', 212),
(3438, 'Kanton Aargau', 212),
(3439, 'Luzern', 212),
(3440, 'Morbio Inferiore', 212),
(3441, 'Muhen', 212),
(3442, 'Neuchatel', 212),
(3443, 'Nidwalden', 212),
(3444, 'Obwalden', 212),
(3445, 'Sankt Gallen', 212),
(3446, 'Schaffhausen', 212),
(3447, 'Schwyz', 212),
(3448, 'Solothurn', 212),
(3449, 'Thurgau', 212),
(3450, 'Ticino', 212),
(3451, 'Uri', 212),
(3452, 'Valais', 212),
(3453, 'Vaud', 212),
(3454, 'Vauffelin', 212),
(3455, 'Zug', 212),
(3456, 'Zurich', 212),
(3457, 'Aleppo', 213),
(3458, 'Dar\'a', 213),
(3459, 'Dayr-az-Zawr', 213),
(3460, 'Dimashq', 213),
(3461, 'Halab', 213),
(3462, 'Hamah', 213),
(3463, 'Hims', 213),
(3464, 'Idlib', 213),
(3465, 'Madinat Dimashq', 213),
(3466, 'Tartus', 213),
(3467, 'al-Hasakah', 213),
(3468, 'al-Ladhiqiyah', 213),
(3469, 'al-Qunaytirah', 213),
(3470, 'ar-Raqqah', 213),
(3471, 'as-Suwayda', 213),
(3472, 'Changhwa', 214),
(3473, 'Chiayi Hsien', 214),
(3474, 'Chiayi Shih', 214),
(3475, 'Eastern Taipei', 214),
(3476, 'Hsinchu Hsien', 214),
(3477, 'Hsinchu Shih', 214),
(3478, 'Hualien', 214),
(3479, 'Ilan', 214),
(3480, 'Kaohsiung Hsien', 214),
(3481, 'Kaohsiung Shih', 214),
(3482, 'Keelung Shih', 214),
(3483, 'Kinmen', 214),
(3484, 'Miaoli', 214),
(3485, 'Nantou', 214),
(3486, 'Northern Taiwan', 214),
(3487, 'Penghu', 214),
(3488, 'Pingtung', 214),
(3489, 'Taichung', 214),
(3490, 'Taichung Hsien', 214),
(3491, 'Taichung Shih', 214),
(3492, 'Tainan Hsien', 214),
(3493, 'Tainan Shih', 214),
(3494, 'Taipei Hsien', 214),
(3495, 'Taipei Shih / Taipei Hsien', 214),
(3496, 'Taitung', 214),
(3497, 'Taoyuan', 214),
(3498, 'Yilan', 214),
(3499, 'Yun-Lin Hsien', 214),
(3500, 'Yunlin', 214),
(3501, 'Dushanbe', 215),
(3502, 'Gorno-Badakhshan', 215),
(3503, 'Karotegin', 215),
(3504, 'Khatlon', 215),
(3505, 'Sughd', 215),
(3506, 'Arusha', 216),
(3507, 'Dar es Salaam', 216),
(3508, 'Dodoma', 216),
(3509, 'Iringa', 216),
(3510, 'Kagera', 216),
(3511, 'Kigoma', 216),
(3512, 'Kilimanjaro', 216),
(3513, 'Lindi', 216),
(3514, 'Mara', 216),
(3515, 'Mbeya', 216),
(3516, 'Morogoro', 216),
(3517, 'Mtwara', 216),
(3518, 'Mwanza', 216),
(3519, 'Pwani', 216),
(3520, 'Rukwa', 216),
(3521, 'Ruvuma', 216),
(3522, 'Shinyanga', 216),
(3523, 'Singida', 216),
(3524, 'Tabora', 216),
(3525, 'Tanga', 216),
(3526, 'Zanzibar and Pemba', 216),
(3527, 'Amnat Charoen', 217),
(3528, 'Ang Thong', 217),
(3529, 'Bangkok', 217),
(3530, 'Buri Ram', 217),
(3531, 'Chachoengsao', 217),
(3532, 'Chai Nat', 217),
(3533, 'Chaiyaphum', 217),
(3534, 'Changwat Chaiyaphum', 217),
(3535, 'Chanthaburi', 217),
(3536, 'Chiang Mai', 217),
(3537, 'Chiang Rai', 217),
(3538, 'Chon Buri', 217),
(3539, 'Chumphon', 217),
(3540, 'Kalasin', 217),
(3541, 'Kamphaeng Phet', 217),
(3542, 'Kanchanaburi', 217),
(3543, 'Khon Kaen', 217),
(3544, 'Krabi', 217),
(3545, 'Krung Thep', 217),
(3546, 'Lampang', 217),
(3547, 'Lamphun', 217),
(3548, 'Loei', 217),
(3549, 'Lop Buri', 217),
(3550, 'Mae Hong Son', 217),
(3551, 'Maha Sarakham', 217),
(3552, 'Mukdahan', 217),
(3553, 'Nakhon Nayok', 217),
(3554, 'Nakhon Pathom', 217),
(3555, 'Nakhon Phanom', 217),
(3556, 'Nakhon Ratchasima', 217),
(3557, 'Nakhon Sawan', 217),
(3558, 'Nakhon Si Thammarat', 217),
(3559, 'Nan', 217),
(3560, 'Narathiwat', 217),
(3561, 'Nong Bua Lam Phu', 217),
(3562, 'Nong Khai', 217),
(3563, 'Nonthaburi', 217),
(3564, 'Pathum Thani', 217),
(3565, 'Pattani', 217),
(3566, 'Phangnga', 217),
(3567, 'Phatthalung', 217),
(3568, 'Phayao', 217),
(3569, 'Phetchabun', 217),
(3570, 'Phetchaburi', 217),
(3571, 'Phichit', 217),
(3572, 'Phitsanulok', 217),
(3573, 'Phra Nakhon Si Ayutthaya', 217),
(3574, 'Phrae', 217),
(3575, 'Phuket', 217),
(3576, 'Prachin Buri', 217),
(3577, 'Prachuap Khiri Khan', 217),
(3578, 'Ranong', 217),
(3579, 'Ratchaburi', 217),
(3580, 'Rayong', 217),
(3581, 'Roi Et', 217),
(3582, 'Sa Kaeo', 217),
(3583, 'Sakon Nakhon', 217),
(3584, 'Samut Prakan', 217),
(3585, 'Samut Sakhon', 217),
(3586, 'Samut Songkhran', 217),
(3587, 'Saraburi', 217),
(3588, 'Satun', 217),
(3589, 'Si Sa Ket', 217),
(3590, 'Sing Buri', 217),
(3591, 'Songkhla', 217),
(3592, 'Sukhothai', 217),
(3593, 'Suphan Buri', 217),
(3594, 'Surat Thani', 217),
(3595, 'Surin', 217),
(3596, 'Tak', 217),
(3597, 'Trang', 217),
(3598, 'Trat', 217),
(3599, 'Ubon Ratchathani', 217),
(3600, 'Udon Thani', 217),
(3601, 'Uthai Thani', 217),
(3602, 'Uttaradit', 217),
(3603, 'Yala', 217),
(3604, 'Yasothon', 217),
(3605, 'Centre', 218),
(3606, 'Kara', 218),
(3607, 'Maritime', 218),
(3608, 'Plateaux', 218),
(3609, 'Savanes', 218),
(3610, 'Atafu', 219),
(3611, 'Fakaofo', 219),
(3612, 'Nukunonu', 219),
(3613, 'Eua', 220),
(3614, 'Ha\'apai', 220),
(3615, 'Niuas', 220),
(3616, 'Tongatapu', 220),
(3617, 'Vava\'u', 220),
(3618, 'Arima-Tunapuna-Piarco', 221),
(3619, 'Caroni', 221),
(3620, 'Chaguanas', 221),
(3621, 'Couva-Tabaquite-Talparo', 221),
(3622, 'Diego Martin', 221),
(3623, 'Glencoe', 221),
(3624, 'Penal Debe', 221),
(3625, 'Point Fortin', 221),
(3626, 'Port of Spain', 221),
(3627, 'Princes Town', 221),
(3628, 'Saint George', 221),
(3629, 'San Fernando', 221),
(3630, 'San Juan', 221),
(3631, 'Sangre Grande', 221),
(3632, 'Siparia', 221),
(3633, 'Tobago', 221),
(3634, 'Aryanah', 222),
(3635, 'Bajah', 222),
(3636, 'Bin \'Arus', 222),
(3637, 'Binzart', 222),
(3638, 'Gouvernorat de Ariana', 222),
(3639, 'Gouvernorat de Nabeul', 222),
(3640, 'Gouvernorat de Sousse', 222),
(3641, 'Hammamet Yasmine', 222),
(3642, 'Jundubah', 222),
(3643, 'Madaniyin', 222),
(3644, 'Manubah', 222),
(3645, 'Monastir', 222),
(3646, 'Nabul', 222),
(3647, 'Qabis', 222),
(3648, 'Qafsah', 222),
(3649, 'Qibili', 222),
(3650, 'Safaqis', 222),
(3651, 'Sfax', 222),
(3652, 'Sidi Bu Zayd', 222),
(3653, 'Silyanah', 222),
(3654, 'Susah', 222),
(3655, 'Tatawin', 222),
(3656, 'Tawzar', 222),
(3657, 'Tunis', 222),
(3658, 'Zaghwan', 222),
(3659, 'al-Kaf', 222),
(3660, 'al-Mahdiyah', 222),
(3661, 'al-Munastir', 222),
(3662, 'al-Qasrayn', 222),
(3663, 'al-Qayrawan', 222),
(3664, 'Adana', 223),
(3665, 'Adiyaman', 223),
(3666, 'Afyon', 223),
(3667, 'Agri', 223),
(3668, 'Aksaray', 223),
(3669, 'Amasya', 223),
(3670, 'Ankara', 223),
(3671, 'Antalya', 223),
(3672, 'Ardahan', 223),
(3673, 'Artvin', 223),
(3674, 'Aydin', 223),
(3675, 'Balikesir', 223),
(3676, 'Bartin', 223),
(3677, 'Batman', 223),
(3678, 'Bayburt', 223),
(3679, 'Bilecik', 223),
(3680, 'Bingol', 223),
(3681, 'Bitlis', 223),
(3682, 'Bolu', 223),
(3683, 'Burdur', 223),
(3684, 'Bursa', 223),
(3685, 'Canakkale', 223),
(3686, 'Cankiri', 223),
(3687, 'Corum', 223),
(3688, 'Denizli', 223),
(3689, 'Diyarbakir', 223),
(3690, 'Duzce', 223),
(3691, 'Edirne', 223),
(3692, 'Elazig', 223),
(3693, 'Erzincan', 223),
(3694, 'Erzurum', 223),
(3695, 'Eskisehir', 223),
(3696, 'Gaziantep', 223),
(3697, 'Giresun', 223),
(3698, 'Gumushane', 223),
(3699, 'Hakkari', 223),
(3700, 'Hatay', 223),
(3701, 'Icel', 223),
(3702, 'Igdir', 223),
(3703, 'Isparta', 223),
(3704, 'Istanbul', 223),
(3705, 'Izmir', 223),
(3706, 'Kahramanmaras', 223),
(3707, 'Karabuk', 223),
(3708, 'Karaman', 223),
(3709, 'Kars', 223),
(3710, 'Karsiyaka', 223),
(3711, 'Kastamonu', 223),
(3712, 'Kayseri', 223),
(3713, 'Kilis', 223),
(3714, 'Kirikkale', 223),
(3715, 'Kirklareli', 223),
(3716, 'Kirsehir', 223),
(3717, 'Kocaeli', 223),
(3718, 'Konya', 223),
(3719, 'Kutahya', 223),
(3720, 'Lefkosa', 223),
(3721, 'Malatya', 223),
(3722, 'Manisa', 223),
(3723, 'Mardin', 223),
(3724, 'Mugla', 223),
(3725, 'Mus', 223),
(3726, 'Nevsehir', 223),
(3727, 'Nigde', 223),
(3728, 'Ordu', 223),
(3729, 'Osmaniye', 223),
(3730, 'Rize', 223),
(3731, 'Sakarya', 223),
(3732, 'Samsun', 223),
(3733, 'Sanliurfa', 223),
(3734, 'Siirt', 223),
(3735, 'Sinop', 223),
(3736, 'Sirnak', 223),
(3737, 'Sivas', 223),
(3738, 'Tekirdag', 223),
(3739, 'Tokat', 223),
(3740, 'Trabzon', 223),
(3741, 'Tunceli', 223),
(3742, 'Usak', 223),
(3743, 'Van', 223),
(3744, 'Yalova', 223),
(3745, 'Yozgat', 223),
(3746, 'Zonguldak', 223),
(3747, 'Ahal', 224),
(3748, 'Asgabat', 224),
(3749, 'Balkan', 224),
(3750, 'Dasoguz', 224),
(3751, 'Lebap', 224),
(3752, 'Mari', 224),
(3753, 'Grand Turk', 225),
(3754, 'South Caicos and East Caicos', 225),
(3755, 'Funafuti', 226),
(3756, 'Nanumanga', 226),
(3757, 'Nanumea', 226),
(3758, 'Niutao', 226),
(3759, 'Nui', 226),
(3760, 'Nukufetau', 226),
(3761, 'Nukulaelae', 226),
(3762, 'Vaitupu', 226),
(3763, 'Central', 227),
(3764, 'Eastern', 227),
(3765, 'Northern', 227),
(3766, 'Western', 227),
(3767, 'Cherkas\'ka', 228),
(3768, 'Chernihivs\'ka', 228),
(3769, 'Chernivets\'ka', 228),
(3770, 'Crimea', 228),
(3771, 'Dnipropetrovska', 228),
(3772, 'Donets\'ka', 228),
(3773, 'Ivano-Frankivs\'ka', 228),
(3774, 'Kharkiv', 228),
(3775, 'Kharkov', 228),
(3776, 'Khersonska', 228),
(3777, 'Khmel\'nyts\'ka', 228),
(3778, 'Kirovohrad', 228),
(3779, 'Krym', 228),
(3780, 'Kyyiv', 228),
(3781, 'Kyyivs\'ka', 228),
(3782, 'L\'vivs\'ka', 228),
(3783, 'Luhans\'ka', 228),
(3784, 'Mykolayivs\'ka', 228),
(3785, 'Odes\'ka', 228),
(3786, 'Odessa', 228),
(3787, 'Poltavs\'ka', 228),
(3788, 'Rivnens\'ka', 228),
(3789, 'Sevastopol\'', 228),
(3790, 'Sums\'ka', 228),
(3791, 'Ternopil\'s\'ka', 228),
(3792, 'Volyns\'ka', 228),
(3793, 'Vynnyts\'ka', 228),
(3794, 'Zakarpats\'ka', 228),
(3795, 'Zaporizhia', 228),
(3796, 'Zhytomyrs\'ka', 228),
(3797, 'Abu Zabi', 229),
(3798, 'Ajman', 229),
(3799, 'Dubai', 229),
(3800, 'Ras al-Khaymah', 229),
(3801, 'Sharjah', 229),
(3802, 'Sharjha', 229),
(3803, 'Umm al Qaywayn', 229),
(3804, 'al-Fujayrah', 229),
(3805, 'ash-Shariqah', 229),
(3806, 'Aberdeen', 230),
(3807, 'Aberdeenshire', 230),
(3808, 'Argyll', 230),
(3809, 'Armagh', 230),
(3810, 'Bedfordshire', 230),
(3811, 'Belfast', 230),
(3812, 'Berkshire', 230),
(3813, 'Birmingham', 230),
(3814, 'Brechin', 230),
(3815, 'Bridgnorth', 230),
(3816, 'Bristol', 230),
(3817, 'Buckinghamshire', 230),
(3818, 'Cambridge', 230),
(3819, 'Cambridgeshire', 230),
(3820, 'Channel Islands', 230),
(3821, 'Cheshire', 230),
(3822, 'Cleveland', 230),
(3823, 'Co Fermanagh', 230),
(3824, 'Conwy', 230),
(3825, 'Cornwall', 230),
(3826, 'Coventry', 230),
(3827, 'Craven Arms', 230),
(3828, 'Cumbria', 230),
(3829, 'Denbighshire', 230),
(3830, 'Derby', 230),
(3831, 'Derbyshire', 230),
(3832, 'Devon', 230),
(3833, 'Dial Code Dungannon', 230),
(3834, 'Didcot', 230),
(3835, 'Dorset', 230),
(3836, 'Dunbartonshire', 230),
(3837, 'Durham', 230),
(3838, 'East Dunbartonshire', 230),
(3839, 'East Lothian', 230),
(3840, 'East Midlands', 230),
(3841, 'East Sussex', 230),
(3842, 'East Yorkshire', 230),
(3843, 'England', 230),
(3844, 'Essex', 230),
(3845, 'Fermanagh', 230),
(3846, 'Fife', 230),
(3847, 'Flintshire', 230),
(3848, 'Fulham', 230),
(3849, 'Gainsborough', 230),
(3850, 'Glocestershire', 230),
(3851, 'Gwent', 230),
(3852, 'Hampshire', 230),
(3853, 'Hants', 230),
(3854, 'Herefordshire', 230),
(3855, 'Hertfordshire', 230),
(3856, 'Ireland', 230),
(3857, 'Isle Of Man', 230),
(3858, 'Isle of Wight', 230),
(3859, 'Kenford', 230),
(3860, 'Kent', 230),
(3861, 'Kilmarnock', 230),
(3862, 'Lanarkshire', 230),
(3863, 'Lancashire', 230),
(3864, 'Leicestershire', 230),
(3865, 'Lincolnshire', 230),
(3866, 'Llanymynech', 230),
(3867, 'London', 230),
(3868, 'Ludlow', 230),
(3869, 'Manchester', 230),
(3870, 'Mayfair', 230),
(3871, 'Merseyside', 230),
(3872, 'Mid Glamorgan', 230),
(3873, 'Middlesex', 230),
(3874, 'Mildenhall', 230),
(3875, 'Monmouthshire', 230),
(3876, 'Newton Stewart', 230),
(3877, 'Norfolk', 230),
(3878, 'North Humberside', 230),
(3879, 'North Yorkshire', 230),
(3880, 'Northamptonshire', 230),
(3881, 'Northants', 230),
(3882, 'Northern Ireland', 230),
(3883, 'Northumberland', 230),
(3884, 'Nottinghamshire', 230),
(3885, 'Oxford', 230),
(3886, 'Powys', 230),
(3887, 'Roos-shire', 230),
(3888, 'SUSSEX', 230),
(3889, 'Sark', 230),
(3890, 'Scotland', 230),
(3891, 'Scottish Borders', 230),
(3892, 'Shropshire', 230),
(3893, 'Somerset', 230),
(3894, 'South Glamorgan', 230),
(3895, 'South Wales', 230),
(3896, 'South Yorkshire', 230),
(3897, 'Southwell', 230),
(3898, 'Staffordshire', 230),
(3899, 'Strabane', 230),
(3900, 'Suffolk', 230),
(3901, 'Surrey', 230),
(3902, 'Sussex', 230),
(3903, 'Twickenham', 230),
(3904, 'Tyne and Wear', 230),
(3905, 'Tyrone', 230),
(3906, 'Utah', 230),
(3907, 'Wales', 230),
(3908, 'Warwickshire', 230),
(3909, 'West Lothian', 230),
(3910, 'West Midlands', 230),
(3911, 'West Sussex', 230),
(3912, 'West Yorkshire', 230),
(3913, 'Whissendine', 230),
(3914, 'Wiltshire', 230),
(3915, 'Wokingham', 230),
(3916, 'Worcestershire', 230),
(3917, 'Wrexham', 230),
(3918, 'Wurttemberg', 230),
(3919, 'Yorkshire', 230),
(3920, 'Alabama', 231),
(3921, 'Alaska', 231),
(3922, 'Arizona', 231),
(3923, 'Arkansas', 231),
(3924, 'Byram', 231),
(3925, 'California', 231),
(3926, 'Cokato', 231),
(3927, 'Colorado', 231),
(3928, 'Connecticut', 231),
(3929, 'Delaware', 231),
(3930, 'District of Columbia', 231),
(3931, 'Florida', 231),
(3932, 'Georgia', 231),
(3933, 'Hawaii', 231),
(3934, 'Idaho', 231),
(3935, 'Illinois', 231),
(3936, 'Indiana', 231),
(3937, 'Iowa', 231),
(3938, 'Kansas', 231),
(3939, 'Kentucky', 231),
(3940, 'Louisiana', 231),
(3941, 'Lowa', 231),
(3942, 'Maine', 231),
(3943, 'Maryland', 231),
(3944, 'Massachusetts', 231),
(3945, 'Medfield', 231),
(3946, 'Michigan', 231),
(3947, 'Minnesota', 231),
(3948, 'Mississippi', 231),
(3949, 'Missouri', 231),
(3950, 'Montana', 231),
(3951, 'Nebraska', 231),
(3952, 'Nevada', 231),
(3953, 'New Hampshire', 231),
(3954, 'New Jersey', 231),
(3955, 'New Jersy', 231),
(3956, 'New Mexico', 231),
(3957, 'New York', 231),
(3958, 'North Carolina', 231),
(3959, 'North Dakota', 231),
(3960, 'Ohio', 231),
(3961, 'Oklahoma', 231),
(3962, 'Ontario', 231),
(3963, 'Oregon', 231),
(3964, 'Pennsylvania', 231),
(3965, 'Ramey', 231),
(3966, 'Rhode Island', 231),
(3967, 'South Carolina', 231),
(3968, 'South Dakota', 231),
(3969, 'Sublimity', 231),
(3970, 'Tennessee', 231),
(3971, 'Texas', 231),
(3972, 'Trimble', 231),
(3973, 'Utah', 231),
(3974, 'Vermont', 231),
(3975, 'Virginia', 231),
(3976, 'Washington', 231),
(3977, 'West Virginia', 231),
(3978, 'Wisconsin', 231),
(3979, 'Wyoming', 231),
(3980, 'United States Minor Outlying I', 232),
(3981, 'Artigas', 233),
(3982, 'Canelones', 233),
(3983, 'Cerro Largo', 233),
(3984, 'Colonia', 233),
(3985, 'Durazno', 233),
(3986, 'FLorida', 233),
(3987, 'Flores', 233),
(3988, 'Lavalleja', 233),
(3989, 'Maldonado', 233),
(3990, 'Montevideo', 233),
(3991, 'Paysandu', 233),
(3992, 'Rio Negro', 233),
(3993, 'Rivera', 233),
(3994, 'Rocha', 233),
(3995, 'Salto', 233),
(3996, 'San Jose', 233),
(3997, 'Soriano', 233),
(3998, 'Tacuarembo', 233),
(3999, 'Treinta y Tres', 233),
(4000, 'Andijon', 234),
(4001, 'Buhoro', 234),
(4002, 'Buxoro Viloyati', 234),
(4003, 'Cizah', 234),
(4004, 'Fargona', 234),
(4005, 'Horazm', 234),
(4006, 'Kaskadar', 234),
(4007, 'Korakalpogiston', 234),
(4008, 'Namangan', 234),
(4009, 'Navoi', 234),
(4010, 'Samarkand', 234),
(4011, 'Sirdare', 234),
(4012, 'Surhondar', 234),
(4013, 'Toskent', 234),
(4014, 'Malampa', 235),
(4015, 'Penama', 235),
(4016, 'Sanma', 235),
(4017, 'Shefa', 235),
(4018, 'Tafea', 235),
(4019, 'Torba', 235),
(4020, 'Vatican City State (Holy See)', 236),
(4021, 'Amazonas', 237),
(4022, 'Anzoategui', 237),
(4023, 'Apure', 237),
(4024, 'Aragua', 237),
(4025, 'Barinas', 237),
(4026, 'Bolivar', 237),
(4027, 'Carabobo', 237),
(4028, 'Cojedes', 237),
(4029, 'Delta Amacuro', 237),
(4030, 'Distrito Federal', 237),
(4031, 'Falcon', 237),
(4032, 'Guarico', 237),
(4033, 'Lara', 237),
(4034, 'Merida', 237),
(4035, 'Miranda', 237),
(4036, 'Monagas', 237),
(4037, 'Nueva Esparta', 237),
(4038, 'Portuguesa', 237),
(4039, 'Sucre', 237),
(4040, 'Tachira', 237),
(4041, 'Trujillo', 237),
(4042, 'Vargas', 237),
(4043, 'Yaracuy', 237),
(4044, 'Zulia', 237),
(4045, 'Bac Giang', 238),
(4046, 'Binh Dinh', 238),
(4047, 'Binh Duong', 238),
(4048, 'Da Nang', 238),
(4049, 'Dong Bang Song Cuu Long', 238),
(4050, 'Dong Bang Song Hong', 238),
(4051, 'Dong Nai', 238),
(4052, 'Dong Nam Bo', 238),
(4053, 'Duyen Hai Mien Trung', 238),
(4054, 'Hanoi', 238),
(4055, 'Hung Yen', 238),
(4056, 'Khu Bon Cu', 238),
(4057, 'Long An', 238),
(4058, 'Mien Nui Va Trung Du', 238),
(4059, 'Thai Nguyen', 238),
(4060, 'Thanh Pho Ho Chi Minh', 238),
(4061, 'Thu Do Ha Noi', 238),
(4062, 'Tinh Can Tho', 238),
(4063, 'Tinh Da Nang', 238),
(4064, 'Tinh Gia Lai', 238),
(4065, 'Anegada', 239),
(4066, 'Jost van Dyke', 239),
(4067, 'Tortola', 239),
(4068, 'Saint Croix', 240),
(4069, 'Saint John', 240),
(4070, 'Saint Thomas', 240),
(4071, 'Alo', 241),
(4072, 'Singave', 241),
(4073, 'Wallis', 241),
(4074, 'Bu Jaydur', 242),
(4075, 'Wad-adh-Dhahab', 242),
(4076, 'al-\'Ayun', 242),
(4077, 'as-Samarah', 242),
(4078, '\'Adan', 243),
(4079, 'Abyan', 243),
(4080, 'Dhamar', 243),
(4081, 'Hadramaut', 243),
(4082, 'Hajjah', 243),
(4083, 'Hudaydah', 243),
(4084, 'Ibb', 243),
(4085, 'Lahij', 243),
(4086, 'Ma\'rib', 243),
(4087, 'Madinat San\'a', 243),
(4088, 'Sa\'dah', 243),
(4089, 'Sana', 243),
(4090, 'Shabwah', 243),
(4091, 'Ta\'izz', 243),
(4092, 'al-Bayda', 243),
(4093, 'al-Hudaydah', 243),
(4094, 'al-Jawf', 243),
(4095, 'al-Mahrah', 243),
(4096, 'al-Mahwit', 243),
(4097, 'Central Serbia', 244),
(4098, 'Kosovo and Metohija', 244),
(4099, 'Montenegro', 244),
(4100, 'Republic of Serbia', 244),
(4101, 'Serbia', 244),
(4102, 'Vojvodina', 244),
(4103, 'Central', 245),
(4104, 'Copperbelt', 245),
(4105, 'Eastern', 245),
(4106, 'Luapala', 245),
(4107, 'Lusaka', 245),
(4108, 'North-Western', 245),
(4109, 'Northern', 245),
(4110, 'Southern', 245),
(4111, 'Western', 245),
(4112, 'Bulawayo', 246),
(4113, 'Harare', 246),
(4114, 'Manicaland', 246),
(4115, 'Mashonaland Central', 246),
(4116, 'Mashonaland East', 246),
(4117, 'Mashonaland West', 246),
(4118, 'Masvingo', 246),
(4119, 'Matabeleland North', 246),
(4120, 'Matabeleland South', 246),
(4121, 'Midlands', 246);

-- --------------------------------------------------------

--
-- Table structure for table `sustainabilities`
--

CREATE TABLE `sustainabilities` (
  `id` bigint UNSIGNED NOT NULL,
  `title` varchar(191) CHARACTER SET utf8mb4 COLLATE utf8mb4_unicode_ci NOT NULL,
  `description` text CHARACTER SET utf8mb4 COLLATE utf8mb4_unicode_ci,
  `image_one` varchar(191) CHARACTER SET utf8mb4 COLLATE utf8mb4_unicode_ci DEFAULT NULL,
  `image_two` varchar(191) CHARACTER SET utf8mb4 COLLATE utf8mb4_unicode_ci DEFAULT NULL,
  `image_three` varchar(191) CHARACTER SET utf8mb4 COLLATE utf8mb4_unicode_ci DEFAULT NULL,
  `health_safety_title` varchar(191) CHARACTER SET utf8mb4 COLLATE utf8mb4_unicode_ci DEFAULT NULL,
  `health_safety_image` varchar(191) CHARACTER SET utf8mb4 COLLATE utf8mb4_unicode_ci DEFAULT NULL,
  `health_safety_description` text CHARACTER SET utf8mb4 COLLATE utf8mb4_unicode_ci,
  `pdf` text CHARACTER SET utf8mb4 COLLATE utf8mb4_unicode_ci,
  `popup_form_title` varchar(191) CHARACTER SET utf8mb4 COLLATE utf8mb4_unicode_ci DEFAULT NULL,
  `popup_form_subtitle` varchar(191) CHARACTER SET utf8mb4 COLLATE utf8mb4_unicode_ci DEFAULT NULL,
  `created_at` timestamp NULL DEFAULT NULL,
  `updated_at` timestamp NULL DEFAULT NULL
) ENGINE=InnoDB DEFAULT CHARSET=utf8mb4 COLLATE=utf8mb4_unicode_ci;

--
-- Dumping data for table `sustainabilities`
--

INSERT INTO `sustainabilities` (`id`, `title`, `description`, `image_one`, `image_two`, `image_three`, `health_safety_title`, `health_safety_image`, `health_safety_description`, `pdf`, `popup_form_title`, `popup_form_subtitle`, `created_at`, `updated_at`) VALUES
(1, 'Sustainability', '<p>Wipro Consumer Care acknowledges that today\'s societal and environmental challenges are inseparable from its business objectives. Therefore, our approach to responsible corporate citizenship embraces the triple bottom line of economic, environmental, and social benefits.</p>\r\n<p>Our operations directly and indirectly impact the environment by utilizing natural resources such as energy, water, and other inputs. As such, Wipro recognizes its duty to evaluate and minimize these ecological footprints while safeguarding the ecosystems vital to all life.</p>\r\n<p>Our policies and practices are designed not only to enhance short-term operational efficiency but also to integrate a long-term perspective of environmental and social stewardship for future generations. Central to this approach is active engagement with diverse stakeholders, whose perspectives and interests are integral to shaping our vision, policies, and operational practices.</p>', 'uploads/sustainability/86561ccd-9cb5-4d50-8e9c-145c4958db5c.jpg', 'frontend/images/spirit2.jpg', 'uploads/sustainability/6960229a-7a5d-4303-8452-b7b288aa90d3.jpg', 'Health and Safety', 'frontend/images/safety.jpg', '<p>Employee well-being forms the core component of Wipro Consumer Care and Lighting&rsquo;s success. Well-being refers to a state characterized by good health, happiness and prosperity. We, at Wipro, are committed to providing a safe and healthy work environment to all our employees and associates through a suitable management system. To accomplish the same, we perform the following on a regular basis: Assess and manage the health &amp; safety impacts &amp; eliminate unreasonable risks of our existing as well as new activity or project, design, and production. Take appropriate measures to prevent workplace injuries and ill health, and to provide employees with a safe and healthy working environment by continuously evolving industry practices and societal standards of care. Identify and comply with all the Health &amp; Safety legislations and other requirements to which we subscribe.&nbsp;</p>', 'uploads/sustainability/42baf31b-d647-4bac-a7ed-7901c4dfadf4.pdf', 'CONSULT AN ADVISOR IN YOUR CITY', 'Let Us Know What You’re Interested In, Or What You’re Looking For, And We’ll Get Back To You Shortly.', '2024-06-24 01:29:42', '2024-06-30 07:56:22');

-- --------------------------------------------------------

--
-- Table structure for table `sustainability_reports`
--

CREATE TABLE `sustainability_reports` (
  `id` bigint UNSIGNED NOT NULL,
  `first_name` varchar(191) CHARACTER SET utf8mb4 COLLATE utf8mb4_unicode_ci NOT NULL,
  `middle_name` varchar(191) CHARACTER SET utf8mb4 COLLATE utf8mb4_unicode_ci DEFAULT NULL,
  `last_name` varchar(191) CHARACTER SET utf8mb4 COLLATE utf8mb4_unicode_ci DEFAULT NULL,
  `phone_number` varchar(191) CHARACTER SET utf8mb4 COLLATE utf8mb4_unicode_ci NOT NULL,
  `email` varchar(191) CHARACTER SET utf8mb4 COLLATE utf8mb4_unicode_ci NOT NULL,
  `designation` varchar(191) CHARACTER SET utf8mb4 COLLATE utf8mb4_unicode_ci DEFAULT NULL,
  `created_at` timestamp NULL DEFAULT NULL,
  `updated_at` timestamp NULL DEFAULT NULL,
  `deleted_at` timestamp NULL DEFAULT NULL
) ENGINE=InnoDB DEFAULT CHARSET=utf8mb4 COLLATE=utf8mb4_unicode_ci;

--
-- Dumping data for table `sustainability_reports`
--

INSERT INTO `sustainability_reports` (`id`, `first_name`, `middle_name`, `last_name`, `phone_number`, `email`, `designation`, `created_at`, `updated_at`, `deleted_at`) VALUES
(1, 'ds', 'ff', 'f', '9840034445', 'shreyasi.ganguly@wipro.com', 'na', '2024-11-06 04:46:02', '2024-11-06 04:46:02', NULL),
(2, 'Rachel', 'Roshani', NULL, '09242540171', 'racheljroshani@gmail.com', 'data analyst', '2024-12-17 03:47:11', '2024-12-17 03:47:11', NULL),
(3, 'Rachel', 'Roshani', NULL, '09242540171', 'racheljroshani@gmail.com', 'data analyst', '2024-12-17 03:47:27', '2024-12-17 03:47:27', NULL),
(4, 'Rachel', 'Roshani', NULL, '09242540171', 'racheljroshani@gmail.com', 'data analyst', '2024-12-17 03:47:38', '2024-12-17 03:47:38', NULL),
(5, 'Lalit', NULL, 'Srikar', '9481202758', 'lalit.deepwoods@gmail.com', 'Sustainability Engineer', '2025-09-26 04:33:00', '2025-09-26 04:33:00', NULL),
(6, 'Varun', NULL, 'K', '37063108007', 'varungowda65757@gmail.com', 'LCA Analsyt', '2026-04-09 03:30:34', '2026-04-09 03:30:34', NULL);

-- --------------------------------------------------------

--
-- Table structure for table `use_cases`
--

CREATE TABLE `use_cases` (
  `id` bigint UNSIGNED NOT NULL,
  `title` varchar(191) CHARACTER SET utf8mb4 COLLATE utf8mb4_unicode_ci NOT NULL,
  `slug` varchar(191) CHARACTER SET utf8mb4 COLLATE utf8mb4_unicode_ci NOT NULL,
  `short_description` text CHARACTER SET utf8mb4 COLLATE utf8mb4_unicode_ci,
  `description` text CHARACTER SET utf8mb4 COLLATE utf8mb4_unicode_ci,
  `image` varchar(191) CHARACTER SET utf8mb4 COLLATE utf8mb4_unicode_ci DEFAULT NULL,
  `banner_image` varchar(191) CHARACTER SET utf8mb4 COLLATE utf8mb4_unicode_ci DEFAULT NULL,
  `mobile_banner_image` varchar(191) CHARACTER SET utf8mb4 COLLATE utf8mb4_unicode_ci DEFAULT NULL,
  `sort_order` int NOT NULL DEFAULT '0',
  `on_homepage` tinyint(1) NOT NULL DEFAULT '1',
  `status` tinyint(1) NOT NULL DEFAULT '1',
  `meta_title` varchar(191) CHARACTER SET utf8mb4 COLLATE utf8mb4_unicode_ci DEFAULT NULL,
  `meta_keywords` text CHARACTER SET utf8mb4 COLLATE utf8mb4_unicode_ci,
  `meta_description` longtext CHARACTER SET utf8mb4 COLLATE utf8mb4_unicode_ci,
  `other_meta_tags` text CHARACTER SET utf8mb4 COLLATE utf8mb4_unicode_ci,
  `created_at` timestamp NULL DEFAULT NULL,
  `updated_at` timestamp NULL DEFAULT NULL,
  `deleted_at` timestamp NULL DEFAULT NULL
) ENGINE=MyISAM DEFAULT CHARSET=utf8mb4 COLLATE=utf8mb4_unicode_ci;

--
-- Dumping data for table `use_cases`
--

INSERT INTO `use_cases` (`id`, `title`, `slug`, `short_description`, `description`, `image`, `banner_image`, `mobile_banner_image`, `sort_order`, `on_homepage`, `status`, `meta_title`, `meta_keywords`, `meta_description`, `other_meta_tags`, `created_at`, `updated_at`, `deleted_at`) VALUES
(1, 'Office Board Room Chairs', 'office-board-room-chairs', 'Chairs for boardroom combining elegance and comfort.', '<div>\r\n<div>Discover premium board-room chairs combining elegance, comfort and executive-level quality, ideal for meeting rooms and corporate board-rooms.</div>\r\n</div>', 'uploads/use-case/e45981c7-8992-485f-8b5a-81f9e9809f21.webp', 'uploads/use-case/cf2bcbe4-c457-4e41-92e7-f95699ac2f4a.jpg', 'uploads/use-case/f34682c4-4609-4242-bb0c-202356e51501.jpg', 1, 1, 1, 'Board Room Office Chairs | Wipro Seating Solutions', NULL, 'Discover premium board-room chairs combining elegance, comfort and executive-level quality, ideal for meeting rooms and corporate board-rooms.', NULL, '2024-10-11 06:10:54', '2026-03-02 03:08:25', NULL),
(2, 'Breakout Zone Seating', 'breakout-zone-seating', 'Foster collaboration and creativity in casual settings.', '<p><span data-sheets-root=\"1\">Foster collaboration and creativity with versatile breakout-zone seating for casual meeting areas and informal discussions.</span></p>', 'uploads/use-case/a8b60a01-4880-4dca-93ac-804eb49ef4ce.webp', 'uploads/use-case/5e90f005-60b0-4575-98f9-1a54d8b33226.jpg', 'uploads/use-case/4bac60a1-2068-418a-9926-d6e5d586f14b.jpg', 2, 1, 1, 'Break Out Zone Seating Solutions | Wipro Seating Solutions', NULL, 'Foster collaboration and creativity with versatile breakout-zone seating for casual meeting areas and informal discussions.', NULL, '2024-10-11 06:13:50', '2026-03-02 03:11:47', NULL),
(3, 'Café & Cafeteria Chairs', 'cafe-cafeteria-chairs', 'Vibrant, durable cafe chairs to add fun and flair to any space', '<p>Add vibrancy and durability to caf&eacute;s, cafeterias or casual dining areas with stylish multipurpose chairs designed for comfort and ease.</p>', 'uploads/use-case/e8ba4105-41ed-4ee1-b26b-38e16a08ee8f.webp', 'uploads/use-case/b6f05025-90a1-4891-bb60-3d15033a5a5f.jpg', 'uploads/use-case/36150275-1fae-4922-8f70-f021767c2b09.jpg', 3, 1, 1, 'Cafeteria Chairs - Stylish, Comfortable & Long-Lasting | Wipro Seating Solutions', NULL, 'Add vibrancy and durability to cafés, cafeterias or casual dining areas with stylish multipurpose chairs designed for comfort and ease.', NULL, '2024-10-11 06:14:53', '2026-03-02 03:12:04', NULL),
(4, 'Task-Zone Office Chairs', 'task-zone-office-chairs', 'Ergonomic office chairs enhancing posture and comfort for optimal productivity.', '<div>\r\n<div>Ergonomic office chairs enhancing posture and comfort for optimal productivity.</div>\r\n</div>', 'uploads/use-case/746b1d30-2f4b-4a37-9486-e3d7b39ca09f.webp', 'uploads/use-case/979c9d7d-d24e-40a9-a9e3-eddba379f42c.jpg', 'uploads/use-case/fcd9503d-bd65-4c2f-bedd-1f2589225be5.jpg', 4, 1, 1, 'Ergonomic Chairs for Task Zone Workspaces | Wipro Seating Solutions', NULL, 'Improve posture, comfort and productivity with ergonomic office chairs thoughtfully designed for focused task zones.', NULL, '2024-10-11 06:15:31', '2026-03-02 03:12:21', NULL),
(5, 'Public Seating Solutions - Chairs & Sofas', 'public-seating-solutions-chairs-sofas', 'Durable public seating chairs provide comfort and style for communal spaces.', '<div>\r\n<div>Durable public seating chairs provide comfort and style for communal spaces.</div>\r\n</div>', 'uploads/use-case/a11639f8-69e3-4581-b216-b6067b8ea678.webp', 'uploads/use-case/2bd39821-85b2-4926-855a-39e5a98c2af4.jpg', 'uploads/use-case/5e425513-b3a1-407b-b0c5-c75f01e7f9e5.jpg', 5, 1, 1, 'Seating Solutions for Public Spaces | Wipro Seating Solutions', NULL, 'Durable and comfortable seating solutions built for high-traffic public areas that combine style, robustness and ease of maintenance.', NULL, '2024-10-11 06:16:10', '2026-03-02 03:12:36', NULL),
(6, 'Lounge & Collaborative Seating', 'lounge-collaborative-seating', 'Comfortable lounge seating for collaboration and relaxation', '<div>\r\n<div>Comfortable lounge seating for collaboration and relaxation</div>\r\n</div>', 'uploads/use-case/26abae5d-4c82-4f38-9857-1224589bfd15.webp', 'uploads/use-case/42b42120-0a07-44a2-b265-a6faaa514336.jpg', 'uploads/use-case/6acd176c-636a-4e32-86a5-5d5b9346396c.jpg', 6, 1, 1, 'Lounge Seating - Chair, Sofas, Pouffes | Wipro Seating Solutions', NULL, 'Relax, collaborate or catch up in style — explore comfortable lounge seating options suitable for lounges, waiting areas and collaborative spaces.', NULL, '2024-10-11 06:17:14', '2026-03-02 03:12:51', NULL),
(7, 'Training & Multipurpose Chairs', 'training-multipurpose-chairs', 'Comfortable training chairs enhance productivity and engagement', '<div>\r\n<div>Comfortable training chairs enhance productivity and engagement</div>\r\n</div>', 'uploads/use-case/61539d2e-e506-4537-af56-d88aa01187d0.webp', 'uploads/use-case/bdcbbdac-993a-4ba9-bcf9-1d26fad1df3d.jpg', 'uploads/use-case/99cc323e-d03d-44f9-9a07-cd7632d0329f.jpg', 7, 1, 1, 'Ergonomic Training Chairs for Corporate Offices | Wipro Seating', NULL, 'Enhance engagement and comfort in training rooms or seminar halls with ergonomically designed training-chairs.', NULL, '2024-10-11 06:17:58', '2026-03-02 03:13:07', NULL),
(8, 'Work-From-Home Office Chairs', 'work-from-home-office-chairs', 'Ergonomic chairs to enhance comfort and productivity during remote work hours.', '<div>\r\n<div>Ergonomic chairs to enhance comfort and productivity during remote work hours.</div>\r\n</div>', 'uploads/use-case/756e79d6-2f15-4d04-b470-b4ba5233ebae.webp', 'uploads/use-case/acdc8e68-bb13-4419-9d76-e19046cf4756.jpg', 'uploads/use-case/953f0b72-0fe3-4c5b-8077-adc2ba38f76a.jpg', 8, 1, 1, 'Work From Home Ergonomic Chairs | Wipro Seating Solutions', NULL, 'Upgrade your home office with ergonomic chairs that boost comfort and productivity during remote work hours. Shop Now.', NULL, '2024-10-11 06:18:37', '2026-03-02 03:13:28', NULL);

-- --------------------------------------------------------

--
-- Table structure for table `use_case_products`
--

CREATE TABLE `use_case_products` (
  `id` bigint UNSIGNED NOT NULL,
  `use_case_id` bigint UNSIGNED NOT NULL,
  `product_id` bigint UNSIGNED NOT NULL,
  `created_at` timestamp NULL DEFAULT NULL,
  `updated_at` timestamp NULL DEFAULT NULL,
  `deleted_at` timestamp NULL DEFAULT NULL
) ENGINE=MyISAM DEFAULT CHARSET=utf8mb4 COLLATE=utf8mb4_unicode_ci;

--
-- Dumping data for table `use_case_products`
--

INSERT INTO `use_case_products` (`id`, `use_case_id`, `product_id`, `created_at`, `updated_at`, `deleted_at`) VALUES
(1, 1, 1, '2024-10-11 06:10:54', '2024-10-11 06:10:54', NULL),
(2, 1, 2, '2024-10-11 06:10:54', '2024-10-11 06:10:54', NULL),
(6, 1, 6, '2024-10-11 06:10:54', '2024-10-11 06:10:54', NULL),
(7, 1, 7, '2024-10-11 06:10:54', '2024-10-11 06:10:54', NULL),
(8, 1, 8, '2024-10-11 06:10:54', '2024-10-11 06:10:54', NULL),
(9, 1, 9, '2024-10-11 06:10:54', '2024-10-11 06:10:54', NULL),
(11, 1, 11, '2024-10-11 06:10:54', '2024-10-11 06:10:54', NULL),
(12, 1, 12, '2024-10-11 06:10:54', '2024-10-11 06:10:54', NULL),
(15, 1, 15, '2024-10-11 06:10:54', '2024-10-11 06:10:54', NULL),
(18, 1, 18, '2024-10-11 06:10:54', '2024-10-11 06:10:54', NULL),
(19, 1, 19, '2024-10-11 06:10:54', '2024-10-11 06:10:54', NULL),
(20, 1, 20, '2024-10-11 06:10:54', '2024-10-11 06:10:54', NULL),
(21, 1, 21, '2024-10-11 06:10:54', '2024-10-11 06:10:54', NULL),
(29, 1, 29, '2024-10-11 06:10:54', '2024-10-11 06:10:54', NULL),
(30, 1, 30, '2024-10-11 06:10:54', '2024-10-11 06:10:54', NULL),
(31, 1, 31, '2024-10-11 06:10:54', '2024-10-11 06:10:54', NULL),
(32, 1, 32, '2024-10-11 06:10:54', '2024-10-11 06:10:54', NULL),
(33, 1, 33, '2024-10-11 06:10:54', '2024-10-11 06:10:54', NULL),
(136, 2, 41, '2024-10-11 06:13:50', '2024-10-11 06:13:50', NULL),
(137, 2, 42, '2024-10-11 06:13:50', '2024-10-11 06:13:50', NULL),
(138, 2, 43, '2024-10-11 06:13:50', '2024-10-11 06:13:50', NULL),
(139, 2, 44, '2024-10-11 06:13:50', '2024-10-11 06:13:50', NULL),
(140, 2, 45, '2024-10-11 06:13:50', '2024-10-11 06:13:50', NULL),
(141, 2, 46, '2024-10-11 06:13:50', '2024-10-11 06:13:50', NULL),
(142, 2, 47, '2024-10-11 06:13:50', '2024-10-11 06:13:50', NULL),
(143, 2, 48, '2024-10-11 06:13:50', '2024-10-11 06:13:50', NULL),
(149, 2, 54, '2024-10-11 06:13:50', '2024-10-11 06:13:50', NULL),
(150, 2, 55, '2024-10-11 06:13:50', '2024-10-11 06:13:50', NULL),
(151, 2, 56, '2024-10-11 06:13:50', '2024-10-11 06:13:50', NULL),
(152, 2, 57, '2024-10-11 06:13:50', '2024-10-11 06:13:50', NULL),
(153, 2, 58, '2024-10-11 06:13:50', '2024-10-11 06:13:50', NULL),
(154, 2, 59, '2024-10-11 06:13:50', '2024-10-11 06:13:50', NULL),
(155, 2, 60, '2024-10-11 06:13:50', '2024-10-11 06:13:50', NULL),
(156, 2, 61, '2024-10-11 06:13:50', '2024-10-11 06:13:50', NULL),
(157, 2, 62, '2024-10-11 06:13:50', '2024-10-11 06:13:50', NULL),
(159, 2, 64, '2024-10-11 06:13:50', '2024-10-11 06:13:50', NULL),
(160, 2, 65, '2024-10-11 06:13:50', '2024-10-11 06:13:50', NULL),
(161, 2, 66, '2024-10-11 06:13:50', '2024-10-11 06:13:50', NULL),
(162, 2, 67, '2024-10-11 06:13:50', '2024-10-11 06:13:50', NULL),
(164, 2, 69, '2024-10-11 06:13:50', '2024-10-11 06:13:50', NULL),
(165, 2, 70, '2024-10-11 06:13:50', '2024-10-11 06:13:50', NULL),
(166, 2, 71, '2024-10-11 06:13:50', '2024-10-11 06:13:50', NULL),
(167, 2, 72, '2024-10-11 06:13:50', '2024-10-11 06:13:50', NULL),
(168, 2, 73, '2024-10-11 06:13:50', '2024-10-11 06:13:50', NULL),
(169, 2, 74, '2024-10-11 06:13:50', '2024-10-11 06:13:50', NULL),
(170, 2, 75, '2024-10-11 06:13:50', '2024-10-11 06:13:50', NULL),
(171, 2, 76, '2024-10-11 06:13:50', '2024-10-11 06:13:50', NULL),
(172, 2, 77, '2024-10-11 06:13:50', '2024-10-11 06:13:50', NULL),
(173, 2, 78, '2024-10-11 06:13:50', '2024-10-11 06:13:50', NULL),
(174, 2, 79, '2024-10-11 06:13:50', '2024-10-11 06:13:50', NULL),
(175, 2, 80, '2024-10-11 06:13:50', '2024-10-11 06:13:50', NULL),
(176, 2, 81, '2024-10-11 06:13:50', '2024-10-11 06:13:50', NULL),
(177, 2, 82, '2024-10-11 06:13:50', '2024-10-11 06:13:50', NULL),
(178, 2, 83, '2024-10-11 06:13:50', '2024-10-11 06:13:50', NULL),
(179, 2, 84, '2024-10-11 06:13:50', '2024-10-11 06:13:50', NULL),
(180, 2, 85, '2024-10-11 06:13:50', '2024-10-11 06:13:50', NULL),
(181, 2, 86, '2024-10-11 06:13:50', '2024-10-11 06:13:50', NULL),
(182, 2, 87, '2024-10-11 06:13:50', '2024-10-11 06:13:50', NULL),
(186, 2, 91, '2024-10-11 06:13:50', '2024-10-11 06:13:50', NULL),
(187, 2, 92, '2024-10-11 06:13:50', '2024-10-11 06:13:50', NULL),
(229, 3, 39, '2024-10-11 06:14:53', '2024-10-11 06:14:53', NULL),
(230, 3, 40, '2024-10-11 06:14:53', '2024-10-11 06:14:53', NULL),
(231, 3, 41, '2024-10-11 06:14:53', '2024-10-11 06:14:53', NULL),
(232, 3, 42, '2024-10-11 06:14:53', '2024-10-11 06:14:53', NULL),
(233, 3, 43, '2024-10-11 06:14:53', '2024-10-11 06:14:53', NULL),
(234, 3, 44, '2024-10-11 06:14:53', '2024-10-11 06:14:53', NULL),
(235, 3, 45, '2024-10-11 06:14:53', '2024-10-11 06:14:53', NULL),
(236, 3, 46, '2024-10-11 06:14:53', '2024-10-11 06:14:53', NULL),
(237, 3, 47, '2024-10-11 06:14:53', '2024-10-11 06:14:53', NULL),
(238, 3, 48, '2024-10-11 06:14:53', '2024-10-11 06:14:53', NULL),
(286, 4, 1, '2024-10-11 06:15:31', '2024-10-11 06:15:31', NULL),
(287, 4, 2, '2024-10-11 06:15:31', '2024-10-11 06:15:31', NULL),
(288, 4, 3, '2024-10-11 06:15:31', '2024-10-11 06:15:31', NULL),
(289, 4, 4, '2024-10-11 06:15:31', '2024-10-11 06:15:31', NULL),
(290, 4, 5, '2024-10-11 06:15:31', '2024-10-11 06:15:31', NULL),
(291, 4, 6, '2024-10-11 06:15:31', '2024-10-11 06:15:31', NULL),
(292, 4, 7, '2024-10-11 06:15:31', '2024-10-11 06:15:31', NULL),
(293, 4, 8, '2024-10-11 06:15:31', '2024-10-11 06:15:31', NULL),
(294, 4, 9, '2024-10-11 06:15:31', '2024-10-11 06:15:31', NULL),
(295, 4, 10, '2024-10-11 06:15:31', '2024-10-11 06:15:31', NULL),
(296, 4, 11, '2024-10-11 06:15:31', '2024-10-11 06:15:31', NULL),
(297, 4, 12, '2024-10-11 06:15:31', '2024-10-11 06:15:31', NULL),
(298, 4, 13, '2024-10-11 06:15:31', '2024-10-11 06:15:31', NULL),
(299, 4, 14, '2024-10-11 06:15:31', '2024-10-11 06:15:31', NULL),
(300, 4, 15, '2024-10-11 06:15:31', '2024-10-11 06:15:31', NULL),
(301, 4, 16, '2024-10-11 06:15:31', '2024-10-11 06:15:31', NULL),
(302, 4, 17, '2024-10-11 06:15:31', '2024-10-11 06:15:31', NULL),
(303, 4, 18, '2024-10-11 06:15:31', '2024-10-11 06:15:31', NULL),
(304, 4, 19, '2024-10-11 06:15:31', '2024-10-11 06:15:31', NULL),
(305, 4, 20, '2024-10-11 06:15:31', '2024-10-11 06:15:31', NULL),
(306, 4, 21, '2024-10-11 06:15:31', '2024-10-11 06:15:31', NULL),
(307, 4, 22, '2024-10-11 06:15:31', '2024-10-11 06:15:31', NULL),
(308, 4, 23, '2024-10-11 06:15:31', '2024-10-11 06:15:31', NULL),
(309, 4, 24, '2024-10-11 06:15:31', '2024-10-11 06:15:31', NULL),
(310, 4, 25, '2024-10-11 06:15:31', '2024-10-11 06:15:31', NULL),
(311, 4, 26, '2024-10-11 06:15:31', '2024-10-11 06:15:31', NULL),
(312, 4, 27, '2024-10-11 06:15:31', '2024-10-11 06:15:31', NULL),
(313, 4, 28, '2024-10-11 06:15:31', '2024-10-11 06:15:31', NULL),
(314, 4, 29, '2024-10-11 06:15:31', '2024-10-11 06:15:31', NULL),
(315, 4, 30, '2024-10-11 06:15:31', '2024-10-11 06:15:31', NULL),
(316, 4, 31, '2024-10-11 06:15:31', '2024-10-11 06:15:31', NULL),
(317, 4, 32, '2024-10-11 06:15:31', '2024-10-11 06:15:31', NULL),
(318, 4, 33, '2024-10-11 06:15:31', '2024-10-11 06:15:31', NULL),
(414, 5, 34, '2024-10-11 06:16:10', '2024-10-11 06:16:10', NULL),
(415, 5, 35, '2024-10-11 06:16:10', '2024-10-11 06:16:10', NULL),
(416, 5, 36, '2024-10-11 06:16:10', '2024-10-11 06:16:10', NULL),
(417, 5, 37, '2024-10-11 06:16:10', '2024-10-11 06:16:10', NULL),
(418, 5, 38, '2024-10-11 06:16:10', '2024-10-11 06:16:10', NULL),
(429, 5, 49, '2024-10-11 06:16:10', '2024-10-11 06:16:10', NULL),
(430, 5, 50, '2024-10-11 06:16:10', '2024-10-11 06:16:10', NULL),
(431, 5, 51, '2024-10-11 06:16:10', '2024-10-11 06:16:10', NULL),
(432, 5, 52, '2024-10-11 06:16:10', '2024-10-11 06:16:10', NULL),
(433, 5, 53, '2024-10-11 06:16:10', '2024-10-11 06:16:10', NULL),
(529, 6, 54, '2024-10-11 06:17:14', '2024-10-11 06:17:14', NULL),
(530, 6, 55, '2024-10-11 06:17:14', '2024-10-11 06:17:14', NULL),
(531, 6, 56, '2024-10-11 06:17:14', '2024-10-11 06:17:14', NULL),
(532, 6, 57, '2024-10-11 06:17:14', '2024-10-11 06:17:14', NULL),
(533, 6, 58, '2024-10-11 06:17:14', '2024-10-11 06:17:14', NULL),
(534, 6, 59, '2024-10-11 06:17:14', '2024-10-11 06:17:14', NULL),
(535, 6, 60, '2024-10-11 06:17:14', '2024-10-11 06:17:14', NULL),
(536, 6, 61, '2024-10-11 06:17:14', '2024-10-11 06:17:14', NULL),
(537, 6, 62, '2024-10-11 06:17:14', '2024-10-11 06:17:14', NULL),
(539, 6, 64, '2024-10-11 06:17:14', '2024-10-11 06:17:14', NULL),
(540, 6, 65, '2024-10-11 06:17:14', '2024-10-11 06:17:14', NULL),
(541, 6, 66, '2024-10-11 06:17:14', '2024-10-11 06:17:14', NULL),
(542, 6, 67, '2024-10-11 06:17:14', '2024-10-11 06:17:14', NULL),
(543, 6, 68, '2024-10-11 06:17:14', '2024-10-11 06:17:14', NULL),
(546, 6, 71, '2024-10-11 06:17:14', '2024-10-11 06:17:14', NULL),
(547, 6, 72, '2024-10-11 06:17:14', '2024-10-11 06:17:14', NULL),
(549, 6, 74, '2024-10-11 06:17:14', '2024-10-11 06:17:14', NULL),
(550, 6, 75, '2024-10-11 06:17:14', '2024-10-11 06:17:14', NULL),
(551, 6, 76, '2024-10-11 06:17:14', '2024-10-11 06:17:14', NULL),
(552, 6, 77, '2024-10-11 06:17:14', '2024-10-11 06:17:14', NULL),
(553, 6, 78, '2024-10-11 06:17:14', '2024-10-11 06:17:14', NULL),
(554, 6, 79, '2024-10-11 06:17:14', '2024-10-11 06:17:14', NULL),
(555, 6, 80, '2024-10-11 06:17:14', '2024-10-11 06:17:14', NULL),
(556, 6, 81, '2024-10-11 06:17:14', '2024-10-11 06:17:14', NULL),
(557, 6, 82, '2024-10-11 06:17:14', '2024-10-11 06:17:14', NULL),
(558, 6, 83, '2024-10-11 06:17:14', '2024-10-11 06:17:14', NULL),
(559, 6, 84, '2024-10-11 06:17:14', '2024-10-11 06:17:14', NULL),
(560, 6, 85, '2024-10-11 06:17:14', '2024-10-11 06:17:14', NULL),
(561, 6, 86, '2024-10-11 06:17:14', '2024-10-11 06:17:14', NULL),
(562, 6, 87, '2024-10-11 06:17:14', '2024-10-11 06:17:14', NULL),
(566, 6, 91, '2024-10-11 06:17:14', '2024-10-11 06:17:14', NULL),
(567, 6, 92, '2024-10-11 06:17:14', '2024-10-11 06:17:14', NULL),
(609, 7, 39, '2024-10-11 06:17:58', '2024-10-11 06:17:58', NULL),
(610, 7, 40, '2024-10-11 06:17:58', '2024-10-11 06:17:58', NULL),
(618, 7, 48, '2024-10-11 06:17:58', '2024-10-11 06:17:58', NULL),
(666, 8, 1, '2024-10-11 06:18:37', '2024-10-11 06:18:37', NULL),
(667, 8, 2, '2024-10-11 06:18:37', '2024-10-11 06:18:37', NULL),
(668, 8, 3, '2024-10-11 06:18:37', '2024-10-11 06:18:37', NULL),
(669, 8, 4, '2024-10-11 06:18:37', '2024-10-11 06:18:37', NULL),
(670, 8, 5, '2024-10-11 06:18:37', '2024-10-11 06:18:37', NULL),
(671, 8, 6, '2024-10-11 06:18:37', '2024-10-11 06:18:37', NULL),
(672, 8, 7, '2024-10-11 06:18:37', '2024-10-11 06:18:37', NULL),
(673, 8, 8, '2024-10-11 06:18:37', '2024-10-11 06:18:37', NULL),
(674, 8, 9, '2024-10-11 06:18:37', '2024-10-11 06:18:37', NULL),
(675, 8, 10, '2024-10-11 06:18:37', '2024-10-11 06:18:37', NULL),
(676, 8, 11, '2024-10-11 06:18:37', '2024-10-11 06:18:37', NULL),
(677, 8, 12, '2024-10-11 06:18:37', '2024-10-11 06:18:37', NULL),
(678, 8, 13, '2024-10-11 06:18:37', '2024-10-11 06:18:37', NULL),
(679, 8, 14, '2024-10-11 06:18:37', '2024-10-11 06:18:37', NULL),
(680, 8, 15, '2024-10-11 06:18:37', '2024-10-11 06:18:37', NULL),
(681, 8, 16, '2024-10-11 06:18:37', '2024-10-11 06:18:37', NULL),
(682, 8, 17, '2024-10-11 06:18:37', '2024-10-11 06:18:37', NULL),
(683, 8, 18, '2024-10-11 06:18:37', '2024-10-11 06:18:37', NULL),
(684, 8, 19, '2024-10-11 06:18:37', '2024-10-11 06:18:37', NULL),
(685, 8, 20, '2024-10-11 06:18:37', '2024-10-11 06:18:37', NULL),
(686, 8, 21, '2024-10-11 06:18:37', '2024-10-11 06:18:37', NULL),
(687, 8, 22, '2024-10-11 06:18:37', '2024-10-11 06:18:37', NULL),
(688, 8, 23, '2024-10-11 06:18:37', '2024-10-11 06:18:37', NULL),
(689, 8, 24, '2024-10-11 06:18:37', '2024-10-11 06:18:37', NULL),
(690, 8, 25, '2024-10-11 06:18:37', '2024-10-11 06:18:37', NULL),
(691, 8, 26, '2024-10-11 06:18:37', '2024-10-11 06:18:37', NULL),
(692, 8, 27, '2024-10-11 06:18:37', '2024-10-11 06:18:37', NULL),
(693, 8, 28, '2024-10-11 06:18:37', '2024-10-11 06:18:37', NULL),
(704, 8, 39, '2024-10-11 06:18:37', '2024-10-11 06:18:37', NULL),
(705, 8, 40, '2024-10-11 06:18:37', '2024-10-11 06:18:37', NULL),
(713, 8, 48, '2024-10-11 06:18:37', '2024-10-11 06:18:37', NULL),
(722, 8, 57, '2024-10-11 06:18:37', '2024-10-11 06:18:37', NULL),
(723, 8, 58, '2024-10-11 06:18:37', '2024-10-11 06:18:37', NULL),
(724, 8, 59, '2024-10-11 06:18:37', '2024-10-11 06:18:37', NULL),
(725, 8, 60, '2024-10-11 06:18:37', '2024-10-11 06:18:37', NULL),
(726, 8, 61, '2024-10-11 06:18:37', '2024-10-11 06:18:37', NULL),
(727, 8, 62, '2024-10-11 06:18:37', '2024-10-11 06:18:37', NULL),
(729, 8, 64, '2024-10-11 06:18:37', '2024-10-11 06:18:37', NULL),
(730, 8, 65, '2024-10-11 06:18:37', '2024-10-11 06:18:37', NULL),
(731, 8, 66, '2024-10-11 06:18:37', '2024-10-11 06:18:37', NULL),
(732, 8, 67, '2024-10-11 06:18:37', '2024-10-11 06:18:37', NULL),
(733, 8, 68, '2024-10-11 06:18:37', '2024-10-11 06:18:37', NULL),
(734, 8, 69, '2024-10-11 06:18:37', '2024-10-11 06:18:37', NULL),
(735, 8, 70, '2024-10-11 06:18:37', '2024-10-11 06:18:37', NULL),
(749, 8, 84, '2024-10-11 06:18:37', '2024-10-11 06:18:37', NULL),
(750, 8, 85, '2024-10-11 06:18:37', '2024-10-11 06:18:37', NULL),
(751, 8, 86, '2024-10-11 06:18:37', '2024-10-11 06:18:37', NULL),
(752, 8, 87, '2024-10-11 06:18:37', '2024-10-11 06:18:37', NULL),
(758, 8, 93, '2024-10-11 06:18:37', '2024-10-11 06:18:37', NULL),
(759, 8, 94, '2024-10-11 06:18:37', '2024-10-11 06:18:37', NULL);

-- --------------------------------------------------------

--
-- Table structure for table `use_case_sub_category_pivots`
--

CREATE TABLE `use_case_sub_category_pivots` (
  `id` bigint UNSIGNED NOT NULL,
  `use_case_id` bigint UNSIGNED NOT NULL,
  `product_sub_category_id` bigint UNSIGNED NOT NULL,
  `created_at` timestamp NULL DEFAULT NULL,
  `updated_at` timestamp NULL DEFAULT NULL,
  `deleted_at` timestamp NULL DEFAULT NULL
) ENGINE=MyISAM DEFAULT CHARSET=utf8mb4 COLLATE=utf8mb4_unicode_ci;

-- --------------------------------------------------------

--
-- Table structure for table `versatile_seating_solutions`
--

CREATE TABLE `versatile_seating_solutions` (
  `id` bigint UNSIGNED NOT NULL,
  `title` varchar(191) CHARACTER SET utf8mb4 COLLATE utf8mb4_unicode_ci NOT NULL,
  `slug` varchar(191) CHARACTER SET utf8mb4 COLLATE utf8mb4_unicode_ci NOT NULL,
  `short_description` text CHARACTER SET utf8mb4 COLLATE utf8mb4_unicode_ci,
  `description` text CHARACTER SET utf8mb4 COLLATE utf8mb4_unicode_ci,
  `image` varchar(191) CHARACTER SET utf8mb4 COLLATE utf8mb4_unicode_ci DEFAULT NULL,
  `banner_image` varchar(191) CHARACTER SET utf8mb4 COLLATE utf8mb4_unicode_ci DEFAULT NULL,
  `mobile_banner_image` varchar(191) CHARACTER SET utf8mb4 COLLATE utf8mb4_unicode_ci DEFAULT NULL,
  `sort_order` int NOT NULL DEFAULT '0',
  `on_homepage` tinyint(1) NOT NULL DEFAULT '1',
  `status` tinyint(1) NOT NULL DEFAULT '1',
  `meta_title` varchar(191) CHARACTER SET utf8mb4 COLLATE utf8mb4_unicode_ci DEFAULT NULL,
  `meta_keywords` text CHARACTER SET utf8mb4 COLLATE utf8mb4_unicode_ci,
  `meta_description` longtext CHARACTER SET utf8mb4 COLLATE utf8mb4_unicode_ci,
  `other_meta_tags` text CHARACTER SET utf8mb4 COLLATE utf8mb4_unicode_ci,
  `created_at` timestamp NULL DEFAULT NULL,
  `updated_at` timestamp NULL DEFAULT NULL,
  `deleted_at` timestamp NULL DEFAULT NULL
) ENGINE=MyISAM DEFAULT CHARSET=utf8mb4 COLLATE=utf8mb4_unicode_ci;

--
-- Dumping data for table `versatile_seating_solutions`
--

INSERT INTO `versatile_seating_solutions` (`id`, `title`, `slug`, `short_description`, `description`, `image`, `banner_image`, `mobile_banner_image`, `sort_order`, `on_homepage`, `status`, `meta_title`, `meta_keywords`, `meta_description`, `other_meta_tags`, `created_at`, `updated_at`, `deleted_at`) VALUES
(1, 'Work From Home', 'work-from-home', NULL, '<p><span style=\"vertical-align: inherit;\"><span style=\"vertical-align: inherit;\">Wipro Work-from-Home chairs are the perfect companions for your home office. With lumbar support, height adjustability, and cushioned seats, they are crafted to enhance posture and reduce strain, keeping you energized and efficient from morning to evening.</span></span></p>', 'uploads/versatile-seating-solution/7dc12d5b-b095-4cd8-857c-800a0223cd7e.webp', 'uploads/versatile-seating-solution/291f7f99-0129-422d-9fb8-044f1b2ecf11.jpg', 'uploads/versatile-seating-solution/07437ff0-0c8b-47c8-ad51-36540e08818c.jpg', 1, 1, 1, 'Work From Home', NULL, NULL, NULL, NULL, '2026-03-02 03:18:22', NULL),
(2, 'Cafeteria', 'cafeteria', NULL, '<p>Designed for modern cafeteria spaces, these chairs blend functionality with aesthetics. Lightweight and stackable, they feature durable materials that are easy to clean, making them ideal for high-traffic areas. Their ergonomic design ensures comfort during quick breaks or extended meals.</p>', 'uploads/versatile-seating-solution/3ea95122-2003-4a1c-8073-3ec966021078.webp', 'uploads/versatile-seating-solution/d3ea6ecd-a5da-4f07-a6b4-1d2e4210d91d.jpg', 'uploads/versatile-seating-solution/828e9139-ac07-4648-bb2f-b19b7211df61.jpg', 1, 1, 1, NULL, NULL, NULL, NULL, '2024-12-23 03:45:42', '2026-03-02 03:18:56', NULL),
(3, 'Office Chairs', 'office-chairs', NULL, '<p>Redefine workplace comfort with our office chairs, engineered for professionals who value style and support. Built with durable materials and intuitive adjustment options, these chairs are perfect for creating a productive and inspiring workspace</p>', 'uploads/versatile-seating-solution/3d42a2ae-9777-4d27-9419-2857d93237d7.webp', 'uploads/versatile-seating-solution/aea3f27e-bbc3-4704-9c57-97ff02dafd2d.jpg', 'uploads/versatile-seating-solution/1ec268eb-4f6e-46ac-9996-d548c9528f6e.jpg', 1, 1, 1, NULL, NULL, NULL, NULL, '2024-12-24 04:54:58', '2026-03-02 03:19:15', NULL),
(4, 'Multipurpose Chairs', 'multipurpose-chairs', NULL, '<p>Redefine flexibility with our multipurpose chairs, crafted for dynamic spaces. Whether used in educational centers, cafeterias, or collaborative settings, these chairs combine sturdy construction, easy maintenance, and timeless designs for ultimate practicality</p>', 'uploads/versatile-seating-solution/10325e25-fd5d-4f17-8fc2-7ee37c80506b.webp', 'uploads/versatile-seating-solution/70fd5037-4acc-4fad-b7bd-47cef54389d4.jpg', 'uploads/versatile-seating-solution/3e0437ca-782d-4049-9bec-9c21ffbc8651.jpg', 1, 1, 1, NULL, NULL, NULL, NULL, '2024-12-24 05:16:12', '2026-03-02 03:19:38', NULL),
(5, 'Public Seating', 'public-seating', NULL, '<p>Engineered for heavy use, these chairs feature sturdy frames, easy-to-clean surfaces, and versatile configurations to suit any environment</p>', 'uploads/versatile-seating-solution/b99fb583-cea0-4aaa-8ed6-cf0d59b10801.webp', 'uploads/versatile-seating-solution/b604a029-6d80-4e99-bcc6-52e223c66d96.jpg', 'uploads/versatile-seating-solution/39e4d148-1f2c-4237-8f6a-38a314600164.jpg', 1, 1, 1, NULL, NULL, NULL, NULL, '2024-12-24 05:34:34', '2026-03-02 03:20:00', NULL),
(6, 'Collab & Lounge', 'collab-lounge', NULL, '<p><span style=\"vertical-align: inherit;\"><span style=\"vertical-align: inherit;\">Foster creativity and connection with our Collab &amp; Lounge chairs, designed for modern collaborative spaces. Combining contemporary aesthetics with plush comfort, they encourage seamless interactions while offering a relaxing seating experience.</span></span></p>', 'uploads/versatile-seating-solution/2d9cc403-bafb-48db-b618-c739b041c83c.webp', 'uploads/versatile-seating-solution/9fce5330-de45-4628-97ce-702c54ce44a1.jpg', 'uploads/versatile-seating-solution/18bb9b98-0ff0-40f1-ab7f-4a34f443f09f.jpg', 1, 1, 1, NULL, NULL, NULL, NULL, '2024-12-24 05:48:20', '2026-03-02 03:20:11', NULL);

-- --------------------------------------------------------

--
-- Table structure for table `versatile_seating_solution_products`
--

CREATE TABLE `versatile_seating_solution_products` (
  `id` bigint UNSIGNED NOT NULL,
  `versatile_seating_solution_id` bigint UNSIGNED NOT NULL,
  `product_id` bigint UNSIGNED NOT NULL,
  `created_at` timestamp NULL DEFAULT NULL,
  `updated_at` timestamp NULL DEFAULT NULL,
  `deleted_at` timestamp NULL DEFAULT NULL
) ENGINE=MyISAM DEFAULT CHARSET=utf8mb4 COLLATE=utf8mb4_unicode_ci;

--
-- Dumping data for table `versatile_seating_solution_products`
--

INSERT INTO `versatile_seating_solution_products` (`id`, `versatile_seating_solution_id`, `product_id`, `created_at`, `updated_at`, `deleted_at`) VALUES
(1, 1, 1, '2024-12-11 10:46:55', '2024-12-11 10:46:55', NULL),
(2, 1, 2, '2024-12-11 10:46:55', '2024-12-11 10:46:55', NULL),
(3, 1, 3, '2024-12-11 10:46:55', '2024-12-11 10:46:55', NULL),
(4, 1, 4, '2024-12-11 10:46:55', '2024-12-11 10:46:55', NULL),
(5, 1, 5, '2024-12-11 10:46:55', '2024-12-11 10:46:55', NULL),
(6, 1, 6, '2024-12-11 10:46:55', '2024-12-11 10:46:55', NULL),
(7, 1, 7, '2024-12-11 10:46:55', '2024-12-11 10:46:55', NULL),
(8, 1, 8, '2024-12-11 10:46:55', '2024-12-11 10:46:55', NULL),
(9, 1, 9, '2024-12-11 10:46:55', '2024-12-11 10:46:55', NULL),
(10, 1, 10, '2024-12-11 10:46:55', '2024-12-11 10:46:55', NULL),
(11, 1, 11, '2024-12-11 10:46:55', '2024-12-11 10:46:55', NULL),
(12, 1, 12, '2024-12-11 10:46:55', '2024-12-11 10:46:55', NULL),
(13, 1, 13, '2024-12-11 10:46:55', '2024-12-11 10:46:55', NULL),
(14, 1, 14, '2024-12-11 10:46:55', '2024-12-11 10:46:55', NULL),
(15, 1, 15, '2024-12-11 10:46:55', '2024-12-11 10:46:55', NULL),
(16, 1, 16, '2024-12-11 10:46:55', '2024-12-11 10:46:55', NULL),
(17, 1, 17, '2024-12-11 10:46:55', '2024-12-11 10:46:55', NULL),
(18, 1, 18, '2024-12-11 10:46:55', '2024-12-11 10:46:55', NULL),
(19, 1, 19, '2024-12-11 10:46:55', '2024-12-11 10:46:55', NULL),
(20, 1, 20, '2024-12-11 10:46:55', '2024-12-11 10:46:55', NULL),
(21, 1, 21, '2024-12-11 10:46:55', '2024-12-11 10:46:55', NULL),
(22, 1, 22, '2024-12-11 10:46:55', '2024-12-11 10:46:55', NULL),
(23, 1, 23, '2024-12-11 10:46:55', '2024-12-11 10:46:55', NULL),
(24, 1, 24, '2024-12-11 10:46:55', '2024-12-11 10:46:55', NULL),
(25, 1, 25, '2024-12-11 10:46:55', '2024-12-11 10:46:55', NULL),
(27, 1, 27, '2024-12-11 10:46:55', '2024-12-11 10:46:55', NULL),
(28, 1, 28, '2024-12-11 10:46:55', '2024-12-11 10:46:55', NULL),
(141, 2, 47, '2024-12-23 03:45:42', '2024-12-23 03:45:42', NULL),
(140, 2, 46, '2024-12-23 03:45:42', '2024-12-23 03:45:42', NULL),
(139, 2, 45, '2024-12-23 03:45:42', '2024-12-23 03:45:42', NULL),
(138, 2, 44, '2024-12-23 03:45:42', '2024-12-23 03:45:42', NULL),
(137, 2, 43, '2024-12-23 03:45:42', '2024-12-23 03:45:42', NULL),
(136, 2, 42, '2024-12-23 03:45:42', '2024-12-23 03:45:42', NULL),
(135, 2, 41, '2024-12-23 03:45:42', '2024-12-23 03:45:42', NULL),
(239, 6, 86, '2024-12-24 05:48:20', '2024-12-24 05:48:20', NULL),
(238, 6, 85, '2024-12-24 05:48:20', '2024-12-24 05:48:20', NULL),
(237, 6, 84, '2024-12-24 05:48:20', '2024-12-24 05:48:20', NULL),
(236, 6, 83, '2024-12-24 05:48:20', '2024-12-24 05:48:20', NULL),
(235, 6, 82, '2024-12-24 05:48:20', '2024-12-24 05:48:20', NULL),
(234, 5, 53, '2024-12-24 05:34:34', '2024-12-24 05:34:34', NULL),
(233, 5, 52, '2024-12-24 05:34:34', '2024-12-24 05:34:34', NULL),
(232, 5, 51, '2024-12-24 05:34:34', '2024-12-24 05:34:34', NULL),
(231, 5, 50, '2024-12-24 05:34:34', '2024-12-24 05:34:34', NULL),
(230, 5, 49, '2024-12-24 05:34:34', '2024-12-24 05:34:34', NULL),
(229, 5, 38, '2024-12-24 05:34:34', '2024-12-24 05:34:34', NULL),
(228, 5, 37, '2024-12-24 05:34:34', '2024-12-24 05:34:34', NULL),
(227, 5, 36, '2024-12-24 05:34:34', '2024-12-24 05:34:34', NULL),
(226, 5, 35, '2024-12-24 05:34:34', '2024-12-24 05:34:34', NULL),
(225, 5, 34, '2024-12-24 05:34:34', '2024-12-24 05:34:34', NULL),
(224, 4, 48, '2024-12-24 05:16:12', '2024-12-24 05:16:12', NULL),
(223, 4, 46, '2024-12-24 05:16:12', '2024-12-24 05:16:12', NULL),
(222, 4, 45, '2024-12-24 05:16:12', '2024-12-24 05:16:12', NULL),
(221, 4, 44, '2024-12-24 05:16:12', '2024-12-24 05:16:12', NULL),
(220, 4, 43, '2024-12-24 05:16:12', '2024-12-24 05:16:12', NULL),
(219, 4, 42, '2024-12-24 05:16:12', '2024-12-24 05:16:12', NULL),
(218, 4, 41, '2024-12-24 05:16:12', '2024-12-24 05:16:12', NULL),
(93, 1, 93, '2024-12-11 10:46:55', '2024-12-11 10:46:55', NULL),
(94, 1, 94, '2024-12-11 10:46:55', '2024-12-11 10:46:55', NULL),
(217, 4, 39, '2024-12-24 05:16:12', '2024-12-24 05:16:12', NULL),
(216, 4, 13, '2024-12-24 05:16:12', '2024-12-24 05:16:12', NULL),
(215, 4, 3, '2024-12-24 05:16:12', '2024-12-24 05:16:12', NULL),
(214, 3, 28, '2024-12-24 04:54:58', '2024-12-24 04:54:58', NULL),
(213, 3, 27, '2024-12-24 04:54:58', '2024-12-24 04:54:58', NULL),
(212, 3, 26, '2024-12-24 04:54:58', '2024-12-24 04:54:58', NULL),
(211, 3, 25, '2024-12-24 04:54:58', '2024-12-24 04:54:58', NULL),
(210, 3, 24, '2024-12-24 04:54:58', '2024-12-24 04:54:58', NULL),
(209, 3, 23, '2024-12-24 04:54:58', '2024-12-24 04:54:58', NULL),
(208, 3, 22, '2024-12-24 04:54:58', '2024-12-24 04:54:58', NULL),
(207, 3, 21, '2024-12-24 04:54:58', '2024-12-24 04:54:58', NULL),
(206, 3, 20, '2024-12-24 04:54:58', '2024-12-24 04:54:58', NULL),
(205, 3, 19, '2024-12-24 04:54:58', '2024-12-24 04:54:58', NULL),
(204, 3, 18, '2024-12-24 04:54:58', '2024-12-24 04:54:58', NULL),
(203, 3, 17, '2024-12-24 04:54:58', '2024-12-24 04:54:58', NULL),
(202, 3, 16, '2024-12-24 04:54:58', '2024-12-24 04:54:58', NULL),
(201, 3, 15, '2024-12-24 04:54:58', '2024-12-24 04:54:58', NULL),
(200, 3, 14, '2024-12-24 04:54:58', '2024-12-24 04:54:58', NULL),
(199, 3, 12, '2024-12-24 04:54:58', '2024-12-24 04:54:58', NULL),
(198, 3, 11, '2024-12-24 04:54:58', '2024-12-24 04:54:58', NULL),
(197, 3, 10, '2024-12-24 04:54:58', '2024-12-24 04:54:58', NULL),
(196, 3, 9, '2024-12-24 04:54:58', '2024-12-24 04:54:58', NULL),
(195, 3, 8, '2024-12-24 04:54:58', '2024-12-24 04:54:58', NULL),
(194, 3, 7, '2024-12-24 04:54:58', '2024-12-24 04:54:58', NULL),
(193, 3, 6, '2024-12-24 04:54:58', '2024-12-24 04:54:58', NULL),
(192, 3, 5, '2024-12-24 04:54:58', '2024-12-24 04:54:58', NULL),
(191, 3, 4, '2024-12-24 04:54:58', '2024-12-24 04:54:58', NULL),
(190, 3, 2, '2024-12-24 04:54:58', '2024-12-24 04:54:58', NULL),
(189, 3, 1, '2024-12-24 04:54:58', '2024-12-24 04:54:58', NULL);

--
-- Indexes for dumped tables
--

--
-- Indexes for table `abouts`
--
ALTER TABLE `abouts`
  ADD PRIMARY KEY (`id`);

--
-- Indexes for table `amc_management`
--
ALTER TABLE `amc_management`
  ADD PRIMARY KEY (`id`);

--
-- Indexes for table `answers`
--
ALTER TABLE `answers`
  ADD PRIMARY KEY (`id`),
  ADD KEY `answers_question_id_foreign` (`question_id`);

--
-- Indexes for table `answer_product_pivots`
--
ALTER TABLE `answer_product_pivots`
  ADD PRIMARY KEY (`id`),
  ADD KEY `answer_product_pivots_answer_id_foreign` (`answer_id`),
  ADD KEY `answer_product_pivots_product_id_foreign` (`product_id`);

--
-- Indexes for table `answer_specification_pivots`
--
ALTER TABLE `answer_specification_pivots`
  ADD PRIMARY KEY (`id`),
  ADD KEY `answer_specification_pivots_answer_id_foreign` (`answer_id`),
  ADD KEY `answer_specification_pivots_product_specification_id_foreign` (`product_specification_id`);

--
-- Indexes for table `authors`
--
ALTER TABLE `authors`
  ADD PRIMARY KEY (`id`);

--
-- Indexes for table `award_management`
--
ALTER TABLE `award_management`
  ADD PRIMARY KEY (`id`);

--
-- Indexes for table `banners`
--
ALTER TABLE `banners`
  ADD PRIMARY KEY (`id`);

--
-- Indexes for table `banner_coordinates`
--
ALTER TABLE `banner_coordinates`
  ADD PRIMARY KEY (`id`),
  ADD KEY `banner_coordinates_banner_id_foreign` (`banner_id`);

--
-- Indexes for table `blogs`
--
ALTER TABLE `blogs`
  ADD PRIMARY KEY (`id`);

--
-- Indexes for table `blog_product_category_pivots`
--
ALTER TABLE `blog_product_category_pivots`
  ADD PRIMARY KEY (`id`),
  ADD KEY `blog_product_category_pivots_blog_id_foreign` (`blog_id`),
  ADD KEY `blog_product_category_pivots_product_category_id_foreign` (`product_category_id`);

--
-- Indexes for table `careers`
--
ALTER TABLE `careers`
  ADD PRIMARY KEY (`id`),
  ADD KEY `careers_job_type_id_foreign` (`job_type_id`);

--
-- Indexes for table `career_cms`
--
ALTER TABLE `career_cms`
  ADD PRIMARY KEY (`id`);

--
-- Indexes for table `career_enquiries`
--
ALTER TABLE `career_enquiries`
  ADD PRIMARY KEY (`id`),
  ADD KEY `career_enquiries_career_id_foreign` (`career_id`);

--
-- Indexes for table `cities`
--
ALTER TABLE `cities`
  ADD PRIMARY KEY (`id`),
  ADD KEY `cities_id_index` (`id`);

--
-- Indexes for table `clients`
--
ALTER TABLE `clients`
  ADD PRIMARY KEY (`id`);

--
-- Indexes for table `collection_cms`
--
ALTER TABLE `collection_cms`
  ADD PRIMARY KEY (`id`);

--
-- Indexes for table `collection_feature_products`
--
ALTER TABLE `collection_feature_products`
  ADD PRIMARY KEY (`id`),
  ADD KEY `collection_feature_products_product_id_foreign` (`product_id`);

--
-- Indexes for table `collection_imaginator_backgrounds`
--
ALTER TABLE `collection_imaginator_backgrounds`
  ADD PRIMARY KEY (`id`),
  ADD KEY `collection_imaginator_backgrounds_imaginator_chair_id_foreign` (`imaginator_chair_id`);

--
-- Indexes for table `collection_imaginator_chairs`
--
ALTER TABLE `collection_imaginator_chairs`
  ADD PRIMARY KEY (`id`);

--
-- Indexes for table `contact_cms`
--
ALTER TABLE `contact_cms`
  ADD PRIMARY KEY (`id`);

--
-- Indexes for table `contact_enquiries`
--
ALTER TABLE `contact_enquiries`
  ADD PRIMARY KEY (`id`);

--
-- Indexes for table `countries`
--
ALTER TABLE `countries`
  ADD PRIMARY KEY (`id`),
  ADD KEY `countries_id_index` (`id`);

--
-- Indexes for table `csr_activities`
--
ALTER TABLE `csr_activities`
  ADD PRIMARY KEY (`id`);

--
-- Indexes for table `dealers`
--
ALTER TABLE `dealers`
  ADD PRIMARY KEY (`id`);

--
-- Indexes for table `dealer_details`
--
ALTER TABLE `dealer_details`
  ADD PRIMARY KEY (`id`);

--
-- Indexes for table `dyan_page_certificates`
--
ALTER TABLE `dyan_page_certificates`
  ADD PRIMARY KEY (`id`);

--
-- Indexes for table `dyan_page_cms`
--
ALTER TABLE `dyan_page_cms`
  ADD PRIMARY KEY (`id`);

--
-- Indexes for table `dyan_products`
--
ALTER TABLE `dyan_products`
  ADD PRIMARY KEY (`id`);

--
-- Indexes for table `dyan_product_colors`
--
ALTER TABLE `dyan_product_colors`
  ADD PRIMARY KEY (`id`),
  ADD KEY `dyan_product_colors_dyan_product_id_foreign` (`dyan_product_id`);

--
-- Indexes for table `dyan_product_comfort_specifications`
--
ALTER TABLE `dyan_product_comfort_specifications`
  ADD PRIMARY KEY (`id`),
  ADD KEY `dyan_product_comfort_specifications_dyan_product_id_foreign` (`dyan_product_id`);

--
-- Indexes for table `dyan_product_details`
--
ALTER TABLE `dyan_product_details`
  ADD PRIMARY KEY (`id`),
  ADD KEY `dyan_product_details_dyan_product_id_foreign` (`dyan_product_id`);

--
-- Indexes for table `dyan_product_fabrics`
--
ALTER TABLE `dyan_product_fabrics`
  ADD PRIMARY KEY (`id`),
  ADD KEY `dyan_product_fabrics_dyan_product_id_foreign` (`dyan_product_id`);

--
-- Indexes for table `dyan_product_images`
--
ALTER TABLE `dyan_product_images`
  ADD PRIMARY KEY (`id`),
  ADD KEY `dyan_product_images_dyan_product_id_foreign` (`dyan_product_id`);

--
-- Indexes for table `experience_centre_user_types`
--
ALTER TABLE `experience_centre_user_types`
  ADD PRIMARY KEY (`id`);

--
-- Indexes for table `experience_centre_visits`
--
ALTER TABLE `experience_centre_visits`
  ADD PRIMARY KEY (`id`);

--
-- Indexes for table `failed_jobs`
--
ALTER TABLE `failed_jobs`
  ADD PRIMARY KEY (`id`),
  ADD UNIQUE KEY `failed_jobs_uuid_unique` (`uuid`);

--
-- Indexes for table `faqs`
--
ALTER TABLE `faqs`
  ADD PRIMARY KEY (`id`);

--
-- Indexes for table `faq_cms`
--
ALTER TABLE `faq_cms`
  ADD PRIMARY KEY (`id`);

--
-- Indexes for table `features`
--
ALTER TABLE `features`
  ADD PRIMARY KEY (`id`);

--
-- Indexes for table `find_my_chair_cms`
--
ALTER TABLE `find_my_chair_cms`
  ADD PRIMARY KEY (`id`);

--
-- Indexes for table `footer_links`
--
ALTER TABLE `footer_links`
  ADD PRIMARY KEY (`id`);

--
-- Indexes for table `furniture_journeys`
--
ALTER TABLE `furniture_journeys`
  ADD PRIMARY KEY (`id`);

--
-- Indexes for table `home_cms`
--
ALTER TABLE `home_cms`
  ADD PRIMARY KEY (`id`);

--
-- Indexes for table `home_imaginator_backgrounds`
--
ALTER TABLE `home_imaginator_backgrounds`
  ADD PRIMARY KEY (`id`),
  ADD KEY `home_imaginator_backgrounds_home_imaginator_object_id_foreign` (`home_imaginator_object_id`);

--
-- Indexes for table `home_imaginator_coordinates`
--
ALTER TABLE `home_imaginator_coordinates`
  ADD PRIMARY KEY (`id`),
  ADD KEY `home_imaginator_coordinates_home_imaginator_object_id_foreign` (`home_imaginator_object_id`);

--
-- Indexes for table `home_imaginator_objects`
--
ALTER TABLE `home_imaginator_objects`
  ADD PRIMARY KEY (`id`);

--
-- Indexes for table `home_popups`
--
ALTER TABLE `home_popups`
  ADD PRIMARY KEY (`id`);

--
-- Indexes for table `instagram_feeds`
--
ALTER TABLE `instagram_feeds`
  ADD PRIMARY KEY (`id`),
  ADD UNIQUE KEY `instagram_feeds_instagram_id_unique` (`instagram_id`);

--
-- Indexes for table `job_types`
--
ALTER TABLE `job_types`
  ADD PRIMARY KEY (`id`);

--
-- Indexes for table `leaderships`
--
ALTER TABLE `leaderships`
  ADD PRIMARY KEY (`id`);

--
-- Indexes for table `meta_tags`
--
ALTER TABLE `meta_tags`
  ADD PRIMARY KEY (`id`);

--
-- Indexes for table `migrations`
--
ALTER TABLE `migrations`
  ADD PRIMARY KEY (`id`);

--
-- Indexes for table `navigation_links`
--
ALTER TABLE `navigation_links`
  ADD PRIMARY KEY (`id`);

--
-- Indexes for table `newsletter_subscriptions`
--
ALTER TABLE `newsletter_subscriptions`
  ADD PRIMARY KEY (`id`);

--
-- Indexes for table `page_banners`
--
ALTER TABLE `page_banners`
  ADD PRIMARY KEY (`id`);

--
-- Indexes for table `policies`
--
ALTER TABLE `policies`
  ADD PRIMARY KEY (`id`);

--
-- Indexes for table `product3d_model_enquiries`
--
ALTER TABLE `product3d_model_enquiries`
  ADD PRIMARY KEY (`id`),
  ADD KEY `product3d_model_enquiries_product_id_foreign` (`product_id`);

--
-- Indexes for table `products`
--
ALTER TABLE `products`
  ADD PRIMARY KEY (`id`),
  ADD UNIQUE KEY `products_product_code_unique` (`product_code`),
  ADD KEY `products_product_category_id_foreign` (`product_category_id`),
  ADD KEY `products_product_sub_category_id_foreign` (`product_sub_category_id`);

--
-- Indexes for table `product_availables`
--
ALTER TABLE `product_availables`
  ADD PRIMARY KEY (`id`);

--
-- Indexes for table `product_brochure_enquiries`
--
ALTER TABLE `product_brochure_enquiries`
  ADD PRIMARY KEY (`id`),
  ADD KEY `product_brochure_enquiries_product_id_foreign` (`product_id`);

--
-- Indexes for table `product_categories`
--
ALTER TABLE `product_categories`
  ADD PRIMARY KEY (`id`);

--
-- Indexes for table `product_characteristics`
--
ALTER TABLE `product_characteristics`
  ADD PRIMARY KEY (`id`),
  ADD KEY `product_characteristics_product_id_foreign` (`product_id`);

--
-- Indexes for table `product_cms`
--
ALTER TABLE `product_cms`
  ADD PRIMARY KEY (`id`);

--
-- Indexes for table `product_colors`
--
ALTER TABLE `product_colors`
  ADD PRIMARY KEY (`id`),
  ADD KEY `product_colors_product_id_foreign` (`product_id`);

--
-- Indexes for table `product_configurations`
--
ALTER TABLE `product_configurations`
  ADD PRIMARY KEY (`id`),
  ADD KEY `product_configurations_product_id_foreign` (`product_id`);

--
-- Indexes for table `product_finduses`
--
ALTER TABLE `product_finduses`
  ADD PRIMARY KEY (`id`),
  ADD KEY `product_finduses_product_id_foreign` (`product_id`);

--
-- Indexes for table `product_functions`
--
ALTER TABLE `product_functions`
  ADD PRIMARY KEY (`id`);

--
-- Indexes for table `product_galleries`
--
ALTER TABLE `product_galleries`
  ADD PRIMARY KEY (`id`),
  ADD KEY `product_galleries_product_id_foreign` (`product_id`);

--
-- Indexes for table `product_images`
--
ALTER TABLE `product_images`
  ADD PRIMARY KEY (`id`),
  ADD KEY `product_images_product_id_foreign` (`product_id`);

--
-- Indexes for table `product_information`
--
ALTER TABLE `product_information`
  ADD PRIMARY KEY (`id`),
  ADD KEY `product_information_dyan_product_id_foreign` (`dyan_product_id`);

--
-- Indexes for table `product_seating_capacities`
--
ALTER TABLE `product_seating_capacities`
  ADD PRIMARY KEY (`id`);

--
-- Indexes for table `product_seating_pivots`
--
ALTER TABLE `product_seating_pivots`
  ADD PRIMARY KEY (`id`),
  ADD KEY `product_seating_pivots_product_id_foreign` (`product_id`),
  ADD KEY `product_seating_pivots_product_seating_capacity_id_foreign` (`product_seating_capacity_id`);

--
-- Indexes for table `product_specifications`
--
ALTER TABLE `product_specifications`
  ADD PRIMARY KEY (`id`);

--
-- Indexes for table `product_specification_pivots`
--
ALTER TABLE `product_specification_pivots`
  ADD PRIMARY KEY (`id`),
  ADD KEY `product_specification_pivots_product_id_foreign` (`product_id`),
  ADD KEY `product_specification_pivots_product_specification_id_foreign` (`product_specification_id`);

--
-- Indexes for table `product_sub_categories`
--
ALTER TABLE `product_sub_categories`
  ADD PRIMARY KEY (`id`),
  ADD KEY `product_sub_categories_product_category_id_foreign` (`product_category_id`);

--
-- Indexes for table `projects`
--
ALTER TABLE `projects`
  ADD PRIMARY KEY (`id`),
  ADD KEY `projects_project_category_id_foreign` (`project_category_id`);

--
-- Indexes for table `project_categories`
--
ALTER TABLE `project_categories`
  ADD PRIMARY KEY (`id`);

--
-- Indexes for table `project_cms`
--
ALTER TABLE `project_cms`
  ADD PRIMARY KEY (`id`);

--
-- Indexes for table `project_images`
--
ALTER TABLE `project_images`
  ADD PRIMARY KEY (`id`),
  ADD KEY `project_images_project_id_foreign` (`project_id`);

--
-- Indexes for table `questions`
--
ALTER TABLE `questions`
  ADD PRIMARY KEY (`id`);

--
-- Indexes for table `registered_offices`
--
ALTER TABLE `registered_offices`
  ADD PRIMARY KEY (`id`);

--
-- Indexes for table `resources`
--
ALTER TABLE `resources`
  ADD PRIMARY KEY (`id`),
  ADD KEY `resources_resource_category_id_foreign` (`resource_category_id`);

--
-- Indexes for table `resource_categories`
--
ALTER TABLE `resource_categories`
  ADD PRIMARY KEY (`id`);

--
-- Indexes for table `resource_cms`
--
ALTER TABLE `resource_cms`
  ADD PRIMARY KEY (`id`);

--
-- Indexes for table `resource_enquiries`
--
ALTER TABLE `resource_enquiries`
  ADD PRIMARY KEY (`id`),
  ADD KEY `resource_enquiries_resource_id_foreign` (`resource_id`);

--
-- Indexes for table `sneak_peek_cms`
--
ALTER TABLE `sneak_peek_cms`
  ADD PRIMARY KEY (`id`);

--
-- Indexes for table `sneak_peek_locations`
--
ALTER TABLE `sneak_peek_locations`
  ADD PRIMARY KEY (`id`);

--
-- Indexes for table `sneak_peek_videos`
--
ALTER TABLE `sneak_peek_videos`
  ADD PRIMARY KEY (`id`),
  ADD KEY `sneak_peek_videos_sneak_peek_location_id_foreign` (`sneak_peek_location_id`);

--
-- Indexes for table `specialities`
--
ALTER TABLE `specialities`
  ADD PRIMARY KEY (`id`);

--
-- Indexes for table `spirit_of_wipros`
--
ALTER TABLE `spirit_of_wipros`
  ADD PRIMARY KEY (`id`);

--
-- Indexes for table `states`
--
ALTER TABLE `states`
  ADD PRIMARY KEY (`id`),
  ADD KEY `states_id_index` (`id`);

--
-- Indexes for table `sustainabilities`
--
ALTER TABLE `sustainabilities`
  ADD PRIMARY KEY (`id`);

--
-- Indexes for table `sustainability_reports`
--
ALTER TABLE `sustainability_reports`
  ADD PRIMARY KEY (`id`);

--
-- Indexes for table `use_cases`
--
ALTER TABLE `use_cases`
  ADD PRIMARY KEY (`id`);

--
-- Indexes for table `use_case_products`
--
ALTER TABLE `use_case_products`
  ADD PRIMARY KEY (`id`),
  ADD KEY `use_case_products_use_case_id_foreign` (`use_case_id`),
  ADD KEY `use_case_products_product_id_foreign` (`product_id`);

--
-- Indexes for table `use_case_sub_category_pivots`
--
ALTER TABLE `use_case_sub_category_pivots`
  ADD PRIMARY KEY (`id`),
  ADD KEY `use_case_sub_category_pivots_use_case_id_foreign` (`use_case_id`),
  ADD KEY `use_case_sub_category_pivots_product_sub_category_id_foreign` (`product_sub_category_id`);

--
-- Indexes for table `versatile_seating_solutions`
--
ALTER TABLE `versatile_seating_solutions`
  ADD PRIMARY KEY (`id`);

--
-- Indexes for table `versatile_seating_solution_products`
--
ALTER TABLE `versatile_seating_solution_products`
  ADD PRIMARY KEY (`id`);

--
-- AUTO_INCREMENT for dumped tables
--

--
-- AUTO_INCREMENT for table `abouts`
--
ALTER TABLE `abouts`
  MODIFY `id` bigint UNSIGNED NOT NULL AUTO_INCREMENT, AUTO_INCREMENT=2;

--
-- AUTO_INCREMENT for table `amc_management`
--
ALTER TABLE `amc_management`
  MODIFY `id` bigint UNSIGNED NOT NULL AUTO_INCREMENT, AUTO_INCREMENT=2;

--
-- AUTO_INCREMENT for table `answers`
--
ALTER TABLE `answers`
  MODIFY `id` bigint UNSIGNED NOT NULL AUTO_INCREMENT, AUTO_INCREMENT=25;

--
-- AUTO_INCREMENT for table `answer_product_pivots`
--
ALTER TABLE `answer_product_pivots`
  MODIFY `id` bigint UNSIGNED NOT NULL AUTO_INCREMENT, AUTO_INCREMENT=128;

--
-- AUTO_INCREMENT for table `answer_specification_pivots`
--
ALTER TABLE `answer_specification_pivots`
  MODIFY `id` bigint UNSIGNED NOT NULL AUTO_INCREMENT, AUTO_INCREMENT=53;

--
-- AUTO_INCREMENT for table `authors`
--
ALTER TABLE `authors`
  MODIFY `id` bigint UNSIGNED NOT NULL AUTO_INCREMENT;

--
-- AUTO_INCREMENT for table `award_management`
--
ALTER TABLE `award_management`
  MODIFY `id` bigint UNSIGNED NOT NULL AUTO_INCREMENT, AUTO_INCREMENT=7;

--
-- AUTO_INCREMENT for table `banners`
--
ALTER TABLE `banners`
  MODIFY `id` bigint UNSIGNED NOT NULL AUTO_INCREMENT, AUTO_INCREMENT=5;

--
-- AUTO_INCREMENT for table `banner_coordinates`
--
ALTER TABLE `banner_coordinates`
  MODIFY `id` bigint UNSIGNED NOT NULL AUTO_INCREMENT;

--
-- AUTO_INCREMENT for table `blogs`
--
ALTER TABLE `blogs`
  MODIFY `id` bigint UNSIGNED NOT NULL AUTO_INCREMENT, AUTO_INCREMENT=55;

--
-- AUTO_INCREMENT for table `blog_product_category_pivots`
--
ALTER TABLE `blog_product_category_pivots`
  MODIFY `id` bigint UNSIGNED NOT NULL AUTO_INCREMENT, AUTO_INCREMENT=40;

--
-- AUTO_INCREMENT for table `careers`
--
ALTER TABLE `careers`
  MODIFY `id` bigint UNSIGNED NOT NULL AUTO_INCREMENT, AUTO_INCREMENT=2;

--
-- AUTO_INCREMENT for table `career_cms`
--
ALTER TABLE `career_cms`
  MODIFY `id` bigint UNSIGNED NOT NULL AUTO_INCREMENT, AUTO_INCREMENT=2;

--
-- AUTO_INCREMENT for table `career_enquiries`
--
ALTER TABLE `career_enquiries`
  MODIFY `id` bigint UNSIGNED NOT NULL AUTO_INCREMENT, AUTO_INCREMENT=257;

--
-- AUTO_INCREMENT for table `cities`
--
ALTER TABLE `cities`
  MODIFY `id` int UNSIGNED NOT NULL AUTO_INCREMENT, AUTO_INCREMENT=48332;

--
-- AUTO_INCREMENT for table `clients`
--
ALTER TABLE `clients`
  MODIFY `id` bigint UNSIGNED NOT NULL AUTO_INCREMENT, AUTO_INCREMENT=16;

--
-- AUTO_INCREMENT for table `collection_cms`
--
ALTER TABLE `collection_cms`
  MODIFY `id` bigint UNSIGNED NOT NULL AUTO_INCREMENT, AUTO_INCREMENT=2;

--
-- AUTO_INCREMENT for table `collection_feature_products`
--
ALTER TABLE `collection_feature_products`
  MODIFY `id` bigint UNSIGNED NOT NULL AUTO_INCREMENT;

--
-- AUTO_INCREMENT for table `collection_imaginator_backgrounds`
--
ALTER TABLE `collection_imaginator_backgrounds`
  MODIFY `id` bigint UNSIGNED NOT NULL AUTO_INCREMENT, AUTO_INCREMENT=2;

--
-- AUTO_INCREMENT for table `collection_imaginator_chairs`
--
ALTER TABLE `collection_imaginator_chairs`
  MODIFY `id` bigint UNSIGNED NOT NULL AUTO_INCREMENT, AUTO_INCREMENT=3;

--
-- AUTO_INCREMENT for table `contact_cms`
--
ALTER TABLE `contact_cms`
  MODIFY `id` bigint UNSIGNED NOT NULL AUTO_INCREMENT, AUTO_INCREMENT=2;

--
-- AUTO_INCREMENT for table `contact_enquiries`
--
ALTER TABLE `contact_enquiries`
  MODIFY `id` bigint UNSIGNED NOT NULL AUTO_INCREMENT, AUTO_INCREMENT=213;

--
-- AUTO_INCREMENT for table `countries`
--
ALTER TABLE `countries`
  MODIFY `id` int UNSIGNED NOT NULL AUTO_INCREMENT, AUTO_INCREMENT=247;

--
-- AUTO_INCREMENT for table `csr_activities`
--
ALTER TABLE `csr_activities`
  MODIFY `id` bigint UNSIGNED NOT NULL AUTO_INCREMENT, AUTO_INCREMENT=2;

--
-- AUTO_INCREMENT for table `dealers`
--
ALTER TABLE `dealers`
  MODIFY `id` bigint UNSIGNED NOT NULL AUTO_INCREMENT, AUTO_INCREMENT=73;

--
-- AUTO_INCREMENT for table `dealer_details`
--
ALTER TABLE `dealer_details`
  MODIFY `id` bigint UNSIGNED NOT NULL AUTO_INCREMENT, AUTO_INCREMENT=106;

--
-- AUTO_INCREMENT for table `dyan_page_certificates`
--
ALTER TABLE `dyan_page_certificates`
  MODIFY `id` bigint UNSIGNED NOT NULL AUTO_INCREMENT;

--
-- AUTO_INCREMENT for table `dyan_page_cms`
--
ALTER TABLE `dyan_page_cms`
  MODIFY `id` bigint UNSIGNED NOT NULL AUTO_INCREMENT, AUTO_INCREMENT=2;

--
-- AUTO_INCREMENT for table `dyan_products`
--
ALTER TABLE `dyan_products`
  MODIFY `id` bigint UNSIGNED NOT NULL AUTO_INCREMENT, AUTO_INCREMENT=3;

--
-- AUTO_INCREMENT for table `dyan_product_colors`
--
ALTER TABLE `dyan_product_colors`
  MODIFY `id` bigint UNSIGNED NOT NULL AUTO_INCREMENT, AUTO_INCREMENT=7;

--
-- AUTO_INCREMENT for table `dyan_product_comfort_specifications`
--
ALTER TABLE `dyan_product_comfort_specifications`
  MODIFY `id` bigint UNSIGNED NOT NULL AUTO_INCREMENT, AUTO_INCREMENT=4;

--
-- AUTO_INCREMENT for table `dyan_product_details`
--
ALTER TABLE `dyan_product_details`
  MODIFY `id` bigint UNSIGNED NOT NULL AUTO_INCREMENT, AUTO_INCREMENT=5;

--
-- AUTO_INCREMENT for table `dyan_product_fabrics`
--
ALTER TABLE `dyan_product_fabrics`
  MODIFY `id` bigint UNSIGNED NOT NULL AUTO_INCREMENT, AUTO_INCREMENT=5;

--
-- AUTO_INCREMENT for table `dyan_product_images`
--
ALTER TABLE `dyan_product_images`
  MODIFY `id` bigint UNSIGNED NOT NULL AUTO_INCREMENT, AUTO_INCREMENT=5;

--
-- AUTO_INCREMENT for table `experience_centre_user_types`
--
ALTER TABLE `experience_centre_user_types`
  MODIFY `id` bigint UNSIGNED NOT NULL AUTO_INCREMENT, AUTO_INCREMENT=4;

--
-- AUTO_INCREMENT for table `experience_centre_visits`
--
ALTER TABLE `experience_centre_visits`
  MODIFY `id` bigint UNSIGNED NOT NULL AUTO_INCREMENT, AUTO_INCREMENT=160;

--
-- AUTO_INCREMENT for table `failed_jobs`
--
ALTER TABLE `failed_jobs`
  MODIFY `id` bigint UNSIGNED NOT NULL AUTO_INCREMENT;

--
-- AUTO_INCREMENT for table `faqs`
--
ALTER TABLE `faqs`
  MODIFY `id` bigint UNSIGNED NOT NULL AUTO_INCREMENT, AUTO_INCREMENT=22;

--
-- AUTO_INCREMENT for table `faq_cms`
--
ALTER TABLE `faq_cms`
  MODIFY `id` bigint UNSIGNED NOT NULL AUTO_INCREMENT, AUTO_INCREMENT=2;

--
-- AUTO_INCREMENT for table `features`
--
ALTER TABLE `features`
  MODIFY `id` bigint UNSIGNED NOT NULL AUTO_INCREMENT, AUTO_INCREMENT=4;

--
-- AUTO_INCREMENT for table `find_my_chair_cms`
--
ALTER TABLE `find_my_chair_cms`
  MODIFY `id` bigint UNSIGNED NOT NULL AUTO_INCREMENT, AUTO_INCREMENT=2;

--
-- AUTO_INCREMENT for table `footer_links`
--
ALTER TABLE `footer_links`
  MODIFY `id` bigint UNSIGNED NOT NULL AUTO_INCREMENT, AUTO_INCREMENT=3;

--
-- AUTO_INCREMENT for table `furniture_journeys`
--
ALTER TABLE `furniture_journeys`
  MODIFY `id` bigint UNSIGNED NOT NULL AUTO_INCREMENT;

--
-- AUTO_INCREMENT for table `home_cms`
--
ALTER TABLE `home_cms`
  MODIFY `id` bigint UNSIGNED NOT NULL AUTO_INCREMENT, AUTO_INCREMENT=2;

--
-- AUTO_INCREMENT for table `home_imaginator_backgrounds`
--
ALTER TABLE `home_imaginator_backgrounds`
  MODIFY `id` bigint UNSIGNED NOT NULL AUTO_INCREMENT, AUTO_INCREMENT=22;

--
-- AUTO_INCREMENT for table `home_imaginator_coordinates`
--
ALTER TABLE `home_imaginator_coordinates`
  MODIFY `id` bigint UNSIGNED NOT NULL AUTO_INCREMENT, AUTO_INCREMENT=6;

--
-- AUTO_INCREMENT for table `home_imaginator_objects`
--
ALTER TABLE `home_imaginator_objects`
  MODIFY `id` bigint UNSIGNED NOT NULL AUTO_INCREMENT, AUTO_INCREMENT=12;

--
-- AUTO_INCREMENT for table `home_popups`
--
ALTER TABLE `home_popups`
  MODIFY `id` bigint UNSIGNED NOT NULL AUTO_INCREMENT, AUTO_INCREMENT=2;

--
-- AUTO_INCREMENT for table `instagram_feeds`
--
ALTER TABLE `instagram_feeds`
  MODIFY `id` bigint UNSIGNED NOT NULL AUTO_INCREMENT;

--
-- AUTO_INCREMENT for table `job_types`
--
ALTER TABLE `job_types`
  MODIFY `id` bigint UNSIGNED NOT NULL AUTO_INCREMENT, AUTO_INCREMENT=8;

--
-- AUTO_INCREMENT for table `leaderships`
--
ALTER TABLE `leaderships`
  MODIFY `id` bigint UNSIGNED NOT NULL AUTO_INCREMENT, AUTO_INCREMENT=9;

--
-- AUTO_INCREMENT for table `meta_tags`
--
ALTER TABLE `meta_tags`
  MODIFY `id` bigint UNSIGNED NOT NULL AUTO_INCREMENT, AUTO_INCREMENT=16;

--
-- AUTO_INCREMENT for table `migrations`
--
ALTER TABLE `migrations`
  MODIFY `id` int UNSIGNED NOT NULL AUTO_INCREMENT, AUTO_INCREMENT=500;

--
-- AUTO_INCREMENT for table `navigation_links`
--
ALTER TABLE `navigation_links`
  MODIFY `id` bigint UNSIGNED NOT NULL AUTO_INCREMENT, AUTO_INCREMENT=8;

--
-- AUTO_INCREMENT for table `newsletter_subscriptions`
--
ALTER TABLE `newsletter_subscriptions`
  MODIFY `id` bigint UNSIGNED NOT NULL AUTO_INCREMENT, AUTO_INCREMENT=75;

--
-- AUTO_INCREMENT for table `page_banners`
--
ALTER TABLE `page_banners`
  MODIFY `id` bigint UNSIGNED NOT NULL AUTO_INCREMENT, AUTO_INCREMENT=10;

--
-- AUTO_INCREMENT for table `policies`
--
ALTER TABLE `policies`
  MODIFY `id` bigint UNSIGNED NOT NULL AUTO_INCREMENT, AUTO_INCREMENT=3;

--
-- AUTO_INCREMENT for table `product3d_model_enquiries`
--
ALTER TABLE `product3d_model_enquiries`
  MODIFY `id` bigint UNSIGNED NOT NULL AUTO_INCREMENT;

--
-- AUTO_INCREMENT for table `products`
--
ALTER TABLE `products`
  MODIFY `id` bigint UNSIGNED NOT NULL AUTO_INCREMENT, AUTO_INCREMENT=115;

--
-- AUTO_INCREMENT for table `product_availables`
--
ALTER TABLE `product_availables`
  MODIFY `id` bigint UNSIGNED NOT NULL AUTO_INCREMENT, AUTO_INCREMENT=4;

--
-- AUTO_INCREMENT for table `product_brochure_enquiries`
--
ALTER TABLE `product_brochure_enquiries`
  MODIFY `id` bigint UNSIGNED NOT NULL AUTO_INCREMENT, AUTO_INCREMENT=3006;

--
-- AUTO_INCREMENT for table `product_categories`
--
ALTER TABLE `product_categories`
  MODIFY `id` bigint UNSIGNED NOT NULL AUTO_INCREMENT, AUTO_INCREMENT=11;

--
-- AUTO_INCREMENT for table `product_characteristics`
--
ALTER TABLE `product_characteristics`
  MODIFY `id` bigint UNSIGNED NOT NULL AUTO_INCREMENT;

--
-- AUTO_INCREMENT for table `product_cms`
--
ALTER TABLE `product_cms`
  MODIFY `id` bigint UNSIGNED NOT NULL AUTO_INCREMENT, AUTO_INCREMENT=2;

--
-- AUTO_INCREMENT for table `product_colors`
--
ALTER TABLE `product_colors`
  MODIFY `id` bigint UNSIGNED NOT NULL AUTO_INCREMENT, AUTO_INCREMENT=379;

--
-- AUTO_INCREMENT for table `product_configurations`
--
ALTER TABLE `product_configurations`
  MODIFY `id` bigint UNSIGNED NOT NULL AUTO_INCREMENT, AUTO_INCREMENT=95;

--
-- AUTO_INCREMENT for table `product_finduses`
--
ALTER TABLE `product_finduses`
  MODIFY `id` bigint UNSIGNED NOT NULL AUTO_INCREMENT;

--
-- AUTO_INCREMENT for table `product_functions`
--
ALTER TABLE `product_functions`
  MODIFY `id` bigint UNSIGNED NOT NULL AUTO_INCREMENT, AUTO_INCREMENT=4;

--
-- AUTO_INCREMENT for table `product_galleries`
--
ALTER TABLE `product_galleries`
  MODIFY `id` bigint UNSIGNED NOT NULL AUTO_INCREMENT, AUTO_INCREMENT=2;

--
-- AUTO_INCREMENT for table `product_images`
--
ALTER TABLE `product_images`
  MODIFY `id` bigint UNSIGNED NOT NULL AUTO_INCREMENT, AUTO_INCREMENT=3;

--
-- AUTO_INCREMENT for table `product_information`
--
ALTER TABLE `product_information`
  MODIFY `id` bigint UNSIGNED NOT NULL AUTO_INCREMENT, AUTO_INCREMENT=5;

--
-- AUTO_INCREMENT for table `product_seating_capacities`
--
ALTER TABLE `product_seating_capacities`
  MODIFY `id` bigint UNSIGNED NOT NULL AUTO_INCREMENT, AUTO_INCREMENT=7;

--
-- AUTO_INCREMENT for table `product_seating_pivots`
--
ALTER TABLE `product_seating_pivots`
  MODIFY `id` bigint UNSIGNED NOT NULL AUTO_INCREMENT, AUTO_INCREMENT=120;

--
-- AUTO_INCREMENT for table `product_specifications`
--
ALTER TABLE `product_specifications`
  MODIFY `id` bigint UNSIGNED NOT NULL AUTO_INCREMENT, AUTO_INCREMENT=64;

--
-- AUTO_INCREMENT for table `product_specification_pivots`
--
ALTER TABLE `product_specification_pivots`
  MODIFY `id` bigint UNSIGNED NOT NULL AUTO_INCREMENT, AUTO_INCREMENT=570;

--
-- AUTO_INCREMENT for table `product_sub_categories`
--
ALTER TABLE `product_sub_categories`
  MODIFY `id` bigint UNSIGNED NOT NULL AUTO_INCREMENT, AUTO_INCREMENT=2;

--
-- AUTO_INCREMENT for table `projects`
--
ALTER TABLE `projects`
  MODIFY `id` bigint UNSIGNED NOT NULL AUTO_INCREMENT, AUTO_INCREMENT=6;

--
-- AUTO_INCREMENT for table `project_categories`
--
ALTER TABLE `project_categories`
  MODIFY `id` bigint UNSIGNED NOT NULL AUTO_INCREMENT, AUTO_INCREMENT=9;

--
-- AUTO_INCREMENT for table `project_cms`
--
ALTER TABLE `project_cms`
  MODIFY `id` bigint UNSIGNED NOT NULL AUTO_INCREMENT, AUTO_INCREMENT=2;

--
-- AUTO_INCREMENT for table `project_images`
--
ALTER TABLE `project_images`
  MODIFY `id` bigint UNSIGNED NOT NULL AUTO_INCREMENT, AUTO_INCREMENT=2;

--
-- AUTO_INCREMENT for table `questions`
--
ALTER TABLE `questions`
  MODIFY `id` bigint UNSIGNED NOT NULL AUTO_INCREMENT, AUTO_INCREMENT=9;

--
-- AUTO_INCREMENT for table `registered_offices`
--
ALTER TABLE `registered_offices`
  MODIFY `id` bigint UNSIGNED NOT NULL AUTO_INCREMENT, AUTO_INCREMENT=13;

--
-- AUTO_INCREMENT for table `resources`
--
ALTER TABLE `resources`
  MODIFY `id` bigint UNSIGNED NOT NULL AUTO_INCREMENT, AUTO_INCREMENT=10;

--
-- AUTO_INCREMENT for table `resource_categories`
--
ALTER TABLE `resource_categories`
  MODIFY `id` bigint UNSIGNED NOT NULL AUTO_INCREMENT, AUTO_INCREMENT=8;

--
-- AUTO_INCREMENT for table `resource_cms`
--
ALTER TABLE `resource_cms`
  MODIFY `id` bigint UNSIGNED NOT NULL AUTO_INCREMENT, AUTO_INCREMENT=2;

--
-- AUTO_INCREMENT for table `resource_enquiries`
--
ALTER TABLE `resource_enquiries`
  MODIFY `id` bigint UNSIGNED NOT NULL AUTO_INCREMENT, AUTO_INCREMENT=22;

--
-- AUTO_INCREMENT for table `sneak_peek_cms`
--
ALTER TABLE `sneak_peek_cms`
  MODIFY `id` bigint UNSIGNED NOT NULL AUTO_INCREMENT, AUTO_INCREMENT=2;

--
-- AUTO_INCREMENT for table `sneak_peek_locations`
--
ALTER TABLE `sneak_peek_locations`
  MODIFY `id` bigint UNSIGNED NOT NULL AUTO_INCREMENT, AUTO_INCREMENT=8;

--
-- AUTO_INCREMENT for table `sneak_peek_videos`
--
ALTER TABLE `sneak_peek_videos`
  MODIFY `id` bigint UNSIGNED NOT NULL AUTO_INCREMENT, AUTO_INCREMENT=8;

--
-- AUTO_INCREMENT for table `specialities`
--
ALTER TABLE `specialities`
  MODIFY `id` bigint UNSIGNED NOT NULL AUTO_INCREMENT, AUTO_INCREMENT=6;

--
-- AUTO_INCREMENT for table `spirit_of_wipros`
--
ALTER TABLE `spirit_of_wipros`
  MODIFY `id` bigint UNSIGNED NOT NULL AUTO_INCREMENT, AUTO_INCREMENT=2;

--
-- AUTO_INCREMENT for table `states`
--
ALTER TABLE `states`
  MODIFY `id` int UNSIGNED NOT NULL AUTO_INCREMENT, AUTO_INCREMENT=4122;

--
-- AUTO_INCREMENT for table `sustainabilities`
--
ALTER TABLE `sustainabilities`
  MODIFY `id` bigint UNSIGNED NOT NULL AUTO_INCREMENT, AUTO_INCREMENT=2;

--
-- AUTO_INCREMENT for table `sustainability_reports`
--
ALTER TABLE `sustainability_reports`
  MODIFY `id` bigint UNSIGNED NOT NULL AUTO_INCREMENT, AUTO_INCREMENT=7;

--
-- AUTO_INCREMENT for table `use_cases`
--
ALTER TABLE `use_cases`
  MODIFY `id` bigint UNSIGNED NOT NULL AUTO_INCREMENT, AUTO_INCREMENT=9;

--
-- AUTO_INCREMENT for table `use_case_products`
--
ALTER TABLE `use_case_products`
  MODIFY `id` bigint UNSIGNED NOT NULL AUTO_INCREMENT, AUTO_INCREMENT=761;

--
-- AUTO_INCREMENT for table `use_case_sub_category_pivots`
--
ALTER TABLE `use_case_sub_category_pivots`
  MODIFY `id` bigint UNSIGNED NOT NULL AUTO_INCREMENT;

--
-- AUTO_INCREMENT for table `versatile_seating_solutions`
--
ALTER TABLE `versatile_seating_solutions`
  MODIFY `id` bigint UNSIGNED NOT NULL AUTO_INCREMENT, AUTO_INCREMENT=7;

--
-- AUTO_INCREMENT for table `versatile_seating_solution_products`
--
ALTER TABLE `versatile_seating_solution_products`
  MODIFY `id` bigint UNSIGNED NOT NULL AUTO_INCREMENT, AUTO_INCREMENT=240;

--
-- Constraints for dumped tables
--

--
-- Constraints for table `answers`
--
ALTER TABLE `answers`
  ADD CONSTRAINT `answers_question_id_foreign` FOREIGN KEY (`question_id`) REFERENCES `questions` (`id`);

--
-- Constraints for table `banner_coordinates`
--
ALTER TABLE `banner_coordinates`
  ADD CONSTRAINT `banner_coordinates_banner_id_foreign` FOREIGN KEY (`banner_id`) REFERENCES `banners` (`id`);

--
-- Constraints for table `careers`
--
ALTER TABLE `careers`
  ADD CONSTRAINT `careers_job_type_id_foreign` FOREIGN KEY (`job_type_id`) REFERENCES `job_types` (`id`);

--
-- Constraints for table `career_enquiries`
--
ALTER TABLE `career_enquiries`
  ADD CONSTRAINT `career_enquiries_career_id_foreign` FOREIGN KEY (`career_id`) REFERENCES `careers` (`id`);

--
-- Constraints for table `collection_imaginator_backgrounds`
--
ALTER TABLE `collection_imaginator_backgrounds`
  ADD CONSTRAINT `collection_imaginator_backgrounds_imaginator_chair_id_foreign` FOREIGN KEY (`imaginator_chair_id`) REFERENCES `collection_imaginator_chairs` (`id`);

--
-- Constraints for table `dyan_product_colors`
--
ALTER TABLE `dyan_product_colors`
  ADD CONSTRAINT `dyan_product_colors_dyan_product_id_foreign` FOREIGN KEY (`dyan_product_id`) REFERENCES `dyan_products` (`id`) ON DELETE SET NULL;

--
-- Constraints for table `dyan_product_comfort_specifications`
--
ALTER TABLE `dyan_product_comfort_specifications`
  ADD CONSTRAINT `dyan_product_comfort_specifications_dyan_product_id_foreign` FOREIGN KEY (`dyan_product_id`) REFERENCES `dyan_products` (`id`) ON DELETE SET NULL;

--
-- Constraints for table `dyan_product_details`
--
ALTER TABLE `dyan_product_details`
  ADD CONSTRAINT `dyan_product_details_dyan_product_id_foreign` FOREIGN KEY (`dyan_product_id`) REFERENCES `dyan_products` (`id`) ON DELETE SET NULL;

--
-- Constraints for table `dyan_product_fabrics`
--
ALTER TABLE `dyan_product_fabrics`
  ADD CONSTRAINT `dyan_product_fabrics_dyan_product_id_foreign` FOREIGN KEY (`dyan_product_id`) REFERENCES `dyan_products` (`id`) ON DELETE SET NULL;

--
-- Constraints for table `dyan_product_images`
--
ALTER TABLE `dyan_product_images`
  ADD CONSTRAINT `dyan_product_images_dyan_product_id_foreign` FOREIGN KEY (`dyan_product_id`) REFERENCES `dyan_products` (`id`) ON DELETE SET NULL;

--
-- Constraints for table `home_imaginator_backgrounds`
--
ALTER TABLE `home_imaginator_backgrounds`
  ADD CONSTRAINT `home_imaginator_backgrounds_home_imaginator_object_id_foreign` FOREIGN KEY (`home_imaginator_object_id`) REFERENCES `home_imaginator_objects` (`id`);

--
-- Constraints for table `home_imaginator_coordinates`
--
ALTER TABLE `home_imaginator_coordinates`
  ADD CONSTRAINT `home_imaginator_coordinates_home_imaginator_object_id_foreign` FOREIGN KEY (`home_imaginator_object_id`) REFERENCES `home_imaginator_objects` (`id`);

--
-- Constraints for table `product_information`
--
ALTER TABLE `product_information`
  ADD CONSTRAINT `product_information_dyan_product_id_foreign` FOREIGN KEY (`dyan_product_id`) REFERENCES `dyan_products` (`id`) ON DELETE SET NULL;

--
-- Constraints for table `projects`
--
ALTER TABLE `projects`
  ADD CONSTRAINT `projects_project_category_id_foreign` FOREIGN KEY (`project_category_id`) REFERENCES `project_categories` (`id`);

--
-- Constraints for table `resources`
--
ALTER TABLE `resources`
  ADD CONSTRAINT `resources_resource_category_id_foreign` FOREIGN KEY (`resource_category_id`) REFERENCES `resource_categories` (`id`);

--
-- Constraints for table `resource_enquiries`
--
ALTER TABLE `resource_enquiries`
  ADD CONSTRAINT `resource_enquiries_resource_id_foreign` FOREIGN KEY (`resource_id`) REFERENCES `resources` (`id`);

--
-- Constraints for table `sneak_peek_videos`
--
ALTER TABLE `sneak_peek_videos`
  ADD CONSTRAINT `sneak_peek_videos_sneak_peek_location_id_foreign` FOREIGN KEY (`sneak_peek_location_id`) REFERENCES `sneak_peek_locations` (`id`);
COMMIT;

